000
CDUS43 KLOT 260633
CLIVPZ


CLIMATE REPORT
NATIONAL WEATHER SERVICE CHICAGO IL
132 AM CDT THU APR 26 2018


...................................

...THE VALPARAISO CLIMATE SUMMARY FOR APRIL 25 2018...

CLIMATE NORMAL PERIOD 1981 TO 2010
CLIMATE RECORD PERIOD 1998 TO 2018


WEATHER ITEM   OBSERVED TIME   RECORD YEAR NORMAL DEPARTURE LAST
                VALUE   (LST)  VALUE       VALUE  FROM      YEAR
                                                  NORMAL
..................................................................
TEMPERATURE (F)
 YESTERDAY
  MAXIMUM         53    337 PM  82    2008  64    -11       79
  MINIMUM         38   1159 PM  33    2005  42     -4       47
                                      1999
  AVERAGE         46                        53     -7       63

PRECIPITATION (IN)
  YESTERDAY        0.00          1.87 2007   0.13  -0.13      T
  MONTH TO DATE    1.27                      2.78  -1.51     3.34
  SINCE MAR 1      2.28                      5.26  -2.98     6.39
  SINCE JAN 1      8.30                      8.43  -0.13     9.83

DEGREE DAYS
 HEATING
  YESTERDAY       19                        13      6        2
  MONTH TO DATE  572                       423    149      275
  SINCE MAR 1   1428                      1268    160     1057
  SINCE JUL 1   5730                      6000   -270     4771

 COOLING
  YESTERDAY        0                         0      0        0
  MONTH TO DATE    0                         0      0        6
  SINCE MAR 1      0                         0      0        6
  SINCE JAN 1      0                         0      0        6
..................................................................


WIND (MPH)
  RESULTANT WIND SPEED  10   RESULTANT WIND DIRECTION   N (350)
  HIGHEST WIND SPEED    20   HIGHEST WIND DIRECTION     N (360)
  HIGHEST GUST SPEED    26   HIGHEST GUST DIRECTION     N (360)
  AVERAGE WIND SPEED    10.5



WEATHER CONDITIONS
 THE FOLLOWING WEATHER WAS RECORDED YESTERDAY.
  FOG


..........................................................


THE VALPARAISO CLIMATE NORMALS FOR TODAY
                         NORMAL    RECORD    YEAR
 MAXIMUM TEMPERATURE (F)   64        83      2009
 MINIMUM TEMPERATURE (F)   42        32      2013


SUNRISE AND SUNSET
APRIL 26 2018.........SUNRISE   552 AM CDT   SUNSET   740 PM CDT
APRIL 27 2018.........SUNRISE   551 AM CDT   SUNSET   741 PM CDT


-  INDICATES NEGATIVE NUMBERS.
R  INDICATES RECORD WAS SET OR TIED.
MM INDICATES DATA IS MISSING.
T  INDICATES TRACE AMOUNT.




$$
