000
CDUS43 KLBF 250945
CLIVTN


CLIMATE REPORT
NATIONAL WEATHER SERVICE NORTH PLATTE
443 AM CDT FRI MAY 25 2018


...................................

...THE VALENTINE NE CLIMATE SUMMARY FOR MAY 24 2018...

CLIMATE NORMAL PERIOD 1981 TO 2010
CLIMATE RECORD PERIOD 1885 TO 2018


WEATHER ITEM   OBSERVED TIME   RECORD YEAR NORMAL DEPARTURE LAST
                VALUE   (LST)  VALUE       VALUE  FROM      YEAR
                                                  NORMAL
..................................................................
TEMPERATURE (F)
 YESTERDAY
  MAXIMUM         90    423 PM  96    1967  73     17       73
                                      1926
  MINIMUM         62   1159 PM  25    2002  47     15       31
  AVERAGE         76                        60     16       52

PRECIPITATION (IN)
  YESTERDAY        0.15          1.56 1916   0.11   0.04     0.00
  MONTH TO DATE    3.80                      2.35   1.45     4.98
  SINCE MAR 1      7.16                      5.64   1.52     7.10
  SINCE JAN 1      8.43                      6.38   2.05     9.17

SNOWFALL (IN)
  YESTERDAY        0.0           0.0    MM   0.0    0.0      0.0
  MONTH TO DATE    0.0                       0.1   -0.1      0.0
  SINCE MAR 1     25.8                      11.2   14.6      2.7
  SINCE JUL 1     45.5                      33.3   12.2     44.5
  SNOW DEPTH       0

DEGREE DAYS
 HEATING
  YESTERDAY        0                         6     -6       13
  MONTH TO DATE  115                       225   -110      216
  SINCE MAR 1   1717                      1672     45     1436
  SINCE JUL 1   6810                      6908    -98     6195

 COOLING
  YESTERDAY       11                         1     10        0
  MONTH TO DATE   48                        21     27       21
  SINCE MAR 1     51                        25     26       23
  SINCE JAN 1     51                        25     26       23
..................................................................


WIND (MPH)
  HIGHEST WIND SPEED    23   HIGHEST WIND DIRECTION     E (80)
  HIGHEST GUST SPEED    29   HIGHEST GUST DIRECTION     E (70)
  AVERAGE WIND SPEED     7.8


SKY COVER
  POSSIBLE SUNSHINE  MM
  AVERAGE SKY COVER 0.2


WEATHER CONDITIONS
 THE FOLLOWING WEATHER WAS RECORDED YESTERDAY.
  RAIN
  LIGHT RAIN
  FOG


RELATIVE HUMIDITY (PERCENT)
 HIGHEST    90           100 AM
 LOWEST     24           400 PM
 AVERAGE    57

..........................................................


THE VALENTINE NE CLIMATE NORMALS FOR TODAY
                         NORMAL    RECORD    YEAR
 MAXIMUM TEMPERATURE (F)   74        97      1985
 MINIMUM TEMPERATURE (F)   47        32      1910


SUNRISE AND SUNSET
MAY 25 2018...........SUNRISE   611 AM CDT   SUNSET   908 PM CDT
MAY 26 2018...........SUNRISE   610 AM CDT   SUNSET   909 PM CDT


-  INDICATES NEGATIVE NUMBERS.
R  INDICATES RECORD WAS SET OR TIED.
MM INDICATES DATA IS MISSING.
T  INDICATES TRACE AMOUNT.




$$
