000
CDUS46 KPQR 222321
CLIVUO


CLIMATE REPORT
NATIONAL WEATHER SERVICE PORTLAND OREGON
421 PM PDT SUN APR 22 2018


...................................

...THE VANCOUVER WA CLIMATE SUMMARY FOR APRIL 22 2018...
VALID TODAY AS OF 0400 PM LOCAL TIME.

CLIMATE NORMAL PERIOD 1981 TO 2010
CLIMATE RECORD PERIOD 1891 TO 2018


WEATHER ITEM   OBSERVED TIME   RECORD YEAR NORMAL DEPARTURE LAST
                VALUE   (LST)  VALUE       VALUE  FROM      YEAR
                                                  NORMAL
..................................................................
TEMPERATURE (F)
 TODAY
  MAXIMUM         64    259 PM  84    1910  63      1       63
  MINIMUM         41    454 AM  26    1972  43     -2       50
  AVERAGE         53                        53      0       57

PRECIPITATION (IN)
  TODAY            0.00                      0.10  -0.10     0.16
  MONTH TO DATE    3.15                      2.28   0.87     2.75
  SINCE OCT 1     27.63                     31.13  -3.50    44.35
  SINCE JAN 1     13.44                     15.38  -1.94    24.49

DEGREE DAYS
 HEATING
  TODAY           12                                         8
  MONTH TO DATE  311                                       296
  SINCE MAR 1    888                                       819
  SINCE JUL 1   3921                                      4119

 COOLING
  TODAY            0                                         0
  MONTH TO DATE    0                                         0
  SINCE MAR 1      0                                         0
  SINCE JAN 1      0                                         0
..................................................................


WIND (MPH)
  HIGHEST WIND SPEED    15   HIGHEST WIND DIRECTION     W (290)
  HIGHEST GUST SPEED    18   HIGHEST GUST DIRECTION     W (290)
  AVERAGE WIND SPEED     4.8


SKY COVER
  POSSIBLE SUNSHINE  MM
  AVERAGE SKY COVER 0.0


WEATHER CONDITIONS
 THE FOLLOWING WEATHER WAS RECORDED TODAY.
  NO SIGNIFICANT WEATHER WAS OBSERVED.


RELATIVE HUMIDITY (PERCENT)
 HIGHEST    86           500 AM
 LOWEST     34           300 PM
 AVERAGE    60

..........................................................


THE VANCOUVER WA CLIMATE NORMALS FOR TOMORROW
                         NORMAL    RECORD    YEAR
 MAXIMUM TEMPERATURE (F)   63        90      1910
 MINIMUM TEMPERATURE (F)   43        30      1992


SUNRISE AND SUNSET
APRIL 22 2018.........SUNRISE   613 AM PDT   SUNSET   806 PM PDT
APRIL 23 2018.........SUNRISE   611 AM PDT   SUNSET   808 PM PDT


-  INDICATES NEGATIVE NUMBERS.
R  INDICATES RECORD WAS SET OR TIED.
MM INDICATES DATA IS MISSING.
T  INDICATES TRACE AMOUNT.




$$
