000
CDUS41 KPBZ 240702
CLIZZV


CLIMATE REPORT
NATIONAL WEATHER SERVICE PITTSBURGH PA
301 AM EDT THU MAY 24 2018


...................................

...THE ZANESVILLE OH CLIMATE SUMMARY FOR MAY 23 2018...

CLIMATE NORMAL PERIOD 1981 TO 2010
CLIMATE RECORD PERIOD 1895 TO 2018


WEATHER ITEM   OBSERVED TIME   RECORD YEAR NORMAL DEPARTURE LAST
                VALUE   (LST)  VALUE       VALUE  FROM      YEAR
                                                  NORMAL
..................................................................
TEMPERATURE (F)
 YESTERDAY
  MAXIMUM         75    606 PM  92    1941  74      1       75
                                      1939
  MINIMUM         57   1159 PM  32    1963  51      6       49
  AVERAGE         66                        62      4       62

PRECIPITATION (IN)
  YESTERDAY        0.00          1.87 1968   0.14  -0.14     0.00
  MONTH TO DATE    3.00                      3.05  -0.05     3.02
  SINCE JUN 1     42.27                     36.72   5.55    35.17
  SINCE JAN 1     19.41                     14.32   5.09    16.55

DEGREE DAYS
 HEATING
  YESTERDAY        0                         4     -4        3
  MONTH TO DATE   17                       153   -136      139
  SINCE MAR 1   1410                      1319     91     1072
  SINCE JUL 1   5359                      5510   -151     4424

 COOLING
  YESTERDAY        1                         2     -1        0
  MONTH TO DATE   99                        26     73       32
  SINCE MAR 1    109                        35     74       63
  SINCE JAN 1    114                        35     79       64
..................................................................


WIND (MPH)
  HIGHEST WIND SPEED    14   HIGHEST WIND DIRECTION     N (10)
  HIGHEST GUST SPEED    17   HIGHEST GUST DIRECTION     N (10)
  AVERAGE WIND SPEED     4.4


SKY COVER
  POSSIBLE SUNSHINE  MM
  AVERAGE SKY COVER 0.4


WEATHER CONDITIONS
 THE FOLLOWING WEATHER WAS RECORDED YESTERDAY.
  FOG


RELATIVE HUMIDITY (PERCENT)
 HIGHEST    97           400 AM
 LOWEST     46           600 PM
 AVERAGE    72

..........................................................


THE ZANESVILLE OH CLIMATE NORMALS FOR TODAY
                         NORMAL    RECORD    YEAR
 MAXIMUM TEMPERATURE (F)   74        89      1944
 MINIMUM TEMPERATURE (F)   51        32      1956


SUNRISE AND SUNSET
MAY 24 2018...........SUNRISE   605 AM EDT   SUNSET   844 PM EDT
MAY 25 2018...........SUNRISE   605 AM EDT   SUNSET   845 PM EDT


-  INDICATES NEGATIVE NUMBERS.
R  INDICATES RECORD WAS SET OR TIED.
MM INDICATES DATA IS MISSING.
T  INDICATES TRACE AMOUNT.




$$
