000
CXUS54 KSJT 081602 CCA
CLMABI

CLIMATE REPORT...CORRECTION
NATIONAL WEATHER SERVICE SAN ANGELO TX
1216 PM CDT TUE MAY 1 2018

...................................

...THE ABILENE CLIMATE SUMMARY FOR THE MONTH OF APRIL 2018...

CLIMATE NORMAL PERIOD 1981 TO 2010
CLIMATE RECORD PERIOD 1886 TO 2018

WEATHER         OBSERVED          NORMAL  DEPART  LAST YEAR`S
                 VALUE   DATE(S)  VALUE   FROM    VALUE  DATE(S)
                                          NORMAL
................................................................
TEMPERATURE (F)
RECORD
 HIGH             104   04/25/2012
 LOW               25   04/09/1973
                        04/05/1886
HIGHEST            94   04/12        MM      MM       95  04/25
LOWEST             28   04/07        MM      MM       39  04/06
AVG. MAXIMUM     76.4              77.3    -0.9     77.6
AVG. MINIMUM     45.6              51.9    -6.3     53.2
MEAN             61.0              64.6    -3.6     65.4
DAYS MAX >= 90      2               2.1    -0.1        2
DAYS MAX <= 32      0               0.0     0.0        0
DAYS MIN <= 32      3               0.3     2.7        0
DAYS MIN <= 0       0               0.0     0.0        0

PRECIPITATION (INCHES)
RECORD
 MAXIMUM         9.80   1890
 MINIMUM         0.00   2012
TOTALS           0.30              1.64   -1.34     1.34
DAILY AVG.       0.01              0.05   -0.04     0.04
DAYS >= .01         3               5.0    -2.0        5
DAYS >= .10         2               3.1    -1.1        1
DAYS >= .50         0               1.1    -1.1        1
DAYS >= 1.00        0               0.5    -0.5        1
GREATEST
 24 HR. TOTAL    0.16   04/24 TO 04/24

SNOWFALL (INCHES)
RECORDS
 TOTAL            9.3   1996
                        0
                        0
TOTALS            0.0               0.3    -0.3      0.0
SINCE 7/1         0.5               4.7    -4.2        T
SNOWDEPTH AVG.      0                MM      MM        0
DAYS >= 1.0         0               0.0     0.0        0
GREATEST
 SNOW DEPTH         0   MM                             0  MM
 24 HR TOTAL      0.0   04/30

DEGREE_DAYS
HEATING TOTAL     171               111      60       83
 SINCE 7/1       2583              2542      41     1810
COOLING TOTAL      59                99     -40      104
 SINCE 1/1        117               133     -16      219
.................................................................

WIND (MPH)
AVERAGE WIND SPEED              13.1
HIGHEST WIND SPEED/DIRECTION    38/300    DATE  04/13
HIGHEST GUST SPEED/DIRECTION    50/290    DATE  04/13

SKY COVER
AVERAGE SKY COVER           0.20

AVERAGE RH (PERCENT)     55

WEATHER CONDITIONS. NUMBER OF DAYS WITH
THUNDERSTORM              2     MIXED PRECIP               0
HEAVY RAIN                0     RAIN                       2
LIGHT RAIN                3     FREEZING RAIN              0
LT FREEZING RAIN          0     HAIL                       0
HEAVY SNOW                0     SNOW                       0
LIGHT SNOW                0     SLEET                      0
FOG                       6     FOG W/VIS <= 1/4 MILE      0
HAZE                      3

-  INDICATES NEGATIVE NUMBERS.
R  INDICATES RECORD WAS SET OR TIED.
MM INDICATES DATA IS MISSING.
T  INDICATES TRACE AMOUNT.

$$
