000
CXUS52 KTAE 011520
CLMABY
CLIMATE REPORT
NATIONAL WEATHER SERVICE TALLAHASSEE FL
1120 AM EDT MON APR 01 2024
...................................
...THE ALBANY CLIMATE SUMMARY FOR THE MONTH OF MARCH 2024...
CLIMATE NORMAL PERIOD 1991 TO 2020
CLIMATE RECORD PERIOD 1930 TO 2024
WEATHER OBSERVED NORMAL DEPART LAST YEAR`S
VALUE DATE(S) VALUE FROM VALUE DATE(S)
NORMAL
................................................................
TEMPERATURE (F)
RECORD
HIGH 93 MM
LOW 26 03/06/2010
HIGHEST 83 03/15 MM MM 86 03/26
LOWEST 36 03/19 MM MM 29 03/20
03/20
AVG. MAXIMUM 72.9 72.6 0.3 74.5
AVG. MINIMUM 50.5 48.1 2.4 50.7
MEAN 61.7 60.3 1.4 62.6
DAYS MAX >= 90 0 0.2 -0.2 0
DAYS MAX <= 32 0 0.0 0.0 0
DAYS MIN <= 32 0 1.9 -1.9 3
DAYS MIN <= 0 0 0.0 0.0 0
PRECIPITATION (INCHES)
RECORD
MAXIMUM 7.61 2024
MINIMUM 2.60 2023
TOTALS 7.61R 4.38 3.23 2.60
SNOWFALL (INCHES)
TOTALS 0.0
DEGREE DAYS
HEATING TOTAL 125 187 -62 146
SINCE 7/1 1564 1624 -60 MM
COOLING TOTAL 29 43 -14 80
SINCE 1/1 49 64 -15 MM
................................................................
WIND (MPH)
AVERAGE WIND SPEED 6.1
HIGHEST WIND SPEED/DIRECTION 28/160 DATE 03/26
HIGHEST GUST SPEED/DIRECTION 37/160 DATE 03/26
SKY COVER
POSSIBLE SUNSHINE (PERCENT) MM
AVERAGE SKY COVER 0.38
NUMBER OF DAYS FAIR 16
NUMBER OF DAYS PC 8
NUMBER OF DAYS CLOUDY 7
AVERAGE RH (PERCENT) 67
WEATHER CONDITIONS. NUMBER OF DAYS WITH
THUNDERSTORM 3 MIXED PRECIP 0
HEAVY RAIN 5 RAIN 8
LIGHT RAIN 12 FREEZING RAIN 0
LT FREEZING RAIN 0 HAIL 0
HEAVY SNOW 0 SNOW 0
LIGHT SNOW 0 SLEET 0
FOG 16 FOG W/VIS <= 1/4 MILE 4
HAZE 8
- INDICATES NEGATIVE NUMBERS.
R INDICATES RECORD WAS SET OR TIED.
MM INDICATES DATA IS MISSING.
T INDICATES TRACE AMOUNT.
$$