000
CXUS51 KCTP 011919
CLMBFD

PHLCLMBFD 000
TTAA00 KCTP 011042


CLIMATE REPORT
NATIONAL WEATHER SERVICE STATE COLLEGE PA
320 PM EDT SUN APR 1 2018

...................................

...THE BRADFORD CLIMATE SUMMARY FOR THE MONTH OF MARCH 2018...

CLIMATE NORMAL PERIOD 1981 TO 2010
CLIMATE RECORD PERIOD 1957 TO 2018

WEATHER         OBSERVED          NORMAL  DEPART  LAST YEAR`S
                 VALUE   DATE(S)  VALUE   FROM    VALUE  DATE(S)
                                          NORMAL
................................................................
TEMPERATURE (F)
RECORD
 HIGH              78   03/23/2012
                        03/31/1998
                        03/30/1986
 LOW              -21   03/02/1980
HIGHEST            58   03/29                         65  03/24
LOWEST              8   03/17                         -8  03/05
                        03/05
AVG. MAXIMUM     35.9              41.5    -5.6     38.8
AVG. MINIMUM     20.5              21.6    -1.1     21.9
MEAN             28.2              31.5    -3.3     30.4
DAYS MAX >= 90      0                MM      MM        0
DAYS MAX <= 32     11                MM      MM       10
DAYS MIN <= 32     28                MM      MM       21
DAYS MIN <= 0       0                MM      MM        2

PRECIPITATION (INCHES)
RECORD
 MAXIMUM         6.72   1994
 MINIMUM         0.50   1999
TOTALS           2.38              3.37   -0.99     3.74
DAILY AVG.       0.08              0.11   -0.03     0.12
DAYS >= .01        14                MM      MM       19
DAYS >= .10         5                MM      MM        8
DAYS >= .50         2                MM      MM        2
DAYS >= 1.00        0                MM      MM        1
GREATEST
 24 HR. TOTAL    0.94   03/01 TO 03/01

DEGREE_DAYS
HEATING TOTAL    1135              1037      98     1067
 SINCE 7/1       6231              6607    -376     5650
COOLING TOTAL       0                 0       0        0
 SINCE 1/1          0                 0       0        0
.................................................................

WIND (MPH)
AVERAGE WIND SPEED              9.3
HIGHEST WIND SPEED/DIRECTION    31/320    DATE  03/02
HIGHEST GUST SPEED/DIRECTION    42/340    DATE  03/02

SKY COVER
POSSIBLE SUNSHINE (PERCENT)   MM
AVERAGE SKY COVER           0.60
NUMBER OF DAYS FAIR           10
NUMBER OF DAYS PC              7
NUMBER OF DAYS CLOUDY         14

AVERAGE RH (PERCENT)     70

WEATHER CONDITIONS. NUMBER OF DAYS WITH
THUNDERSTORM              0     MIXED PRECIP               0
HEAVY RAIN                0     RAIN                       1
LIGHT RAIN                6     FREEZING RAIN              0
LT FREEZING RAIN          1     HAIL                       0
HEAVY SNOW                3     SNOW                       9
LIGHT SNOW               13     SLEET                      0
FOG                      16     FOG W/VIS <= 1/4 MILE      6
HAZE                     10

-  INDICATES NEGATIVE NUMBERS.
R  INDICATES RECORD WAS SET OR TIED.
MM INDICATES DATA IS MISSING.
T  INDICATES TRACE AMOUNT.

$$
