000
CXUS55 KVEF 031005
CLMBIH
CLIMATE REPORT
NATIONAL WEATHER SERVICE LAS VEGAS, NV
305 AM PDT WED APR 03 2024
...................................
...THE BISHOP CA CLIMATE SUMMARY FOR THE MONTH OF MARCH 2024...
CLIMATE NORMAL PERIOD: 1991 TO 2020
CLIMATE RECORD PERIOD: 1943 TO 2024
WEATHER OBSERVED NORMAL DEPART LAST YEAR`S
VALUE DATE(S) VALUE FROM VALUE DATE(S)
NORMAL
................................................................
TEMPERATURE (F)
RECORD
HIGH 87 03/31/1966
LOW 9 03/01/2007
03/02/1971
03/01/1969
HIGHEST 76 03/20 64 03/13
03/21
LOWEST 22 03/09 17 03/02
03/27
AVG. MAXIMUM 63.5 67.1 -3.6 53.7
AVG. MINIMUM 32.1 31.3 0.8 27.9
MEAN 47.8 49.2 -1.4 40.8
DAYS MAX >= 90 0 0.0 0.0 0
DAYS MAX <= 32 0 0.0 0.0 0
DAYS MIN <= 32 17 17.8 -0.8 23
DAYS MIN <= 0 0 0.0 0.0 0
PRECIPITATION (INCHES)
RECORD
MAXIMUM 3.96 2023
MINIMUM 0.00 2008
TOTALS 0.35 0.55 -0.20 3.96
DAILY AVG. 0.01 0.02 -0.01 0.13
DAYS >= .01 4 2.9 1.1 9
DAYS >= .10 1 1.3 -0.3 6
DAYS >= .50 0 0.3 -0.3 2
DAYS >= 1.00 0 0.1 -0.1 1
GREATEST
24 HR. TOTAL 0.27 03/01 TO 03/02
SNOWFALL (INCHES)
RECORDS
TOTAL 14.5 1952
24 HR TOTAL 7.5
TOTALS T MM MM 2.5
SINCE 7/1 T
SNOWDEPTH AVG. 0
DAYS >= TRACE 1
DAYS >= 1.0 0
GREATEST
SNOW DEPTH 0
24 HR TOTAL T 03/06 TO 03/06
STORM TOTAL 0.0
DEGREE DAYS
HEATING TOTAL 525 490 35 743
SINCE 7/1 3433 3573 -140 MM
COOLING TOTAL 0 0 0 0
SINCE 1/1 0 0 0 MM
FREEZE DATES
RECORD
EARLIEST 09/11/1952
LATEST 06/16/1944
EARLIEST 10/27
LATEST 05/08
................................................................
WIND (MPH)
AVERAGE WIND SPEED 8.7
HIGHEST WIND SPEED/DIRECTION 33/140 DATE 03/30
HIGHEST GUST SPEED/DIRECTION 48/260 DATE 03/28
SKY COVER
POSSIBLE SUNSHINE (PERCENT) MM
AVERAGE SKY COVER 0.24
NUMBER OF DAYS FAIR 23
NUMBER OF DAYS PC 5
NUMBER OF DAYS CLOUDY 2
AVERAGE RH (PERCENT) 45
WEATHER CONDITIONS. NUMBER OF DAYS WITH
THUNDERSTORM 0 MIXED PRECIP 0
HEAVY RAIN 0 RAIN 1
LIGHT RAIN 9 FREEZING RAIN 0
LT FREEZING RAIN 0 HAIL 0
HEAVY SNOW 0 SNOW 0
LIGHT SNOW 0 SLEET 0
FOG 1 FOG W/VIS <= 1/4 MILE 0
HAZE 0
- INDICATES NEGATIVE NUMBERS.
R INDICATES RECORD WAS SET OR TIED.
MM INDICATES DATA IS MISSING.
T INDICATES TRACE AMOUNT.
$$