000
CXUS53 KTOP 011519
CLMCNK
CLIMATE REPORT
NATIONAL WEATHER SERVICE TOPEKA KS
919 AM CST FRI MAR 01 2024
...................................
...THE CONCORDIA KS CLIMATE SUMMARY FOR THE MONTH OF FEBRUARY 2024...
CLIMATE NORMAL PERIOD 1991 TO 2020
CLIMATE RECORD PERIOD 1885 TO 2024
WEATHER OBSERVED NORMAL DEPART LAST YEAR`S
VALUE DATE(S) VALUE FROM VALUE
NORMAL
..............................................................
TEMPERATURE (F)
RECORD
HIGH 83 02/26/2024
LOW -25 02/12/1899
HIGHEST 83R 02/26 48 35 65
LOWEST 10 02/17 19 -9 4
AVG. MAXIMUM 57.1 43.5 13.6 49.8
AVG. MINIMUM 31.1 22.1 9.0 23.4
MEAN 44.1 32.8 11.3 36.6
DAYS MAX >= 90 0 0.0 0.0 0
DAYS MAX <= 32 0 6.7 -6.7 3
DAYS MIN <= 32 16 23.2 -7.2 24
DAYS MIN <= 0 0 0.9 -0.9 0
PRECIPITATION (INCHES)
RECORD
MAXIMUM 3.19 1911
MINIMUM 0.00 1996
TOTALS 1.07 0.86 0.21 0.59
DAILY AVG. 0.04 NAN NAN 0.02
DAYS >= .01 3 5.2 -2.2 4
DAYS >= .10 2 2.2 -0.2 3
DAYS >= .50 1 0.4 0.6 0
DAYS >= 1.00 0 0.1 -0.1 0
GREATEST
24 HR. TOTAL 1.00 02/03 TO 02/04 0.36
SNOWFALL (INCHES)
RECORDS
TOTAL 22.0 1960
TOTALS MM 5.2 MM MM
SINCE 7/1 MM 17.3 MM MM
SNOWDEPTH AVG. MM MM
DAYS >= 1.0 MM 1.5 MM MM
GREATEST
SNOW DEPTH MM MM
24 HR TOTAL MM MM
DEGREE DAYS
HEATING TOTAL 596 902 -306 789
SINCE 7/1 3406 4187 -781 MM
COOLING TOTAL 0 0 0 0
SINCE 1/1 0 0 0 MM
..............................................................
WIND (MPH)
AVERAGE WIND SPEED 10.5
HIGHEST WIND SPEED/DIRECTION 36/350 DATE 02/27
HIGHEST GUST SPEED/DIRECTION 52/170 DATE 02/07
SKY COVER
POSSIBLE SUNSHINE (PERCENT) MM
AVERAGE SKY COVER 0.23
NUMBER OF DAYS FAIR 21
NUMBER OF DAYS PC 5
NUMBER OF DAYS CLOUDY 3
AVERAGE RH (PERCENT) 60
WEATHER CONDITIONS. NUMBER OF DAYS WITH
THUNDERSTORM 0 MIXED PRECIP 0
HEAVY RAIN 1 RAIN 1
LIGHT RAIN 3 FREEZING RAIN 0
LT FREEZING RAIN 0 HAIL 0
HEAVY SNOW 0 SNOW 0
LIGHT SNOW 2 SLEET 0
FOG 5 FOG W/VIS <= 1/4 MILE 2
HAZE 2
- INDICATES NEGATIVE NUMBERS.
R INDICATES RECORD WAS SET OR TIED.
MM INDICATES DATA IS MISSING.
T INDICATES TRACE AMOUNT.
$$