679
CXUS53 KEAX 030328
CLMDMO

CLIMATE REPORT
NATIONAL WEATHER SERVICE KANSAS CITY/PLEASANT HILL MO
1021 PM CDT MON APR 2 2018

...................................

...THE SEDALIA CLIMATE SUMMARY FOR THE MONTH OF MARCH 2018...

CLIMATE NORMAL PERIOD 1981 TO 2010
CLIMATE RECORD PERIOD 9999 TO 9999

WEATHER         OBSERVED          NORMAL  DEPART  LAST YEAR`S
                 VALUE   DATE(S)  VALUE   FROM    VALUE  DATE(S)
                                          NORMAL
................................................................
TEMPERATURE (F)
HIGHEST            75   03/15        79      -4       86  03/20
LOWEST             23   03/14        15       8       17  03/15
AVG. MAXIMUM     53.9              56.7    -2.8     59.8
AVG. MINIMUM     35.9              35.8     0.1     40.9
MEAN             44.9              46.2    -1.3     50.3
DAYS MAX >= 90      0               0.0     0.0        0
DAYS MAX <= 32      0               0.9    -0.9        0
DAYS MIN <= 32     10              16.3    -6.3        8
DAYS MIN <= 0       0               0.0     0.0        0

PRECIPITATION (INCHES)
TOTALS           2.64              2.61    0.03     3.30
DAILY AVG.       0.09              0.08    0.01     0.11
DAYS >= .01        12               9.1     2.9       12
DAYS >= .10         6               5.8     0.2        6
DAYS >= .50         2               1.8     0.2        2
DAYS >= 1.00        1               0.3     0.7        1
GREATEST
 24 HR. TOTAL    1.22   03/19 TO 03/19

DEGREE_DAYS
HEATING TOTAL     615               585      30      454
 SINCE 7/1       4145              4202     -57     3337
COOLING TOTAL       0                 3      -3        8
 SINCE 1/1          0                 3      -3        8
.................................................................

WIND (MPH)
AVERAGE WIND SPEED              11.0
HIGHEST WIND SPEED/DIRECTION    35/280    DATE  03/06
HIGHEST GUST SPEED/DIRECTION    46/290    DATE  03/06

SKY COVER
POSSIBLE SUNSHINE (PERCENT)   MM
AVERAGE SKY COVER           0.60
NUMBER OF DAYS FAIR            8
NUMBER OF DAYS PC             12
NUMBER OF DAYS CLOUDY         11

AVERAGE RH (PERCENT)     71

WEATHER CONDITIONS. NUMBER OF DAYS WITH
  0
  6
  0
  0
  0
  0
  0
HAZE                      0

-  INDICATES NEGATIVE NUMBERS.
R  INDICATES RECORD WAS SET OR TIED.
MM INDICATES DATA IS MISSING.
T  INDICATES TRACE AMOUNT.

$$
