000
CXUS51 KPHI 021413 CCA
CLMGED

CLIMATE REPORT
NATIONAL WEATHER SERVICE MOUNT HOLLY NJ
1056 AM EDT SUN APR 1 2018

...................................

...THE GEORGETOWN DE CLIMATE SUMMARY FOR THE MONTH OF MARCH 2018...

CLIMATE NORMAL PERIOD 1981 TO 2010
CLIMATE RECORD PERIOD 1948 TO 2018

WEATHER         OBSERVED          NORMAL  DEPART  LAST YEAR`S
                 VALUE   DATE(S)  VALUE   FROM    VALUE
                                          NORMAL
.............................................................
TEMPERATURE (F)
RECORD
 HIGH              87   03/15/1990
 LOW                3   03/12/1960
                        03/07/1960
HIGHEST            80                MM      MM       79
LOWEST             25                MM      MM       19
AVG. MAXIMUM     50.7              54.4    -3.7     54.9
AVG. MINIMUM     33.1              34.9    -1.8     35.0
MEAN             41.9              44.7    -2.8     45.0
DAYS MAX >= 90      0               0.0     0.0        0
DAYS MAX <= 32      0               0.5    -0.5        1
DAYS MIN <= 32     17              12.4     4.6       15
DAYS MIN <= 0       0               0.0     0.0        0

PRECIPITATION (INCHES)
RECORD
 MAXIMUM           MM   MM
 MINIMUM           MM   MM
TOTALS           3.05              4.05   -1.00     4.37
DAILY AVG.       0.10              0.13   -0.03     0.14
DAYS >= .01        11              11.5    -0.5        9
DAYS >= .10         7               6.3     0.7        5
DAYS >= .50         2               2.1    -0.1        2
DAYS >= 1.00        0               0.8    -0.8        2
GREATEST
 24 HR. TOTAL    1.07   03/06 TO 03/07              2.45

DEGREE_DAYS
HEATING TOTAL     707               632      75      616
 SINCE 7/1       3665              3912    -247     3301
COOLING TOTAL       0                 2      -2        3
 SINCE 1/1          7                 2       5        3
..............................................................

WIND (MPH)
AVERAGE WIND SPEED              8.9
HIGHEST WIND SPEED/DIRECTION    37/050    DATE  03/20
HIGHEST GUST SPEED/DIRECTION    49/050    DATE  03/20

SKY COVER
POSSIBLE SUNSHINE (PERCENT)    0
AVERAGE SKY COVER           0.40
NUMBER OF DAYS FAIR           15
NUMBER OF DAYS PC             11
NUMBER OF DAYS CLOUDY          4

AVERAGE RH (PERCENT)     60

WEATHER CONDITIONS. NUMBER OF DAYS WITH
THUNDERSTORM              0     MIXED PRECIP               0
HEAVY RAIN                0     RAIN                       4
LIGHT RAIN               16     FREEZING RAIN              0
LT FREEZING RAIN          0     HEAVY SNOW                 0
SNOW                      1     LIGHT SNOW                 6
SLEET                     0     FOG                       10
FOG W/VIS <= 1/4 MILE     0     HAZE                       2


-  INDICATES NEGATIVE NUMBERS.
R  INDICATES RECORD WAS SET OR TIED.
MM INDICATES DATA IS MISSING.
T  INDICATES TRACE AMOUNT.

$$
