000
CXUS52 KGSP 011244
CLMGSP
CLIMATE REPORT
NATIONAL WEATHER SERVICE GREENVILLE-SPARTANBURG SC
744 AM EST FRI MAR 01 2024
...................................
...THE GREENVILLE-SPARTANBURG SC CLIMATE SUMMARY FOR THE MONTH OF FEBRUARY 2024...
CLIMATE NORMAL PERIOD 1991 TO 2020
CLIMATE RECORD PERIOD 1884 TO 2024
WEATHER OBSERVED NORMAL DEPART LAST YEAR`S
VALUE DATE(S) VALUE FROM VALUE DATE(S)
NORMAL
................................................................
TEMPERATURE (F)
RECORD
HIGH 81 02/16/2018
02/12/2017
02/27/1996
LOW -5 02/14/1899
HIGHEST 75 02/28 MM MM 79 02/23
02/28
LOWEST 26 02/20 MM MM 25 02/04
02/18
AVG. MAXIMUM 61.8 57.0 4.8 64.1
AVG. MINIMUM 37.2 34.8 2.4 42.1
MEAN 49.5 45.9 3.6 53.1
DAYS MAX >= 90 0 0.0 0.0 0
DAYS MAX <= 32 0 0.3 -0.3 0
DAYS MIN <= 32 9 11.5 -2.5 5
DAYS MIN <= 0 0 0.0 0.0 0
PRECIPITATION (INCHES)
RECORD
MAXIMUM 11.59 1903
MINIMUM 0.53 1978
TOTALS 2.82 3.84 -1.02 3.25
DAILY AVG. 0.10 NAN NAN 0.12
DAYS >= .01 6 9.4 -3.4 12
DAYS >= .10 4 6.5 -2.5 4
DAYS >= .50 1 2.6 -1.6 4
DAYS >= 1.00 1 0.9 0.1 0
GREATEST
24 HR. TOTAL 1.88 02/12 TO 02/12 1.48 02/11 TO 02/12
STORM TOTAL 1.88 0.78
(MM/DD(HH)) MM
SNOWFALL (INCHES)
RECORDS
TOTAL 15.3 1902
24 HR TOTAL 8.2 02/18/1979 TO 02/18/1979
SNOW DEPTH 2 02/07/2021
TOTALS 0.0 1.0 -1.0 0.0
LIQUID EQUIV 0.00 0.10 -0.10 0.00
SINCE 7/1 T 3.3 -3.3 MM
LIQUID 7/1 -0.10 0.30 -0.40 MM
SNOWDEPTH AVG. 0 0
DAYS >= TRACE 0 0.7 -0.7 0
DAYS >= 1.0 0 0.3 -0.3 0
GREATEST
SNOW DEPTH 0 0 MM
24 HR TOTAL MM MM
STORM TOTAL 0.0 0.0
(MM/DD(HH)) MM
DEGREE DAYS
HEATING TOTAL 443 536 -93 335
SINCE 7/1 2258 2458 -200 MM
COOLING TOTAL 0 1 -1 10
SINCE 1/1 0 1 -1 MM
FREEZE DATES
RECORD
EARLIEST MM
LATEST MM
EARLIEST 11/01
LATEST 03/21
................................................................
WIND (MPH)
AVERAGE WIND SPEED 7.4
HIGHEST WIND SPEED/DIRECTION 28/210 DATE 02/28
HIGHEST GUST SPEED/DIRECTION 40/210 DATE 02/28
SKY COVER
POSSIBLE SUNSHINE (PERCENT) MM
AVERAGE SKY COVER 0.20
NUMBER OF DAYS FAIR 23
NUMBER OF DAYS PC 3
NUMBER OF DAYS CLOUDY 3
AVERAGE RH (PERCENT) 54
WEATHER CONDITIONS. NUMBER OF DAYS WITH
THUNDERSTORM 0 MIXED PRECIP 0
HEAVY RAIN 3 RAIN 4
LIGHT RAIN 8 FREEZING RAIN 0
LT FREEZING RAIN 0 HAIL 0
HEAVY SNOW 0 SNOW 0
LIGHT SNOW 0 SLEET 0
FOG 5 FOG W/VIS <= 1/4 MILE 0
HAZE 0
- INDICATES NEGATIVE NUMBERS.
R INDICATES RECORD WAS SET OR TIED.
MM INDICATES DATA IS MISSING.
T INDICATES TRACE AMOUNT.
$$