000
CXUS56 KSEW 011049
CLMHQM


CLIMATE REPORT
NATIONAL WEATHER SERVICE SEATTLE WA
349 AM PDT TUE MAY 1 2018

...................................

...THE HOQUIAM WA AIRPORT CLIMATE SUMMARY FOR THE MONTH OF APRIL 2018...

CLIMATE NORMAL PERIOD 1981 TO 2010
CLIMATE RECORD PERIOD 1953 TO 2018

WEATHER         OBSERVED          NORMAL  DEPART  LAST YEAR`S
                 VALUE   DATE(S)  VALUE   FROM    VALUE  DATE(S)
                                          NORMAL
................................................................
TEMPERATURE (F)
RECORD
 HIGH              84   04/30/2014
 LOW               27   04/17/1964
HIGHEST            81   04/24        MM      MM       66  04/21
LOWEST             35   04/19        MM      MM       33  04/03
AVG. MAXIMUM     56.8              55.5     1.3     54.8
AVG. MINIMUM     43.9              41.9     2.0     43.4
MEAN             50.3              48.7     1.6     49.1
DAYS MAX >= 90      0               0.0     0.0        0
DAYS MAX <= 32      0               0.0     0.0        0
DAYS MIN <= 32      0               1.1    -1.1        0
DAYS MIN <= 0       0               0.0     0.0        0

PRECIPITATION (INCHES)
RECORD
 MAXIMUM        10.27   1996
 MINIMUM         0.78   1956
TOTALS          10.14              5.10    5.04     7.94
DAILY AVG.       0.34              0.17    0.17     0.26
DAYS >= .01        23              17.7     5.3       25
DAYS >= .10        17              12.0     5.0       21
DAYS >= .50         8               3.1     4.9        4
DAYS >= 1.00        3               0.7     2.3        0
GREATEST
 24 HR. TOTAL    1.76   04/13 TO 04/13

DEGREE_DAYS
HEATING TOTAL     433               489     -56      470
COOLING TOTAL       0                 0       0        0
 SINCE 1/1          0                 0       0        0
.................................................................

WIND (MPH)
AVERAGE WIND SPEED              10.1
HIGHEST WIND SPEED/DIRECTION    39/150    DATE  04/10
HIGHEST GUST SPEED/DIRECTION    52/140    DATE  04/10

SKY COVER
POSSIBLE SUNSHINE (PERCENT)   MM
AVERAGE SKY COVER           0.60
NUMBER OF DAYS FAIR            6
NUMBER OF DAYS PC              7
NUMBER OF DAYS CLOUDY         17

AVERAGE RH (PERCENT)     78

WEATHER CONDITIONS. NUMBER OF DAYS WITH
  0
 11
  0
  0
  0
  0
  1
HAZE                      2

-  INDICATES NEGATIVE NUMBERS.
R  INDICATES RECORD WAS SET OR TIED.
MM INDICATES DATA IS MISSING.
T  INDICATES TRACE AMOUNT.

$$
