949
CXUS53 KLBF 011549
CLMIML


CLIMATE REPORT
NATIONAL WEATHER SERVICE NORTH PLATTE
1044 AM CDT SUN APR 1 2018

...................................

...THE IMPERIAL NE CLIMATE SUMMARY FOR THE MONTH OF MARCH 2018...

CLIMATE NORMAL PERIOD 1981 TO 2010
CLIMATE RECORD PERIOD 1893 TO 2018

WEATHER         OBSERVED          NORMAL  DEPART  LAST YEAR`S
                 VALUE   DATE(S)  VALUE   FROM    VALUE  DATE(S)
                                          NORMAL
................................................................
TEMPERATURE (F)
RECORD
 HIGH              89   03/16/2015
                        03/29/1967
                        03/31/1946
 LOW              -24   03/03/1960
HIGHEST            74   03/22        78      -4       87  03/19
LOWEST             14   03/07         7       7       18  03/08
AVG. MAXIMUM     56.9              54.1     2.8     61.1
AVG. MINIMUM     25.6              25.6     0.0     29.5
MEAN             41.2              39.8     1.4     45.5
DAYS MAX >= 90      0               0.0     0.0        0
DAYS MAX <= 32      0               1.5    -1.5        0
DAYS MIN <= 32     28              25.5     2.5       19
DAYS MIN <= 0       0               0.2    -0.2        0

PRECIPITATION (INCHES)
RECORD
 MAXIMUM         6.15   1981
 MINIMUM         0.10   1968
TOTALS           0.46              1.07   -0.61     1.47
DAILY AVG.       0.01              0.03   -0.02     0.05
DAYS >= .01         7                MM      MM        6
DAYS >= .10         2                MM      MM        2
DAYS >= .50         0                MM      MM        2
DAYS >= 1.00        0                MM      MM        0
GREATEST
 24 HR. TOTAL    0.18   03/18 TO 03/18           03/28 TO 03/28
                                                          03/28 TO 03/28EATHER         OBSERVED          NORMAL  DEPART  LAST YEAR`S
                                                          03/28 TO 03/28EATHER         OBSERVED          NORMAL  DEPART  LAST YEAR`S

SNOWFALL (INCHES)
TOTALS             MM

DEGREE_DAYS
HEATING TOTAL     729               780     -51      577
 SINCE 7/1       5315              5369     -54     4657
COOLING TOTAL       0                 0       0        0
 SINCE 1/1          0                 0       0        0
.................................................................

WIND (MPH)
HIGHEST WIND SPEED/DIRECTION    46/330    DATE  03/06
HIGHEST GUST SPEED/DIRECTION    57/330    DATE  03/06

AVERAGE RH (PERCENT)     61

WEATHER CONDITIONS. NUMBER OF DAYS WITH
THUNDERSTORM              0     MIXED PRECIP               0
HEAVY RAIN                0     RAIN                       0
LIGHT RAIN                3     FREEZING RAIN              0
LT FREEZING RAIN          0     HAIL                       0
HEAVY SNOW                0     SNOW                       0
LIGHT SNOW                6     SLEET                      0
FOG                       7     FOG W/VIS <= 1/4 MILE      0
HAZE                      1

-  INDICATES NEGATIVE NUMBERS.
R  INDICATES RECORD WAS SET OR TIED.
MM INDICATES DATA IS MISSING.
T  INDICATES TRACE AMOUNT.

$$
