000
CXUS53 KGLD 031532
CLMITR

CLIMATE REPORT
NATIONAL WEATHER SERVICE GOODLAND
928 AM MDT THU MAY 3 2018

...................................

...THE BURLINGTON CLIMATE SUMMARY FOR THE MONTH OF APRIL 2018...

CLIMATE NORMAL PERIOD 1981 TO 2010
CLIMATE RECORD PERIOD 1896 TO 2018

WEATHER         OBSERVED          NORMAL  DEPART  LAST YEAR`S
                 VALUE   DATE(S)  VALUE   FROM    VALUE  DATE(S)
                                          NORMAL
................................................................
TEMPERATURE (F)
RECORD
 HIGH              95   04/25/2012
 LOW               -3   04/02/1936
HIGHEST            86   04/29        85       1       86  04/14
                        04/12
LOWEST             14   04/07        19      -5       30  04/11
                                                          04/10
                                                          04/05
AVG. MAXIMUM     62.7              62.4     0.3     63.7
AVG. MINIMUM     29.2              33.5    -4.3     38.0
MEAN             46.0              47.9    -1.9     50.8
DAYS MAX >= 90      0               0.1    -0.1        0
DAYS MAX <= 32      0               0.4    -0.4        0
DAYS MIN <= 32     19              12.9     6.1        7
DAYS MIN <= 0       0               0.0     0.0        0

PRECIPITATION (INCHES)
RECORD
 MAXIMUM         5.70   1944
 MINIMUM         0.00   1963
TOTALS           1.80              1.46    0.34     2.89
DAILY AVG.       0.06              0.05    0.01     0.10
DAYS >= .01         6                MM      MM        8
DAYS >= .10         6                MM      MM        8
DAYS >= .50         1                MM      MM        2
DAYS >= 1.00        0                MM      MM        0
GREATEST
 24 HR. TOTAL    0.51   04/24 TO 04/24              0.86


.................................................................



-  INDICATES NEGATIVE NUMBERS.
R  INDICATES RECORD WAS SET OR TIED.
MM INDICATES DATA IS MISSING.
T  INDICATES TRACE AMOUNT.

$$
