000
CXUS53 KGLD 021405
CLMMCK

CLIMATE REPORT
NATIONAL WEATHER SERVICE GOODLAND
757 AM MDT MON APR 2 2018

...................................

...THE MCCOOK CLIMATE SUMMARY FOR THE MONTH OF MARCH 2018...

CLIMATE NORMAL PERIOD 1981 TO 2010
CLIMATE RECORD PERIOD 1896 TO 2018

WEATHER         OBSERVED          NORMAL  DEPART  LAST YEAR`S
                 VALUE   DATE(S)  VALUE   FROM    VALUE  DATE(S)
                                          NORMAL
................................................................
TEMPERATURE (F)
RECORD
 HIGH              93   03/16/2015
                        03/30/1943
                        03/10/1989
 LOW              -20   03/03/1960
HIGHEST            78   03/04        80      -2       91  03/19
LOWEST             15   03/12         9       6       14  03/13
                        03/07
AVG. MAXIMUM     57.9              54.1     3.8     61.4
AVG. MINIMUM     26.2              24.6     1.6     29.5
MEAN             42.1              39.4     2.7     45.5
DAYS MAX >= 90      0               0.0     0.0        1
DAYS MAX <= 32      0               2.3    -2.3        0
DAYS MIN <= 32     27              25.0     2.0       19
DAYS MIN <= 0       0               0.6    -0.6        0

PRECIPITATION (INCHES)
RECORD
 MAXIMUM         4.20   1977
 MINIMUM         0.00   1968
TOTALS           0.37              1.36   -0.99     1.00
DAILY AVG.       0.01              0.04   -0.03     0.03
DAYS >= .01         5               5.9    -0.9        5
DAYS >= .10         2               3.1    -1.1        3
DAYS >= .50         0               0.8    -0.8        1
DAYS >= 1.00        0               0.2    -0.2        0
GREATEST
 24 HR. TOTAL    0.23   03/19 TO 03/19              0.58


.................................................................



-  INDICATES NEGATIVE NUMBERS.
R  INDICATES RECORD WAS SET OR TIED.
MM INDICATES DATA IS MISSING.
T  INDICATES TRACE AMOUNT.

$$
