000
CXUS51 KCAR 171855
CLMMLT
CLIMATE REPORT
NATIONAL WEATHER SERVICE CARIBOU ME
255 PM EDT WED APR 17 2024
...................................
...THE MILLINOCKET ME CLIMATE SUMMARY FOR THE MONTH OF MARCH 2024...
CLIMATE NORMAL PERIOD: 1991 TO 2020
CLIMATE RECORD PERIOD: 1903 TO 2024
WEATHER OBSERVED NORMAL DEPART LAST YEAR`S
VALUE DATE(S) VALUE FROM VALUE DATE(S)
NORMAL
................................................................
TEMPERATURE (F)
RECORD
HIGH 80 03/22/2012
LOW -32 03/02/1920
HIGHEST 52 03/13 MM MM 47 03/29
LOWEST 4 03/01 MM MM 7 03/01
AVG. MAXIMUM 41.3 37.5 3.8 39.9
AVG. MINIMUM 25.5 17.8 7.7 22.8
MEAN 33.4 27.6 5.8 31.3
DAYS MAX >= 90 0 0.0 0.0 0
DAYS MAX <= 32 3 8.9 -5.9 5
DAYS MIN <= 32 26 28.7 -2.7 30
DAYS MIN <= 0 0 2.3 -2.3 0
PRECIPITATION (INCHES)
RECORD
MAXIMUM 6.17 2024
MINIMUM 0.46 2006
TOTALS 6.17* 3.20
DAILY AVG. 0.21 0.10 0.11 0.06
DAYS >= .01 16 10.7 5.3 10
DAYS >= .10 10 5.5 4.5 6
DAYS >= .50 5 1.5 3.5 1
DAYS >= 1.00 2 0.5 1.5 0
SNOWFALL (INCHES)
RECORDS
TOTAL MM MM
TOTALS MM MM MM MM
SINCE 7/1 MM MM MM MM
SNOWDEPTH AVG. MM MM
DAYS >= 1.0 MM MM MM MM
GREATEST
SNOW DEPTH MM MM MM
24 HR TOTAL MM MM
DEGREE DAYS
HEATING TOTAL 973 1158 -185 1036
SINCE 7/1 6161 7121 -960 MM
COOLING TOTAL 0 0 0 0
SINCE 1/1 0 0 0 MM
................................................................
WIND (MPH)
AVERAGE WIND SPEED 6.7
HIGHEST WIND SPEED/DIRECTION 30/110 DATE 03/10
HIGHEST GUST SPEED/DIRECTION 54/280 DATE 03/21
SKY COVER
POSSIBLE SUNSHINE (PERCENT) MM
AVERAGE SKY COVER 0.62
NUMBER OF DAYS FAIR 10
NUMBER OF DAYS PC 6
NUMBER OF DAYS CLOUDY 15
AVERAGE RH (PERCENT) 72
WEATHER CONDITIONS. NUMBER OF DAYS WITH
THUNDERSTORM 0 MIXED PRECIP 0
HEAVY RAIN 0 RAIN 2
LIGHT RAIN 11 FREEZING RAIN 0
LT FREEZING RAIN 1 HAIL 0
HEAVY SNOW 2 SNOW 3
LIGHT SNOW 15 SLEET 0
FOG 18 FOG W/VIS <= 1/4 MILE 6
HAZE 2
- INDICATES NEGATIVE NUMBERS.
* INDICATES RECORD WAS SET OR TIED.
MM INDICATES DATA IS MISSING.
T INDICATES TRACE AMOUNT.
$$