000
CXUS51 KPHI 021412 CCA
CLMMPO

CLIMATE REPORT
NATIONAL WEATHER SERVICE MOUNT HOLLY NJ
1056 AM EDT SUN APR 1 2018

...................................

...THE MOUNT POCONO PA CLIMATE SUMMARY FOR THE MONTH OF MARCH 2018...

CLIMATE NORMAL PERIOD 1981 TO 2010
CLIMATE RECORD PERIOD 1901 TO 2018

WEATHER         OBSERVED          NORMAL  DEPART  LAST YEAR`S
                 VALUE   DATE(S)  VALUE   FROM    VALUE
                                          NORMAL
.............................................................
TEMPERATURE (F)
RECORD
 HIGH              81   03/31/1998
                        03/30/1910
 LOW              -18   03/07/1911
HIGHEST            52                MM      MM       60
LOWEST             12                MM      MM        3
AVG. MAXIMUM     36.0              42.2    -6.2     38.0
AVG. MINIMUM     21.5              24.9    -3.4     20.6
MEAN             28.7              33.5    -4.8     29.3
DAYS MAX >= 90      0               0.0     0.0        0
DAYS MAX <= 32     13               5.0     8.0       12
DAYS MIN <= 32     29              24.1     4.9       28
DAYS MIN <= 0       0               0.2    -0.2        0

PRECIPITATION (INCHES)
RECORD
 MAXIMUM        10.55   1940
 MINIMUM         0.75   1981
TOTALS           2.47              3.83   -1.36     3.79
DAILY AVG.       0.08              0.12   -0.04     0.12
DAYS >= .01        16                MM      MM       15
DAYS >= .10         7                MM      MM        7
DAYS >= .50         2                MM      MM        2
DAYS >= 1.00        0                MM      MM        1
GREATEST
 24 HR. TOTAL    0.69   03/02 TO 03/02              1.04

DEGREE_DAYS
HEATING TOTAL    1115               975     140     1100
 SINCE 7/1       6076              6098     -22     5703
COOLING TOTAL       0                 0       0        0
 SINCE 1/1          0                 0       0        0
..............................................................

WIND (MPH)
AVERAGE WIND SPEED              12.3
HIGHEST WIND SPEED/DIRECTION    40/320    DATE  03/02
HIGHEST GUST SPEED/DIRECTION    59/310    DATE  03/02

SKY COVER
POSSIBLE SUNSHINE (PERCENT)    0
AVERAGE SKY COVER           0.60
NUMBER OF DAYS FAIR            9
NUMBER OF DAYS PC              8
NUMBER OF DAYS CLOUDY         14

AVERAGE RH (PERCENT)     70

WEATHER CONDITIONS. NUMBER OF DAYS WITH
THUNDERSTORM              0     MIXED PRECIP               0
HEAVY RAIN                0     RAIN                       2
LIGHT RAIN               13     FREEZING RAIN              0
LT FREEZING RAIN          0     HEAVY SNOW                 2
SNOW                      2     LIGHT SNOW                14
SLEET                     0     FOG                       17
FOG W/VIS <= 1/4 MILE     2     HAZE                       3


-  INDICATES NEGATIVE NUMBERS.
R  INDICATES RECORD WAS SET OR TIED.
MM INDICATES DATA IS MISSING.
T  INDICATES TRACE AMOUNT.

$$
