000
CXUS54 KOUN 011441
CLMOKC
CLIMATE REPORT
NATIONAL WEATHER SERVICE NORMAN OK
841 AM CST FRI MAR 01 2024
...................................
...THE OKLAHOMA CITY CLIMATE SUMMARY FOR THE MONTH OF FEBRUARY 2024...
CLIMATE NORMAL PERIOD 1991 TO 2020
CLIMATE RECORD PERIOD 1890 TO 2024
WEATHER OBSERVED NORMAL DEPART LAST YEAR`S
VALUE DATE(S) VALUE FROM VALUE
NORMAL
..............................................................
TEMPERATURE (F)
RECORD
HIGH 92 02/22/1996
LOW -17 02/12/1899
HIGHEST 88 75 13 76
LOWEST 19 13 6 17
AVG. MAXIMUM 62.1 53.8 8.3 55.7
AVG. MINIMUM 36.6 30.8 5.8 32.3
MEAN 49.4 42.3 7.1 44.0
DAYS MAX >= 90 0 0.0 0.0 0
DAYS MAX <= 32 1 1.8 -0.8 2
DAYS MIN <= 32 11 15.1 -4.1 15
DAYS MIN <= 0 0 0.1 -0.1 0
PRECIPITATION (INCHES)
RECORD
MAXIMUM 4.63 1990
MINIMUM 0.02 1996
TOTALS 1.25 1.42 -0.17 1.52
DAILY AVG. 0.04 NAN NAN 0.05
DAYS >= .01 6 5.7 0.3 7
DAYS >= .10 4 2.9 1.1 5
DAYS >= .50 1 0.9 0.1 0
DAYS >= 1.00 0 0.3 -0.3 0
GREATEST
24 HR. TOTAL 0.77 02/11 TO 02/12
SNOWFALL (INCHES)
TOTALS 3.2 1.8 1.4
SINCE 7/1 3.3 5.9 -2.6
DEGREE DAYS
HEATING TOTAL 447 637 -190 581
SINCE 7/1 2583 2959 -376 MM
..............................................................
WIND (MPH)
AVERAGE WIND SPEED 12.1
HIGHEST WIND SPEED/DIRECTION 39/340 DATE 02/27
HIGHEST GUST SPEED/DIRECTION 49/350 DATE 02/27
WEATHER CONDITIONS. NUMBER OF DAYS WITH
THUNDERSTORM 2 MIXED PRECIP 0
HEAVY RAIN 0 RAIN 3
LIGHT RAIN 6 FREEZING RAIN 0
LT FREEZING RAIN 0 HAIL 1
HEAVY SNOW 0 SNOW 1
LIGHT SNOW 3 SLEET 1
FOG 9 FOG W/VIS <= 1/4 MILE 0
HAZE 1
- INDICATES NEGATIVE NUMBERS.
R INDICATES RECORD WAS SET OR TIED.
MM INDICATES DATA IS MISSING.
T INDICATES TRACE AMOUNT.
...............................................................
RECORDS/REMARKS
NEW RECORD HIGH TEMPERATURE OF 83 DEGREES SET ON FEB 21.
NEW RECORD HIGH TEMPERATURE OF 88 DEGREES SET ON FEB 26.
EIGHTH WARMEST FEB ON RECORD.
TOTAL PRECIPITATION FOR 2024 IS 3.05 INCHES.
$$