000
CXUS51 KBTV 011345
CLMPBG
CLIMATE REPORT
NATIONAL WEATHER SERVICE BURLINGTON VT
845 AM EST FRI MAR 01 2024
...................................
...THE PLATTSBURGH NY CLIMATE SUMMARY FOR THE MONTH OF FEBRUARY 2024...
CLIMATE NORMAL PERIOD: 1991 TO 2020
CLIMATE RECORD PERIOD: 1945 TO 2024
WEATHER OBSERVED NORMAL DEPART LAST YEAR`S
VALUE DATE(S) VALUE FROM VALUE DATE(S)
NORMAL
................................................................
TEMPERATURE (F)
RECORD
HIGH 65
LOW -22
HIGHEST 62 02/27 MM MM 56 02/15
LOWEST 3 02/18 MM MM -22 02/04
02/20
AVG. MAXIMUM 37.1 31.0 6.1 34.8
AVG. MINIMUM 18.3 11.0 7.3 12.6
MEAN 27.7 21.0 6.7 23.7
DAYS MAX >= 90 0 0.0 0.0 0
DAYS MAX <= 32 11 14.6 -3.6 8
DAYS MIN <= 32 28 26.9 1.1 26
DAYS MIN <= 0 0 5.1 -5.1 6
PRECIPITATION (INCHES)
RECORD
MAXIMUM 4.48 1971
MINIMUM 0.22 2015
TOTALS 0.13R 1.22 -1.09 0.89
DAILY AVG. 0.00 NAN NAN 0.03
DAYS >= .01 6 9.4 -3.4 9
DAYS >= .10 0 3.6 -3.6 2
DAYS >= .50 0 0.5 -0.5 0
DAYS >= 1.00 0 0.2 -0.2 0
GREATEST
24 HR. TOTAL 0.05 02/15 TO 02/16 0.56 02/09 TO 02/10
STORM TOTAL 0.03 0.48
(MM/DD(HH)) MM
DEGREE DAYS
HEATING TOTAL 1075 1232 -157 1149
SINCE 7/1 4650 5527 -877 MM
COOLING TOTAL 0 0 0 0
SINCE 1/1 0 0 0 MM
................................................................
WIND (MPH)
AVERAGE WIND SPEED 6.9
HIGHEST WIND SPEED/DIRECTION 28/090 DATE 02/17
HIGHEST GUST SPEED/DIRECTION 43/270 DATE 02/29
SKY COVER
POSSIBLE SUNSHINE (PERCENT) MM
AVERAGE SKY COVER 0.51
NUMBER OF DAYS FAIR 10
NUMBER OF DAYS PC 14
NUMBER OF DAYS CLOUDY 5
AVERAGE RH (PERCENT) 67
WEATHER CONDITIONS. NUMBER OF DAYS WITH
THUNDERSTORM 1 MIXED PRECIP 0
HEAVY RAIN 0 RAIN 0
LIGHT RAIN 2 FREEZING RAIN 0
LT FREEZING RAIN 0 HAIL 0
HEAVY SNOW 0 SNOW 1
LIGHT SNOW 13 SLEET 0
FOG 7 FOG W/VIS <= 1/4 MILE 0
HAZE 1
- INDICATES NEGATIVE NUMBERS.
R INDICATES RECORD WAS SET OR TIED.
MM INDICATES DATA IS MISSING.
T INDICATES TRACE AMOUNT.
$$