376
CXUS55 KRIW 082229 CCA
CLMRIW

CLIMATE REPORT
NATIONAL WEATHER SERVICE RIVERTON WY
555 PM MDT TUE MAY 1 2018

...PRELIMINARY MONTHLY CLIMATE SUMMARY FOR RIVERTON REGIONAL AIRPORT
FOR THE MONTH OF APRIL 2018...

...OFFICIAL CLIMATE DATA FOR THE MONTH OF APRIL 2018 WILL BE
AVAILABLE APPROXIMATELY IN 60 DAYS FROM THE NATIONAL CENTERS FOR
ENVIRONMENTAL INFORMATION (HTTP://WWW.NCDC.NOAA.GOV/CDO-
WEB/DATASETS). UNOFFICIAL ASOS DAILY SUMMARIES ARE AVAILABLE ON THE
INTERNET AT HTTP://WWW.WEATHER.GOV/CLIMATE/INDEX.PHP?WFO=RIW

...APRIL WAS NEAR NORMAL FOR RIVERTON...

THE AVERAGE TEMPERATURE FOR RIVERTON IN APRIL WAS 43.5 DEGREES...
WHICH WAS ONLY 0.7 DEGREES BELOW NORMAL. THE WARMEST READING OF THE
MONTH WAS 75 DEGREES ON THE 28TH...AND COLDEST WAS 11 DEGREES ON THE
3RD.  THIS TIED THE PREVIOUS RECORD LOW OF 11 DEGREES SET IN 2002.
ANOTHER RECORD LOW WAS SET ON THE 25TH WHEN 22 DEGREES BROKE 23 SET
IN 2002. A RECORD HIGH WAS ALSO SET ON THE 16TH WHEN 74 DEGREES
BROKE THE PREVIOUS RECORD OF 71 SET IN 2006.

TOTAL PRECIPITATION FOR THE MONTH WAS 1.26 INCHES...WHICH WAS 97
PERCENT OF NORMAL. THIS MAKES IT THE 8TH WETTEST APRIL ON RECORD
SINCE 1998. THE WETTEST 24 HOUR PERIOD WAS ON THE 30TH...WHEN 1.04
INCHES FELL. THIS BROKE THE PREVIOUS RECORD OF 0.62 INCHES SET BACK
IN 2003. THE 17TH ALSO SAW RECORD BREAKING PRECIPITATION OF 0.16
INCHES COMPARED TO 0.13 IN 2006.

RIVERTON HAD 4.2 INCHES OF SNOW IN APRIL...THE 5TH LEAST SNOWIEST ON
RECORD SINCE 1998. THE SNOWIEST DAY WAS THE 17TH WHEN 3 INCHES
FELL. THIS ALSO BROKE THE 2006 RECORD OF 2.8 INCHES OF SNOW.
THE HIGHEST WIND GUST WAS 52 MPH ON THE 16TH.

...THE RIVERTON WY CLIMATE SUMMARY FOR THE MONTH OF APRIL 2018...

CLIMATE NORMAL PERIOD 1981 TO 2010
CLIMATE RECORD PERIOD 1995 TO 2018

WEATHER         OBSERVED          NORMAL  DEPART
                 VALUE   DATE(S)  VALUE   FROM
                                          NORMAL
................................................
TEMPERATURE (F)
RECORD
 HIGH              85   04/24/2012
 LOW                4   04/10/2013
                        04/11/1997
                        01/12/1963
HIGHEST            75   04/28
LOWEST             11   04/03
AVG. MAXIMUM     58.0              57.1     0.9
AVG. MINIMUM     29.0              31.3    -2.3
MEAN             43.5              44.2    -0.7
DAYS MAX >= 90      0
DAYS MAX <= 32      1
DAYS MIN <= 32     20
DAYS MIN <= 0       0

PRECIPITATION (INCHES)
RECORD
 MAXIMUM         3.31   2016
 MINIMUM         0.10   2007
TOTALS           1.26              1.30   -0.04
DAILY AVG.       0.04              0.04    0.00
DAYS >= .01         6
DAYS >= .10         2
DAYS >= .50         1
DAYS >= 1.00        1
GREATEST
 24 HR. TOTAL    1.04   04/30 TO 04/30
 STORM TOTAL       MM
 (MM/DD(HH))

SNOWFALL (INCHES)
TOTALS            4.2                MM      MM
SINCE 7/1        48.3                MM      MM
SNOWDEPTH AVG.      0
DAYS >= 1.0         2

DEGREE_DAYS
HEATING TOTAL     638               624      14
 SINCE 7/1       7331              7396     -65
COOLING TOTAL       0                 0       0
 SINCE 1/1          0                 0       0
.................................................

WIND (MPH)
AVERAGE WIND SPEED              10.2
RESULTANT WIND SPEED/DIRECTION   3/324
HIGHEST WIND SPEED/DIRECTION    41/210    DATE  04/16
HIGHEST GUST SPEED/DIRECTION    52/200    DATE  04/16

SKY COVER
POSSIBLE SUNSHINE (PERCENT)   MM
AVERAGE SKY COVER           0.30
NUMBER OF DAYS FAIR           21
NUMBER OF DAYS PC              6
NUMBER OF DAYS CLOUDY          3

AVERAGE RH (PERCENT)     46

WEATHER CONDITIONS. NUMBER OF DAYS WITH
THUNDERSTORM              1     MIXED PRECIP               0
HEAVY RAIN                1     RAIN                       1
LIGHT RAIN                8     FREEZING RAIN              0
LT FREEZING RAIN          0     HAIL                       0
HEAVY SNOW                0     SNOW                       1
LIGHT SNOW                8     SLEET                      1
FOG                       5     FOG W/VIS <= 1/4 MILE      0
HAZE                      0

-  INDICATES NEGATIVE NUMBERS.
R  INDICATES RECORD WAS SET OR TIED.
MM INDICATES DATA IS MISSING.
T  INDICATES TRACE AMOUNT.

LOOKING AHEAD TO MAY 2018...THE AVERAGE HIGH TEMPERATURE ON THE
FIRST OF THE MONTH IS 62 DEGREES...AND THE AVERAGE LOW TEMPERATURE
IS 36 DEGREES. THE AVERAGE HIGH BY THE END OF THE MONTH IS 72
DEGREES...AND THE AVERAGE LOW TEMPERATURE IS 45. THE AVERAGE MONTHLY
PRECIPITATION IS 1.72 INCHES.

$$
