000
CXUS56 KSGX 012223
CLMSAN
CLIMATE REPORT
NATIONAL WEATHER SERVICE SAN DIEGO, CA
223 PM PST FRI MAR 01 2024
...................................
...THE SAN DIEGO INTL AIRPORT CA CLIMATE SUMMARY FOR THE MONTH OF FEBRUARY 2024...
CLIMATE NORMAL PERIOD: 1991 TO 2020
CLIMATE RECORD PERIOD: 1874 TO 2024
WEATHER OBSERVED NORMAL DEPART LAST YEAR`S
VALUE DATE(S) VALUE FROM VALUE DATE(S)
NORMAL
................................................................
TEMPERATURE (F)
RECORD
HIGH 91 02/12/2022
02/12/2022
LOW 34 02/16/1911
02/06/1899
02/11/1894
HIGHEST 75 02/24 67 8 78 02/09
LOWEST 42 02/11 51 -9 39 02/16
02/12
AVG. MAXIMUM 64.1 66.2 -2.1 64.2
AVG. MINIMUM 51.6 51.8 -0.2 46.1
MEAN 57.9 59.0 -1.1 55.2
DAYS MAX >= 90 0 0.0 0.0 0
DAYS MAX <= 32 0 0.0 0.0 0
DAYS MAX >= 45 29 28
DAYS MIN <= 32 0 0.0 0.0 0
PRECIPITATION (INCHES)
RECORD
MAXIMUM 9.05 1884
MINIMUM 0.00 1967
TOTALS 4.58 2.20 2.38 1.78
DAILY AVG. 0.16 NAN NAN 0.06
DAYS >= .01 10 7.1 2.9 9
DAYS >= .10 8 4.1 3.9 3
DAYS >= .50 4 1.5 2.5 1
DAYS >= 1.00 1 0.6 0.4 1
DAYS >= %-5.2F 0 0
DAYS >= %-5.2F 0 0
GREATEST
24 HR. TOTAL 1.90 02/05 TO 02/06 1.09 02/25 TO 02/26
STORM TOTAL 1.04 1.03
(MM/DD(HH)) MM
DEGREE DAYS
HEATING TOTAL 199 173 26 269
SINCE 7/1 733 715 18 MM
COOLING TOTAL 0 5 -5 0
SINCE 1/1 0 8 -8 MM
FREEZE DATES
RECORD
EARLIEST MM
LATEST MM
EARLIEST MM
LATEST MM
................................................................
WIND (MPH)
AVERAGE WIND SPEED 5.6
RESULTANT WIND SPEED/DIRECTION 2/260
HIGHEST WIND SPEED/DIRECTION 25/260 DATE 02/08
HIGHEST GUST SPEED/DIRECTION 34/270 DATE 02/08
SKY COVER
POSSIBLE SUNSHINE (PERCENT) MM
AVERAGE SKY COVER 0.65
NUMBER OF DAYS FAIR 4
NUMBER OF DAYS PC 14
NUMBER OF DAYS CLOUDY 11
AVERAGE RH (PERCENT) 74
WEATHER CONDITIONS. NUMBER OF DAYS WITH
THUNDERSTORM 2 MIXED PRECIP 0
HEAVY RAIN 6 RAIN 6
LIGHT RAIN 11 FREEZING RAIN 0
LT FREEZING RAIN 0 HAIL 0
HEAVY SNOW 0 SNOW 0
LIGHT SNOW 0 SLEET 0
FOG 10 FOG W/VIS <= 1/4 MILE 0
HAZE 4
- INDICATES NEGATIVE NUMBERS.
R INDICATES RECORD WAS SET OR TIED.
MM INDICATES DATA IS MISSING.
T INDICATES TRACE AMOUNT.
$$