000
CXUS53 KLMK 011709
CLMSDF


CLIMATE REPORT
NATIONAL WEATHER SERVICE LOUISVILLE KY
1250 PM EDT SUN APR 1 2018

...................................

...THE LOUISVILLE KY CLIMATE SUMMARY FOR THE MONTH OF MARCH 2018...

CLIMATE NORMAL PERIOD 1981 TO 2010
CLIMATE RECORD PERIOD 1871 TO 2018

WEATHER         OBSERVED          NORMAL  DEPART  LAST YEAR`S
                 VALUE   DATE(S)  VALUE   FROM    VALUE  DATE(S)
                                          NORMAL
................................................................
TEMPERATURE (F)
RECORD
 HIGH              88   03/25/1929
                        03/24/1929
                        03/24/1910
 LOW                    03/06/1960
HIGHEST            69   03/27        MM      MM       80  03/30
                                                          03/25
                                                          03/24
LOWEST             25   03/22        MM      MM       21  03/15
                        03/14
AVG. MAXIMUM     54.4              57.9    -3.5     60.5
AVG. MINIMUM     36.3              37.8    -1.5     40.1
MEAN             45.3              47.8    -2.5     50.3
DAYS MAX >= 90      0               0.0     0.0        0
DAYS MAX <= 32      0               0.3    -0.3        0
DAYS MIN <= 32      8               9.5    -1.5        9
DAYS MIN <= 0       0               0.0     0.0        0

PRECIPITATION (INCHES)
RECORD
 MAXIMUM        17.52   1997
 MINIMUM         0.12   1910
TOTALS           5.05              4.17    0.88     3.68
DAILY AVG.       0.16              0.13    0.03     0.12
DAYS >= .01        17              11.9     5.1       10
DAYS >= .10        12               7.9     4.1        6
DAYS >= .50         3               2.8     0.2        2
DAYS >= 1.00        1               0.8     0.2        1
GREATEST
 24 HR. TOTAL    1.22   03/24 TO 03/24           03/01 TO 03/01
                                                          03/15 TO 03/15EATHER         OBSERVED          NORMAL  DEPART  LAST YEAR`S
                                                          03/15 TO 03/15EATHER         OBSERVED          NORMAL  DEPART  LAST YEAR`S
 STORM TOTAL       MM                                 MM
 (MM/DD(HH))            MM                    03/01(00) TO 03/01(00)
                                                 03/15(00) TO 03/15(00)5EATHER         OBSERVED          NORMAL  DEPART  LAST YEAR`S
                                                 03/15(00) TO 03/15(00)5EATHER         OBSERVED          NORMAL  DEPART  LAST YEAR`S

SNOWFALL (INCHES)
RECORDS
 TOTAL           22.9   5
                        0
 24 HR TOTAL     12.1   03/22/1968 TO 03/22/1968
 SNOW DEPTH        11   03/23/1968
TOTALS           11.9               1.4    10.5        T
 LIQUID EQUIV    1.19              0.10    1.09       MM
SINCE 7/1        17.9              12.4     5.5      2.7
 LIQUID 7/1      1.79              1.20    0.59     0.27
SNOWDEPTH AVG.      0                MM      MM        0
DAYS >= TRACE      11               1.2     9.8        3
DAYS >= 1.0         3               0.4     2.6        0
GREATEST
 SNOW DEPTH         6   03/22                          0  MM
                        03/21
 24 HR TOTAL      4.9   03/21 TO 03/21           03/15 TO 03/15
                                                          03/15 TO 03/15EATHER         OBSERVED          NORMAL  DEPART  LAST YEAR`S
                                                          03/15 TO 03/15EATHER         OBSERVED          NORMAL  DEPART  LAST YEAR`S
 STORM TOTAL       MM                                 MM
 (MM/DD(HH))            MM                    03/15(00) TO 03/15(00)
                                                 03/15(00) TO 03/15(00)5EATHER         OBSERVED          NORMAL  DEPART  LAST YEAR`S
                                                 03/15(00) TO 03/15(00)5EATHER         OBSERVED          NORMAL  DEPART  LAST YEAR`S

DEGREE_DAYS
HEATING TOTAL     601               538      63      458
 SINCE 7/1       3689              3779     -90     2923
COOLING TOTAL       0                 6      -6       11
 SINCE 1/1         12                 6       6       16

FREEZE DATES
RECORD
 EARLIEST     10/03/1974
 LATEST       05/10/1966
EARLIEST                        10/25
LATEST                          04/15
.................................................................

WIND (MPH)
AVERAGE WIND SPEED              9.3
RESULTANT WIND SPEED/DIRECTION   2/334
HIGHEST WIND SPEED/DIRECTION    31/290    DATE  03/06
HIGHEST GUST SPEED/DIRECTION    45/210    DATE  03/06

SKY COVER
POSSIBLE SUNSHINE (PERCENT)   MM
AVERAGE SKY COVER           0.70
NUMBER OF DAYS FAIR            6
NUMBER OF DAYS PC              9
NUMBER OF DAYS CLOUDY         16

AVERAGE RH (PERCENT)     62

WEATHER CONDITIONS. NUMBER OF DAYS WITH
THUNDERSTORM         4        MIXED PRECIP            1
HEAVY RAIN           3        RAIN                    8
LIGHT RAIN          20        FREEZING RAIN           0
LT FREEZING RAIN     0        HAIL                    0
HEAVY SNOW           1        SNOW                    7
LIGHT SNOW          10        SLEET                   1
FOG                 19        FOG W/VIZ <= 1/4 MILE   1
HAZE                 3

-  INDICATES NEGATIVE NUMBERS.
R  INDICATES RECORD WAS SET OR TIED.
MM INDICATES DATA IS MISSING.
T  INDICATES TRACE AMOUNT.

$$
