000
CXUS54 KMRX 112115
CLMTYS


CLIMATE REPORT
NATIONAL WEATHER SERVICE MORRISTOWN TN
514 PM EDT FRI MAY 11 2018

...................................

...THE KNOXVILLE    ASOS CLIMATE SUMMARY FOR THE MONTH OF APRIL 2018...

CLIMATE NORMAL PERIOD 1981 TO 2010
CLIMATE RECORD PERIOD 1871 TO 2018

WEATHER         OBSERVED          NORMAL  DEPART
                 VALUE   DATE(S)  VALUE   FROM
                                          NORMAL
................................................
TEMPERATURE (F)
HIGHEST            81   04/14
                        04/13
LOWEST             31   04/08
AVG. MAXIMUM     67.2              70.3    -3.1
AVG. MINIMUM     43.9              47.3    -3.4
MEAN             55.5              58.8    -3.3
DAYS MAX >= 90      0
DAYS MAX <= 32      0
DAYS MIN <= 32      2
DAYS MIN <= 0       0

PRECIPITATION (INCHES)
RECORD
 MAXIMUM        17.62   1874
 MINIMUM         0.39   1976
TOTALS           4.28              4.01    0.27
DAYS >= .01        13
DAYS >= .10         7
DAYS >= .50         4
DAYS >= 1.00        0
GREATEST
 24 HR. TOTAL    0.84   04/15 TO 04/15

SNOWFALL (INCHES)
TOTALS              T               0.5    -0.5
SINCE 7/1         2.6
SNOWDEPTH AVG.      0
DAYS >= TRACE       1
GREATEST
 SNOW DEPTH         0   MM

DEGREE_DAYS
HEATING TOTAL     288               218      70
 SINCE 7/1       3526              3575     -49
COOLING TOTAL      12                32     -20
 SINCE 1/1         34                37      -3
.................................................


WEATHER CONDITIONS. NUMBER OF DAYS WITH
THUNDERSTORM              2     RAIN                       8
SNOW                      1     FOG                       13
FOG W/VIS <= 1/4 MILE     0

-  INDICATES NEGATIVE NUMBERS.
R  INDICATES RECORD WAS SET OR TIED.
MM INDICATES DATA IS MISSING.
T  INDICATES TRACE AMOUNT.

$$
