000
CXUS53 KLBF 011549
CLMVTN


CLIMATE REPORT
NATIONAL WEATHER SERVICE NORTH PLATTE
1044 AM CDT SUN APR 1 2018

...................................

...THE VALENTINE NE CLIMATE SUMMARY FOR THE MONTH OF MARCH 2018...

CLIMATE NORMAL PERIOD 1981 TO 2010
CLIMATE RECORD PERIOD 1885 TO 2018

WEATHER         OBSERVED          NORMAL  DEPART  LAST YEAR`S
                 VALUE   DATE(S)  VALUE   FROM    VALUE  DATE(S)
                                          NORMAL
................................................................
TEMPERATURE (F)
RECORD
 HIGH              87   03/26/2012
                        03/31/1946
                        03/29/1943
 LOW              -29   03/01/1980
HIGHEST            72   03/14        76      -4       82  03/19
LOWEST              7   03/07        -2       9       10  03/13
AVG. MAXIMUM     48.3              49.3    -1.0     53.7
AVG. MINIMUM     24.6              23.1     1.5     26.5
MEAN             36.4              36.2     0.2     40.1
DAYS MAX >= 90      0               0.0     0.0        0
DAYS MAX <= 32      1               4.2    -3.2        2
DAYS MIN <= 32     29              25.3     3.7       23
DAYS MIN <= 0       0               1.1    -1.1        0

PRECIPITATION (INCHES)
RECORD
 MAXIMUM         4.23   1977
 MINIMUM         0.01   1997
TOTALS           1.54              1.07    0.47     0.76
DAILY AVG.       0.05              0.03    0.02     0.02
DAYS >= .01         9               7.1     1.9       10
DAYS >= .10         4               2.8     1.2        2
DAYS >= .50         1               0.6     0.4        0
DAYS >= 1.00        0               0.0     0.0        0
GREATEST
 24 HR. TOTAL    0.75   03/16 TO 03/16           03/21 TO 03/21
                                                          03/21 TO 03/21EATHER         OBSERVED          NORMAL  DEPART  LAST YEAR`S
                                                          03/21 TO 03/21EATHER         OBSERVED          NORMAL  DEPART  LAST YEAR`S

SNOWFALL (INCHES)
RECORDS
 TOTAL           51.0   1977
TOTALS            9.7               6.5     3.2      2.0
SINCE 7/1        29.4              28.6     0.8     43.8
SNOWDEPTH AVG.      0                 2      -2        0
DAYS >= 1.0         3               2.1     0.9        1
GREATEST
 SNOW DEPTH         4   03/17                          3  03/01
 24 HR TOTAL      4.2   03/16 TO 03/16

DEGREE_DAYS
HEATING TOTAL     879               893     -14      761
 SINCE 7/1       5972              6129    -157     5520
COOLING TOTAL       0                 0       0        0
 SINCE 1/1          0                 0       0        0
.................................................................

WIND (MPH)
AVERAGE WIND SPEED              10.0
HIGHEST WIND SPEED/DIRECTION    44/310    DATE  03/05
HIGHEST GUST SPEED/DIRECTION    59/290    DATE  03/05

SKY COVER
POSSIBLE SUNSHINE (PERCENT)   MM
AVERAGE SKY COVER           0.50
NUMBER OF DAYS FAIR           15
NUMBER OF DAYS PC              4
NUMBER OF DAYS CLOUDY         12

AVERAGE RH (PERCENT)     69

WEATHER CONDITIONS. NUMBER OF DAYS WITH
  0
  1
  1
  0
  3
  0
  6
HAZE                      6

-  INDICATES NEGATIVE NUMBERS.
R  INDICATES RECORD WAS SET OR TIED.
MM INDICATES DATA IS MISSING.
T  INDICATES TRACE AMOUNT.

$$
