000
CXUS53 KDDC 051600
CLSGCK


CLIMATE REPORT
NATIONAL WEATHER SERVICE DODGE CITY KS
947 AM CST MON MAR 5 2018

...................................

...THE GARDEN CITY REGIONAL ARPT KS CLIMATE SUMMARY FOR THE SEASON, FROM
12/1/2017 TO 2/28/2018...

CLIMATE NORMAL PERIOD 1981 TO 2010
CLIMATE RECORD PERIOD 1948 TO 2018

WEATHER         OBSERVED          NORMAL  DEPART  LAST YEAR`S
                 VALUE   DATE(S)  VALUE   FROM    VALUE  DATE(S)
                                          NORMAL
................................................................
TEMPERATURE (F)
RECORD
 HIGH              89   02/18/2016
 LOW              -19   12/18/2016
                        01/14/1979
HIGHEST            77   02/18        MM      MM       MM  MM
LOWEST             -9   01/01        MM      MM       MM  MM
AVG. MAXIMUM     48.5              45.5     3.0       MM
AVG. MINIMUM     15.9              19.2    -3.3       MM
MEAN             32.2              32.4    -0.2       MM
DAYS MAX >= 90      0               0.0     0.0       MM
DAYS MAX <= 32     14              16.1    -2.1       MM
DAYS MIN <= 32     85              85.0     0.0       MM
DAYS MIN <= 0       5               3.8     1.2       MM

PRECIPITATION (INCHES)
RECORD
 MAXIMUM         4.83   2007
 MINIMUM            T   2018
TOTALS              T              1.40   -1.40       MM
DAILY AVG.          T              0.02   -0.02       MM
DAYS >= .01         0              10.3   -10.3       MM
DAYS >= .10         0               4.1    -4.1       MM
DAYS >= .50         0               0.5    -0.5       MM
DAYS >= 1.00        0               0.0     0.0       MM
GREATEST
 24 HR. TOTAL       T   02/20 TO 02/20                MM
                        02/11 TO 02/11
                        02/10 TO 02/10
 STORM TOTAL       MM                                 MM
 (MM/DD(HH))            MM                                MM

DEGREE_DAYS
HEATING TOTAL    2928              2935      -7       MM
 SINCE 7/1       3884              4024    -140       MM
COOLING TOTAL       0                 0       0       MM
 SINCE 1/1          0                 0       0       MM
.................................................................

WIND (MPH)
AVERAGE WIND SPEED              12.2
RESULTANT WIND SPEED/DIRECTION   1/331
HIGHEST WIND SPEED/DIRECTION    53/010    DATE  01/10
HIGHEST GUST SPEED/DIRECTION    69/010    DATE  01/10

SKY COVER
POSSIBLE SUNSHINE (PERCENT)   MM
AVERAGE SKY COVER           0.20
NUMBER OF DAYS FAIR           65
NUMBER OF DAYS PC             17
NUMBER OF DAYS CLOUDY          8

AVERAGE RH (PERCENT)     54

WEATHER CONDITIONS. NUMBER OF DAYS WITH
THUNDERSTORM              0     MIXED PRECIP               0
HEAVY RAIN                0     RAIN                       0
LIGHT RAIN                1     FREEZING RAIN              0
LT FREEZING RAIN          1     HAIL                       0
HEAVY SNOW                0     SNOW                       0
LIGHT SNOW               13     SLEET                      0
FOG                      25     FOG W/VIS <= 1/4 MILE      4
HAZE                     20

-  INDICATES NEGATIVE NUMBERS.
R  INDICATES RECORD WAS SET OR TIED.
MM INDICATES DATA IS MISSING.
T  INDICATES TRACE AMOUNT.

$$
