000
CXUS54 KJAN 050046
CLSMEI
CLIMATE REPORT
NATIONAL WEATHER SERVICE JACKSON MS
646 PM CST MON MAR 04 2024
...................................
...THE MERIDIAN CLIMATE SUMMARY FOR THE SEASON, FROM
12/1/2023 TO 2/29/2024...
CLIMATE NORMAL PERIOD: 1991 TO 2020
CLIMATE RECORD PERIOD: 1889 TO 2024
WEATHER OBSERVED NORMAL DEPART LAST YEAR`S
VALUE DATE(S) VALUE FROM VALUE DATE(S)
NORMAL
................................................................
TEMPERATURE (F)
RECORD
HIGH 86 02/22/2018
LOW -6 02/13/1899
HIGHEST 80 02/27 MM MM 84 02/23
02/28
02/25
LOWEST 11 01/17 MM MM 12 12/23
AVG. MAXIMUM 62.7 61.3 1.4 64.7
AVG. MINIMUM 37.3 38.2 -0.9 43.2
MEAN 50.0 49.8 0.2 54.0
DAYS MAX >= 90 0 0.0 0.0 0
DAYS MAX <= 32 1 0.4 0.6 1
DAYS MIN <= 32 37 36.8 0.2 MM
DAYS MIN <= 0 0 0.0 0.0 MM
PRECIPITATION (INCHES)
RECORD
MAXIMUM 33.86 1990
MINIMUM 7.34 1981
TOTALS 14.02 16.23 -2.21 20.28
DAILY AVG. 0.15 NAN NAN 0.23
DAYS >= .01 28 30.7 -2.7 35
DAYS >= .10 17 20.9 -3.9 25
DAYS >= .50 12 10.7 1.3 12
DAYS >= 1.00 3 5.3 -2.3 7
SNOWFALL (INCHES)
RECORDS
TOTAL 18.6 1964
TOTALS 0.0 0.3 -0.3 0.0
SINCE 7/1 0.0 0.3 -0.3 MM
DAYS >= TRACE 0
DAYS >= 1.0 0 0.2 -0.2 MM
DEGREE DAYS
HEATING TOTAL 1369 1402 -33 1081
SINCE 7/1 1717 1805 -88 MM
COOLING TOTAL 21 25 -4 99
SINCE 1/1 14 16 -2 MM
FREEZE DATES
RECORD
EARLIEST MM
LATEST MM
................................................................
WIND (MPH)
AVERAGE WIND SPEED 6.3
HIGHEST WIND SPEED/DIRECTION 31/300 DATE 12/09
HIGHEST GUST SPEED/DIRECTION 48/090 DATE 02/04
SKY COVER
POSSIBLE SUNSHINE (PERCENT) MM
AVERAGE SKY COVER 0.31
NUMBER OF DAYS FAIR 53
NUMBER OF DAYS PC 22
NUMBER OF DAYS CLOUDY 16
AVERAGE RH (PERCENT) 68
WEATHER CONDITIONS. NUMBER OF DAYS WITH
THUNDERSTORM 11 MIXED PRECIP 0
HEAVY RAIN 15 RAIN 18
LIGHT RAIN 29 FREEZING RAIN 2
LT FREEZING RAIN 2 HAIL 0
HEAVY SNOW 0 SNOW 0
LIGHT SNOW 2 SLEET 0
FOG 29 FOG W/VIS <= 1/4 MILE 4
HAZE 7
- INDICATES NEGATIVE NUMBERS.
R INDICATES RECORD WAS SET OR TIED.
MM INDICATES DATA IS MISSING.
T INDICATES TRACE AMOUNT.
$$