000
CXUS55 KLKN 011033
CLSTPH


CLIMATE REPORT
NATIONAL WEATHER SERVICE ELKO NV
229 AM PST THU MAR 1 2018

...................................

...THE TONOPAH AIRPORT NV CLIMATE SUMMARY FOR THE SEASON, FROM
12/1/2017 TO 2/28/2018...

CLIMATE NORMAL PERIOD 1981 TO 2010
CLIMATE RECORD PERIOD 1954 TO 2018

WEATHER         OBSERVED          NORMAL  DEPART  LAST YEAR`S
                 VALUE   DATE(S)  VALUE   FROM    VALUE  DATE(S)
                                          NORMAL
................................................................
TEMPERATURE (F)
RECORD
 HIGH              75   02/25/1986
 LOW              -15   01/24/1962
                        01/23/1962
HIGHEST            67   01/30        64       3       61  02/15
                                                          02/09
LOWEST              6   02/24         1       5       -2  12/26
AVG. MAXIMUM     51.4              46.0     5.4     43.8
AVG. MINIMUM     22.4              21.2     1.2     22.7
MEAN             36.9              33.6     3.3     33.3
DAYS MAX >= 90      0               0.0     0.0        0
DAYS MAX <= 32      2               5.1    -3.1        7
DAYS MIN <= 32     83              84.7    -1.7       81
DAYS MIN <= 0       0               1.2    -1.2        1

PRECIPITATION (INCHES)
RECORD
 MAXIMUM         3.27   1968
 MINIMUM         0.14   1964
TOTALS           0.50              1.32   -0.82     1.31
DAILY AVG.          T              0.01   -0.01     0.01
DAYS >= .01         5              11.8    -6.8       15
DAYS >= .10         1               4.8    -3.8        5
DAYS >= .50         0               0.1    -0.1        0
DAYS >= 1.00        0               0.0     0.0        0
GREATEST
 24 HR. TOTAL    0.34   01/09 TO 01/09              0.32

DEGREE_DAYS
HEATING TOTAL    2504              2824    -320     2848
 SINCE 7/1       3580              4042    -462     3865
COOLING TOTAL       0                 0       0        0
 SINCE 1/1          0                 0       0        0
.................................................................

WIND (MPH)
AVERAGE WIND SPEED              9.0
HIGHEST WIND SPEED/DIRECTION    46/330    DATE  12/03
HIGHEST GUST SPEED/DIRECTION    55/340    DATE  12/03

AVERAGE RH (PERCENT)     45

WEATHER CONDITIONS. NUMBER OF DAYS WITH
THUNDERSTORM              0     MIXED PRECIP               0
HEAVY RAIN                0     RAIN                       1
LIGHT RAIN                4     FREEZING RAIN              0
LT FREEZING RAIN          0     HAIL                       0
HEAVY SNOW                0     SNOW                       0
LIGHT SNOW               11     SLEET                      0
FOG                      10     FOG W/VIS <= 1/4 MILE      0
HAZE                      1

-  INDICATES NEGATIVE NUMBERS.
R  INDICATES RECORD WAS SET OR TIED.
MM INDICATES DATA IS MISSING.
T  INDICATES TRACE AMOUNT.

&&

=====================================================================

...5TH WARMEST METEOROLOGICAL WINTER (DECEMBER - FEBRUARY) ON RECORD
IN TONOPAH WITH AN AVERAGE TEMPERATURE OF 36.9 DEGREES...

$$

DS
