000
CXUS51 KBTV 010700
CF61V4
PRELIMINARY LOCAL CLIMATOLOGICAL DATA (WS FORM: F-6)
STATION: SAINT JOHNSBURY VT ASOS
MONTH: AUGUST
YEAR: 2020
LATITUDE: 44 25 N
LONGITUDE: 72 1 W
TEMPERATURE IN F: :PCPN: SNOW: WIND :SUNSHINE: SKY :PK WND
================================================================================
1 2 3 4 5 6A 6B 7 8 9 10 11 12 13 14 15 16 17 18
12Z AVG MX 2MIN
DY MAX MIN AVG DEP HDD CDD WTR SNW DPTH SPD SPD DIR MIN PSBL S-S WX SPD DR
================================================================================
1 86 56 71 1 0 6 0.00 M M M M M M M 0 M M
2 79 60 70 1 0 5 0.00 M M M M M M M 0 M M
3 79 62 71 2 0 6 0.00 M M M M M M M 0 M M
4 71 59 65 -4 0 0 0.58 M M M M M M M 0 M M
5 81 55 68 -1 0 3 0.00 M M M M M M M 0 M M
6 77 50 64 -5 1 0 0.00 M M M M M M M 0 M M
7 80 51 66 -3 0 1 0.00 M M M M M M M 0 M M
8 83 55 69 0 0 4 0.00 M M M M M M M 0 M M
9 84 60 72 3 0 7 0.15 M M M M M M M 0 M M
10 84 66 75 6 0 10 0.12 M M M M M M M 0 M M
11 91 64 78 9 0 13 0.12 M M M M M M M 0 M M
12 85 62 74 6 0 9 0.08 M M M M M M M 0 M M
13 86 57 72 4 0 7 0.00 M M M M M M M 0 M M
14 83 58 71 3 0 6 0.00 M M M M M M M 0 M M
15 82 53 68 0 0 3 0.00 M M M M M M M 0 M M
16 79 55 67 -1 0 2 0.00 M M M M M M M 0 M M
17 80 54 67 -1 0 2 0.01 M M M M M M M 0 M M
18 77 55 66 -2 0 1 0.29 M M M M M M M 0 M M
19 73 51 62 -6 3 0 0.02 M M M M M M M 0 M M
20 73 47 60 -8 5 0 0.00 M M M M M M M 0 M M
21 78 58 68 1 0 3 0.02 M M M M M M M 0 M M
22 80 57 69 2 0 4 0.00 M M M M M M M 0 M M
23 82 53 68 1 0 3 0.01 M M M M M M M 0 M M
24 83 64 74 7 0 9 0.03 M M M M M M M 0 M M
25 81 60 71 4 0 6 0.00 M M M M M M M 0 M M
26 67 48 58 -8 7 0 0.00 M M M M M M M 0 M M
27 67 42 55 -11 10 0 0.00 M M M M M M M 0 M M
28 76 51 64 -2 1 0 0.00 M M M M M M M 0 M M
29 67 53 60 -6 5 0 0.56 M M M M M M M 0 M M
30 66 51 59 -7 6 0 0.00 M M M M M M M 0 M M
31 73 47 60 -5 5 0 0.00 M M M M M M M 0 M M
================================================================================
SM 2433 1714 43 110 1.99 M M M 0
================================================================================
AV 78.5 55.3 M FASTST M M 0 MAX(MPH)
MISC ----> M M M M
================================================================================
NOTES:
# LAST OF SEVERAL OCCURRENCES
COLUMN 17 PEAK WIND IN M.P.H.
PRELIMINARY LOCAL CLIMATOLOGICAL DATA (WS FORM: F-6) , PAGE 2
STATION: SAINT JOHNSBURY VT ASOS
MONTH: AUGUST
YEAR: 2020
LATITUDE: 44 25 N
LONGITUDE: 72 1 W
[TEMPERATURE DATA] [PRECIPITATION DATA] SYMBOLS USED IN COLUMN 16
AVERAGE MONTHLY: 66.9 TOTAL FOR MONTH: 1.99 1 = FOG OR MIST
DPTR FM NORMAL: -0.9 DPTR FM NORMAL: -2.23 2 = FOG REDUCING VISIBILITY
HIGHEST: 91 ON 11 GRTST 24HR 0.58 ON 4- 4 TO 1/4 MILE OR LESS
LOWEST: 42 ON 27 3 = THUNDER
SNOW, ICE PELLETS, HAIL 4 = ICE PELLETS
TOTAL MONTH: M 5 = HAIL
GRTST 24HR M ON M 6 = FREEZING RAIN OR DRIZZLE
GRTST DEPTH: M ON M 7 = DUSTSTORM OR SANDSTORM:
VSBY 1/2 MILE OR LESS
8 = SMOKE OR HAZE
[NO. OF DAYS WITH] [WEATHER - DAYS WITH] 9 = BLOWING SNOW
X = TORNADO
MAX 32 OR BELOW: 0 0.01 INCH OR MORE: 12
MAX 90 OR ABOVE: 1 0.10 INCH OR MORE: 6
MIN 32 OR BELOW: 0 0.50 INCH OR MORE: 2
MIN 0 OR BELOW: 0 1.00 INCH OR MORE: 0
[HDD (BASE 65) ]
TOTAL THIS MO. 43 CLEAR (SCALE 0-3) 31
DPTR FM NORMAL 8 PTCLDY (SCALE 4-7) 0
TOTAL FM JUL 1 43 CLOUDY (SCALE 8-10) 0
DPTR FM NORMAL -9
[CDD (BASE 65) ]
TOTAL THIS MO. 110
DPTR FM NORMAL -11 [PRESSURE DATA]
TOTAL FM JAN 1 506 HIGHEST SLP M ON M
DPTR FM NORMAL 108 LOWEST SLP 29.34 ON 29
[REMARKS]
#FINAL-08-20#