000
CXUS51 KBTV 010700
CF61V4
PRELIMINARY LOCAL CLIMATOLOGICAL DATA (WS FORM: F-6)
STATION: SAINT JOHNSBURY VT ASOS
MONTH: AUGUST
YEAR: 2023
LATITUDE: 44 25 N
LONGITUDE: 72 1 W
TEMPERATURE IN F: :PCPN: SNOW: WIND :SUNSHINE: SKY :PK WND
================================================================================
1 2 3 4 5 6A 6B 7 8 9 10 11 12 13 14 15 16 17 18
12Z AVG MX 2MIN
DY MAX MIN AVG DEP HDD CDD WTR SNW DPTH SPD SPD DIR MIN PSBL S-S WX SPD DR
================================================================================
1 72 53 63 -5 2 0 0.00 M M M M M M M 0 M M
2 74 49 62 -6 3 0 0.00 M M M M M M M 0 M M
3 77 53 65 -3 0 0 0.00 M M M M M M M 0 M M
4 73 62 68 0 0 3 0.24 M M M M M M M 0 M M
5 77 60 69 1 0 4 0.00 M M M M M M M 0 M M
6 81 58 70 2 0 5 0.00 M M M M M M M 0 M M
7 70 58 64 -4 1 0 0.15 M M M M M M M 0 M M
8 81 64 73 5 0 8 0.56 M M M M M M M 0 M M
9 80 62 71 3 0 6 0.08 M M M M M M M 0 M M
10 83 59 71 3 0 6 1.42 M M M M M M M 0 M M
11 74 60 67 0 0 2 0.02 M M M M M M M 0 M M
12 80 55 68 1 0 3 0.06 M M M M M M M 0 M M
13 80 62 71 4 0 6 0.30 M M M M M M M 0 M M
14 74 59 67 0 0 2 0.00 M M M M M M M 0 M M
15 73 60 67 0 0 2 0.04 M M M M M M M 0 M M
16 72 64 68 1 0 3 0.18 M M M M M M M 0 M M
17 77 66 72 5 0 7 0.00 M M M M M M M 0 M M
18 79 62 71 5 0 6 0.16 M M M M M M M 0 M M
19 69 59 64 -2 1 0 0.02 M M M M M M M 0 M M
20 81 57 69 3 0 4 0.00 M M M M M M M 0 M M
21 76 59 68 2 0 3 0.00 M M M M M M M 0 M M
22 M M M M M M M M M M M M M M M M M
23 78 55 67 1 0 2 0.00 M M M M M M M 0 M M
24 79 51 65 0 0 0 0.47 M M M M M M M 0 M M
25 65 58 62 -3 3 0 0.35 M M M M M M M 0 M M
26 77 63 70 5 0 5 0.03 M M M M M M M 0 M M
27 77 59 68 3 0 3 0.05 M M M M M M M 0 M M
28 81 56 69 4 0 4 0.02 M M M M M M M 0 M M
29 81 64 73 9 0 8 0.03 M M M M M M M 0 M M
30 77 61 69 5 0 4 0.92 M M M M M M M 0 M M
31 69 49 59 -5 6 0 0.00 M M M M M M M 0 M M
================================================================================
SM 2287 1757 16 96 5.10 M M M 0
================================================================================
AV 76.2 58.6 M FASTST M M 0 MAX(MPH)
MISC ----> M M M M
================================================================================
NOTES:
# LAST OF SEVERAL OCCURRENCES
COLUMN 17 PEAK WIND IN M.P.H.
PRELIMINARY LOCAL CLIMATOLOGICAL DATA (WS FORM: F-6) , PAGE 2
STATION: SAINT JOHNSBURY VT ASOS
MONTH: AUGUST
YEAR: 2023
LATITUDE: 44 25 N
LONGITUDE: 72 1 W
[TEMPERATURE DATA] [PRECIPITATION DATA] SYMBOLS USED IN COLUMN 16
AVERAGE MONTHLY: 67.4 TOTAL FOR MONTH: 5.10 1 = FOG OR MIST
DPTR FM NORMAL: 0.8 DPTR FM NORMAL: 1.27 2 = FOG REDUCING VISIBILITY
HIGHEST: 83 ON 10 GRTST 24HR 1.42 ON 10-10 TO 1/4 MILE OR LESS
LOWEST: 49 ON 31, 2 3 = THUNDER
SNOW, ICE PELLETS, HAIL 4 = ICE PELLETS
TOTAL MONTH: M 5 = HAIL
GRTST 24HR M ON M 6 = FREEZING RAIN OR DRIZZLE
GRTST DEPTH: M ON M 7 = DUSTSTORM OR SANDSTORM:
VSBY 1/2 MILE OR LESS
8 = SMOKE OR HAZE
[NO. OF DAYS WITH] [WEATHER - DAYS WITH] 9 = BLOWING SNOW
X = TORNADO
MAX 32 OR BELOW: 0 0.01 INCH OR MORE: 19
MAX 90 OR ABOVE: 0 0.10 INCH OR MORE: 10
MIN 32 OR BELOW: 0 0.50 INCH OR MORE: 3
MIN 0 OR BELOW: 0 1.00 INCH OR MORE: 1
[HDD (BASE 65) ]
TOTAL THIS MO. 16 CLEAR (SCALE 0-3) 30
DPTR FM NORMAL -30 PTCLDY (SCALE 4-7) 0
TOTAL FM JUL 1 16 CLOUDY (SCALE 8-10) 1
DPTR FM NORMAL -53
[CDD (BASE 65) ]
TOTAL THIS MO. 96
DPTR FM NORMAL 2 [PRESSURE DATA]
TOTAL FM JAN 1 416 HIGHEST SLP M ON M
DPTR FM NORMAL 115 LOWEST SLP M ON M
[REMARKS]
#FINAL-08-23#