000
CXUS55 KBOU 010900
CF620V
PRELIMINARY LOCAL CLIMATOLOGICAL DATA (WS FORM: F-6)
STATION: KREMMLING
MONTH: SEPTEMBER
YEAR: 2021
LATITUDE: 40 3 N
LONGITUDE: 106 22 W
TEMPERATURE IN F: :PCPN: SNOW: WIND :SUNSHINE: SKY :PK WND
================================================================================
1 2 3 4 5 6A 6B 7 8 9 10 11 12 13 14 15 16 17 18
12Z AVG MX 2MIN
DY MAX MIN AVG DEP HDD CDD WTR SNW DPTH SPD SPD DIR MIN PSBL S-S WX SPD DR
================================================================================
1 73 48 61 M 4 0 0.14 M M 1.1 10 250 M M 6 M M
2 70 50 60 M 5 0 0.22 M M 1.2 8 190 M M 8 M M
3 73 45 59 M 6 0 0.11 M M 1.8 12 360 M M 5 28 0
4 75 41 58 M 7 0 0.00 M M 1.4 10 320 M M 4 12 18 310
5 79 34 57 M 8 0 0.00 M M 1.9 12 350 M M 0 20 350
6 81 34 58 M 7 0 0.00 M M 2.4 14 350 M M 0 25 350
7 82 34 58 M 7 0 0.00 M M 2.0 12 340 M M 0 21 340
8 86 34 60 M 5 0 0.00 M M 1.5 12 350 M M 0 21 350
9 88 34 61 M 4 0 0.00 M M 1.0 7 10 M M 0 M M
10 88 34 61 M 4 0 0.00 M M 3.8 14 260 M M 0 20 250
11 82 37 60 M 5 0 0.00 M M 5.9 20 250 M M 1 31 350
12 75 45 60 M 5 0 0.00 M M 2.9 12 350 M M 6 25 290
13 73 37 55 M 10 0 0.01 M M 4.1 22 320 M M 4 36 250
14 77 39 58 M 7 0 0.02 M M 4.2 13 320 M M 2 3 23 330
15 81 32 57 M 8 0 0.00 M M 2.1 9 210 M M 0 21 220
16 79 32 56 M 9 0 0.00 M M 4.8 22 M M M 1 33 250
17 79 37 58 M 7 0 0.00 M M 4.7 15 240 M M 1 24 220
18 82 30 56 M 9 0 0.00 M M 5.2 18 230 M M 3 31 230
19 73 41 57 M 8 0 0.08 M M 7.5 18 220 M M 5 29 220
20 55 36 46 M 19 0 0.17 M M 5.2 15 340 M M 5 3 25 290
21 64 30 47 M 18 0 0.00 M M 3.4 12 340 M M 1 18 210
22 73 27 50 M 15 0 0.00 M M 2.1 14 210 M M 0 20 210
23 75 30 53 M 12 0 0.00 M M 2.2 9 70 M M 1 16 230
24 73 32 53 M 12 0 0.00 M M 2.7 13 330 M M 0 24 330
25 79 30 55 M 10 0 0.00 M M 3.0 15 260 M M 0 23 230
26 79 30 55 M 10 0 0.00 M M 1.8 9 330 M M 0 M M
27 81 32 57 M 8 0 0.00 M M 2.0 12 40 M M 1 25 40
28 68 37 53 M 12 0 0.48 M M 1.8 14 240 M M 6 38 120
29 59 43 51 M 14 0 0.15 M M 3.1 10 350 M M 7 25 270
30 63 41 52 M 13 0 0.00 M M 4.4 15 320 M M 5 22 330
================================================================================
SM 2265 1086 268 0 1.38 M 91.0 M 72
================================================================================
AV 75.5 36.2 3.0 FASTST M M 2 MAX(MPH)
MISC ----> 22 320 38 120
================================================================================
NOTES:
# LAST OF SEVERAL OCCURRENCES
COLUMN 17 PEAK WIND IN M.P.H.
PRELIMINARY LOCAL CLIMATOLOGICAL DATA (WS FORM: F-6) , PAGE 2
STATION: KREMMLING
MONTH: SEPTEMBER
YEAR: 2021
LATITUDE: 40 3 N
LONGITUDE: 106 22 W
[TEMPERATURE DATA] [PRECIPITATION DATA] SYMBOLS USED IN COLUMN 16
AVERAGE MONTHLY: 55.9 TOTAL FOR MONTH: 1.38 1 = FOG OR MIST
DPTR FM NORMAL: 0.0 DPTR FM NORMAL: M 2 = FOG REDUCING VISIBILITY
HIGHEST: 88 ON 10, 9 GRTST 24HR 0.48 ON 28-28 TO 1/4 MILE OR LESS
LOWEST: 27 ON 22 3 = THUNDER
SNOW, ICE PELLETS, HAIL 4 = ICE PELLETS
TOTAL MONTH: M 5 = HAIL
GRTST 24HR M ON M 6 = FREEZING RAIN OR DRIZZLE
GRTST DEPTH: M ON M 7 = DUSTSTORM OR SANDSTORM:
VSBY 1/2 MILE OR LESS
8 = SMOKE OR HAZE
[NO. OF DAYS WITH] [WEATHER - DAYS WITH] 9 = BLOWING SNOW
X = TORNADO
MAX 32 OR BELOW: 0 0.01 INCH OR MORE: 9
MAX 90 OR ABOVE: 0 0.10 INCH OR MORE: 6
MIN 32 OR BELOW: 10 0.50 INCH OR MORE: 0
MIN 0 OR BELOW: 0 1.00 INCH OR MORE: 0
[HDD (BASE 65) ]
TOTAL THIS MO. 268 CLEAR (SCALE 0-3) 19
DPTR FM NORMAL M PTCLDY (SCALE 4-7) 11
TOTAL FM JUL 1 406 CLOUDY (SCALE 8-10) 0
DPTR FM NORMAL M
[CDD (BASE 65) ]
TOTAL THIS MO. 0
DPTR FM NORMAL M [PRESSURE DATA]
TOTAL FM JAN 1 79 HIGHEST SLP M ON M
DPTR FM NORMAL M LOWEST SLP M ON M
[REMARKS]
#FINAL-09-21#