000
CXUS54 KEWX 132133
CF63T5
PRELIMINARY LOCAL CLIMATOLOGICAL DATA (WS FORM: F-6)
STATION: LA GRANGE
MONTH: DECEMBER
YEAR: 2020
LATITUDE: 29 54 N
LONGITUDE: 96 57 W
TEMPERATURE IN F: :PCPN: SNOW: WIND :SUNSHINE: SKY :PK WND
================================================================================
1 2 3 4 5 6A 6B 7 8 9 10 11 12 13 14 15 16 17 18
12Z AVG MX 2MIN
DY MAX MIN AVG DEP HDD CDD WTR SNW DPTH SPD SPD DIR MIN PSBL S-S WX SPD DR
================================================================================
1 65 27 46 M 19 0 0.00 M M 5.3 15 180 M M 1 24 180
2 67 47 57 M 8 0 0.00 M M 5.1 14 340 M M 5 23 350
3 57 40 49 M 16 0 0.00 M M 10.3 16 340 M M 1 23 350
4 59 36 48 M 17 0 0.00 M M 4.0 12 340 M M 1 8 M M
5 54 34 44 M 21 0 0.01 M M 0.8 6 330 M M 7 1 M M
6 67 36 52 M 13 0 0.00 M M 4.0 14 330 M M 1 1 21 290
7 69 35 52 M 13 0 0.00 M M 2.6 10 350 M M 0 16 350
8 77 37 57 M 8 0 0.00 0.0 0 1.2 8 320 M M 0 M M
9 82 37 60 M 5 0 0.00 0.0 0 2.0 6 220 M M 0 8 M M
10 79 39 59 M 6 0 0.00 M M 4.8 13 210 M M 0 21 210
11 73 56 65 M 0 0 0.06 M M 1.4 8 150 M M 7 12 M M
12 65 51 58 M 7 0 0.00 M M 4.7 14 340 M M 4 12 18 20
13 64 44 54 M 11 0 0.12 M M 9.0 26 340 M M 9 1 36 340
14 51 39 45 M 20 0 0.00 M M 6.6 20 350 M M 7 26 350
15 58 45 52 M 13 0 0.00 M M 3.2 12 350 M M 7 1 17 160
16 54 33 44 M 21 0 0.00 M M 5.4 12 330 M M 0 1 21 10
17 62 27 45 M 20 0 0.00 M M 2.0 7 180 M M 0 M M
18 67 39 53 M 12 0 0.00 M M 5.1 14 150 M M 5 20 150
19 67 44 56 M 9 0 0.01 M M 3.3 10 330 M M 7 1 17 330
20 70 36 53 M 12 0 0.00 M M 1.9 10 340 M M 0 1 M M
21 74 35 55 M 10 0 0.00 M M 3.2 13 210 M M 0 18 210
22 73 43 58 M 7 0 0.00 M M 6.1 16 170 M M 7 2 23 170
23 77 52 65 M 0 0 0.00 M M 9.4 23 350 M M 7 38 360
24 57 37 47 M 18 0 0.00 M M 12.6 30 350 M M 2 43 350
25 69 33 51 M 14 0 0.00 M M 2.5 8 180 M M 0 M M
26 72 35 54 M 11 0 0.00 M M 7.0 15 190 M M 0 20 210
27 78 46 62 M 3 0 0.00 M M 7.1 18 190 M M 3 12 25 210
28 78 54 66 M 0 1 0.00 M M 5.4 13 120 M M 8 1 18 120
29 78 60 69 M 0 4 0.04 M M 10.9 18 160 M M 9 30 160
30 77 48 63 M 2 0 0.12 M M 9.4 16 160 M M 10 24 160
31 48 40 44 M 21 0 0.98 M M 10.0 18 330 M M 10 13 23 10
================================================================================
SM 2088 1265 337 5 1.34 0.0 166.2 M 118
================================================================================
AV 67.4 40.8 5.4 FASTST M M 4 MAX(MPH)
MISC ----> 30 350 43 350
================================================================================
NOTES:
# LAST OF SEVERAL OCCURRENCES
COLUMN 17 PEAK WIND IN M.P.H.
PRELIMINARY LOCAL CLIMATOLOGICAL DATA (WS FORM: F-6) , PAGE 2
STATION: LA GRANGE
MONTH: DECEMBER
YEAR: 2020
LATITUDE: 29 54 N
LONGITUDE: 96 57 W
[TEMPERATURE DATA] [PRECIPITATION DATA] SYMBOLS USED IN COLUMN 16
AVERAGE MONTHLY: 54.1 TOTAL FOR MONTH: 1.34 1 = FOG OR MIST
DPTR FM NORMAL: 0.0 DPTR FM NORMAL: M 2 = FOG REDUCING VISIBILITY
HIGHEST: 82 ON 9 GRTST 24HR 0.98 ON 31-31 TO 1/4 MILE OR LESS
LOWEST: 27 ON 17, 1 3 = THUNDER
SNOW, ICE PELLETS, HAIL 4 = ICE PELLETS
TOTAL MONTH: 0.0 INCH 5 = HAIL
GRTST 24HR 0.0 6 = FREEZING RAIN OR DRIZZLE
GRTST DEPTH: 0 7 = DUSTSTORM OR SANDSTORM:
VSBY 1/2 MILE OR LESS
8 = SMOKE OR HAZE
[NO. OF DAYS WITH] [WEATHER - DAYS WITH] 9 = BLOWING SNOW
X = TORNADO
MAX 32 OR BELOW: 0 0.01 INCH OR MORE: 7
MAX 90 OR ABOVE: 0 0.10 INCH OR MORE: 3
MIN 32 OR BELOW: 2 0.50 INCH OR MORE: 1
MIN 0 OR BELOW: 0 1.00 INCH OR MORE: 0
[HDD (BASE 65) ]
TOTAL THIS MO. 337 CLEAR (SCALE 0-3) 16
DPTR FM NORMAL M PTCLDY (SCALE 4-7) 11
TOTAL FM JUL 1 488 CLOUDY (SCALE 8-10) 4
DPTR FM NORMAL M
[CDD (BASE 65) ]
TOTAL THIS MO. 5
DPTR FM NORMAL M [PRESSURE DATA]
TOTAL FM JAN 1 3346 HIGHEST SLP M ON M
DPTR FM NORMAL M LOWEST SLP M ON M
[REMARKS]
#FINAL-12-20#