711
CXUS54 KEWX 011010
CF63T5
PRELIMINARY LOCAL CLIMATOLOGICAL DATA (WS FORM: F-6)
STATION: LA GRANGE
MONTH: AUGUST
YEAR: 2020
LATITUDE: 29 54 N
LONGITUDE: 96 57 W
TEMPERATURE IN F: :PCPN: SNOW: WIND :SUNSHINE: SKY :PK WND
================================================================================
1 2 3 4 5 6A 6B 7 8 9 10 11 12 13 14 15 16 17 18
12Z AVG MX 2MIN
DY MAX MIN AVG DEP HDD CDD WTR SNW DPTH SPD SPD DIR MIN PSBL S-S WX SPD DR
================================================================================
1 93 76 85 M 0 20 0.00 M M 4.7 9 130 M M 4 3 M M
2 97 73 85 M 0 20 0.00 M M 2.3 13 150 M M 2 13 20 150
3 100 71 86 M 0 21 0.00 M M 2.7 13 330 M M 2 20 330
4 99 76 88 M 0 23 0.00 M M 4.1 13 190 M M 3 16 190
5 98 75 87 M 0 22 0.00 M M 7.3 13 170 M M 0 17 150
6 98 75 87 M 0 22 0.00 M M 7.2 14 160 M M 0 22 160
7 99 74 87 M 0 22 0.00 M M 6.2 10 140 M M 2 20 160
8 99 74 87 M 0 22 0.00 M M 5.7 14 150 M M 2 1 20 150
9 100 75 88 M 0 23 0.00 M M 7.4 15 170 M M 2 22 160
10 100 76 88 M 0 23 0.00 M M 7.9 14 150 M M 2 1 21 160
11 102 77 90 M 0 25 0.00 M M 7.1 14 160 M M 4 21 150
12 102 78 90 M 0 25 0.00 M M 7.5 14 190 M M 3 20 200
13 102 78 90 M 0 25 0.00 M M 6.9 10 180 M M 2 1 17 160
14 103 78 91 M 0 26 0.00 M M 8.1 13 170 M M 2 20 170
15 104 78 91 M 0 26 0.00 M M 6.5 13 200 M M 0 21 200
16 104 78 91 M 0 26 0.00 M M 4.8 9 150 M M 1 M M
17 98 76 87 M 0 22 0.00 M M 3.8 12 20 M M 2 18 20
18 102 73 88 M 0 23 0.00 M M 3.5 27 280 M M 2 3 33 280
19 102 71 87 M 0 22 0.00 M M 3.8 15 330 M M 0 17 350
20 101 69 85 M 0 20 0.00 M M 2.8 9 20 M M 0 M M
21 102 74 88 M 0 23 0.00 M M 4.6 16 160 M M 3 8 21 160
22 88 71 80 M 0 15 0.14 M M 1.7 7 280 M M 2 3 M M
23 99 69 84 M 0 19 0.00 M M 2.6 9 70 M M 2 1 M M
24 98 73 86 M 0 21 0.00 M M 3.6 8 80 M M 2 1 M M
25 102 73 88 M 0 23 0.00 M M 3.6 12 360 M M 2 16 30
26 95 78 87 M 0 22 0.16 M M 3.5 7 60 M M 6 3 M M
27 100 76 88 M 0 23 0.00 M M 4.3 9 190 M M 1 M M
28 103 81 92 M 0 27 0.00 M M 9.5 17 120 M M 4 1 31 120
29 103 78 91 M 0 26 0.00 M M 6.0 12 160 M M 3 M M
30 102 77 90 M 0 25 0.00 M M 7.0 13 170 M M 5 1 21 160
31 102 81 92 M 0 27 0.00 M M 8.8 17 170 M M 5 1 27 180
================================================================================
SM 3097 2332 0 709 0.30 M 165.5 M 70
================================================================================
AV 99.9 75.2 5.3 FASTST M M 2 MAX(MPH)
MISC ----> # 27 280 # 33 280
================================================================================
NOTES:
# LAST OF SEVERAL OCCURRENCES
COLUMN 17 PEAK WIND IN M.P.H.
PRELIMINARY LOCAL CLIMATOLOGICAL DATA (WS FORM: F-6) , PAGE 2
STATION: LA GRANGE
MONTH: AUGUST
YEAR: 2020
LATITUDE: 29 54 N
LONGITUDE: 96 57 W
[TEMPERATURE DATA] [PRECIPITATION DATA] SYMBOLS USED IN COLUMN 16
AVERAGE MONTHLY: 87.6 TOTAL FOR MONTH: 0.30 1 = FOG OR MIST
DPTR FM NORMAL: M DPTR FM NORMAL: M 2 = FOG REDUCING VISIBILITY
HIGHEST: 104 ON 16,15 GRTST 24HR 0.16 ON 26-26 TO 1/4 MILE OR LESS
LOWEST: 69 ON 23,20 3 = THUNDER
SNOW, ICE PELLETS, HAIL 4 = ICE PELLETS
TOTAL MONTH: M 5 = HAIL
GRTST 24HR M ON M 6 = FREEZING RAIN OR DRIZZLE
GRTST DEPTH: M ON M 7 = DUSTSTORM OR SANDSTORM:
VSBY 1/2 MILE OR LESS
8 = SMOKE OR HAZE
[NO. OF DAYS WITH] [WEATHER - DAYS WITH] 9 = BLOWING SNOW
X = TORNADO
MAX 32 OR BELOW: 0 0.01 INCH OR MORE: 2
MAX 90 OR ABOVE: 30 0.10 INCH OR MORE: 2
MIN 32 OR BELOW: 0 0.50 INCH OR MORE: 0
MIN 0 OR BELOW: 0 1.00 INCH OR MORE: 0
[HDD (BASE 65) ]
TOTAL THIS MO. 0 CLEAR (SCALE 0-3) 24
DPTR FM NORMAL M PTCLDY (SCALE 4-7) 7
TOTAL FM JUL 1 0 CLOUDY (SCALE 8-10) 0
DPTR FM NORMAL M
[CDD (BASE 65) ]
TOTAL THIS MO. 709
DPTR FM NORMAL M [PRESSURE DATA]
TOTAL FM JAN 1 2554 HIGHEST SLP M ON M
DPTR FM NORMAL M LOWEST SLP M ON M
[REMARKS]
#FINAL-08-20#