000
CXUS53 KABR 011100
CF68D3
PRELIMINARY LOCAL CLIMATOLOGICAL DATA (WS FORM: F-6)
STATION: SISSETON SD
MONTH: OCTOBER
YEAR: 2022
LATITUDE: 45 40 N
LONGITUDE: 96 59 W
TEMPERATURE IN F: :PCPN: SNOW: WIND :SUNSHINE: SKY :PK WND
================================================================================
1 2 3 4 5 6A 6B 7 8 9 10 11 12 13 14 15 16 17 18
12Z AVG MX 2MIN
DY MAX MIN AVG DEP HDD CDD WTR SNW DPTH SPD SPD DIR MIN PSBL S-S WX SPD DR
================================================================================
1 75 47 61 7 4 0 0.03 0.0 0 9.1 23 140 M M 0 32 140
2 69 50 60 6 5 0 0.08 0.0 0 12.3 22 140 M M 0 30 160
3 78 56 67 14 0 2 0.00 0.0 0 8.5 22 190 M M 0 29 200
4 75 54 65 12 0 0 0.00 0.0 0 6.0 15 200 M M 0 17 220
5 80 54 67 15 0 2 0.00 0.0 0 9.5 29 360 M M 0 37 360
6 53 36 45 -7 20 0 0.00 0.0 0 17.5 29 350 M M 0 37 340
7 53 28 41 -10 24 0 0.00 0.0 0 8.3 15 240 M M 0 22 260
8 71 44 58 7 7 0 0.00 0.0 0 12.2 24 250 M M 0 32 250
9 67 37 52 2 13 0 0.00 0.0 0 8.3 20 350 M M 0 31 350
10 76 30 53 3 12 0 0.00 0.0 0 8.2 21 150 M M 0 28 160
11 84 54 69 20 0 4 0.00 0.0 0 17.9 29 330 M M 0 40 210
12 58 33 46 -3 19 0 0.00 0.0 0 15.2 40 320 M M 0 53 310
13 46 34 40 -8 25 0 0.00 0.0 0 15.6 29 320 M M 0 39 310
14 46 29 38 -10 27 0 0.02 T 0 13.5 35 320 M M 0 42 320
15 59 31 45 -2 20 0 0.00 0.0 0 16.2 29 320 M M 0 37 310
16 48 26 37 -10 28 0 0.00 0.0 0 16.9 30 340 M M 0 38 320
17 39 16 28 -18 37 0 0.00 0.0 0 13.7 26 340 M M 0 33 350
18 44 13 29 -17 36 0 0.00 0.0 0 7.2 16 320 M M 0 26 350
19 64 19 42 -3 23 0 0.00 0.0 0 7.0 16 250 M M 0 20 270
20 73 36 55 10 10 0 0.00 0.0 0 10.2 25 220 M M 0 34 230
21 68 47 58 14 7 0 0.00 0.0 0 10.9 24 320 M M 0 35 250
22 74 41 58 14 7 0 0.00 0.0 0 7.7 17 120 M M 0 22 120
23 76 35 56 13 9 0 0.12 0.0 0 14.3 36 140 M M 0 46 150
24 62 38 50 7 15 0 0.00 0.0 0 19.2 35 230 M M 0 53 220
25 59 33 46 4 19 0 0.02 T 0 11.6 23 310 M M 0 31 290
26 57 26 42 0 23 0 0.00 0.0 0 6.1 14 120 M M 0 19 110
27 56 40 48 7 17 0 0.06 0.0 0 15.4 28 230 M M 0 37 200
28 67 44 56 15 9 0 0.00 0.0 0 14.0 23 220 M M 0 32 230
29 66 41 54 14 11 0 0.00 0.0 0 10.3 21 230 M M 0 27 220
30 66 33 50 10 15 0 0.00 0.0 0 4.4 12 320 M M 0 14 320
31 71 34 53 14 12 0 0.00 0.0 0 10.4 17 220 M M 0 25 250
================================================================================
SM 1980 1139 454 8 0.33 T 357.6 M 0
================================================================================
AV 63.9 36.7 11.5 FASTST M M 0 MAX(MPH)
MISC ----> 40 320 # 53 310
================================================================================
NOTES:
# LAST OF SEVERAL OCCURRENCES
COLUMN 17 PEAK WIND IN M.P.H.
PRELIMINARY LOCAL CLIMATOLOGICAL DATA (WS FORM: F-6) , PAGE 2
STATION: SISSETON SD
MONTH: OCTOBER
YEAR: 2022
LATITUDE: 45 40 N
LONGITUDE: 96 59 W
[TEMPERATURE DATA] [PRECIPITATION DATA] SYMBOLS USED IN COLUMN 16
AVERAGE MONTHLY: 50.3 TOTAL FOR MONTH: 0.33 1 = FOG OR MIST
DPTR FM NORMAL: 3.5 DPTR FM NORMAL: -2.00 2 = FOG REDUCING VISIBILITY
HIGHEST: 84 ON 11 GRTST 24HR 0.13 ON 23-23 TO 1/4 MILE OR LESS
LOWEST: 13 ON 18 3 = THUNDER
SNOW, ICE PELLETS, HAIL 4 = ICE PELLETS
TOTAL MONTH: T 5 = HAIL
GRTST 24HR T ON 14-14 6 = FREEZING RAIN OR DRIZZLE
GRTST DEPTH: 0 7 = DUSTSTORM OR SANDSTORM:
VSBY 1/2 MILE OR LESS
8 = SMOKE OR HAZE
[NO. OF DAYS WITH] [WEATHER - DAYS WITH] 9 = BLOWING SNOW
X = TORNADO
MAX 32 OR BELOW: 0 0.01 INCH OR MORE: 6
MAX 90 OR ABOVE: 0 0.10 INCH OR MORE: 1
MIN 32 OR BELOW: 9 0.50 INCH OR MORE: 0
MIN 0 OR BELOW: 0 1.00 INCH OR MORE: 0
[HDD (BASE 65) ]
TOTAL THIS MO. 454 CLEAR (SCALE 0-3) 31
DPTR FM NORMAL -117 PTCLDY (SCALE 4-7) 0
TOTAL FM JUL 1 554 CLOUDY (SCALE 8-10) 0
DPTR FM NORMAL -236
[CDD (BASE 65) ]
TOTAL THIS MO. 8
DPTR FM NORMAL 3 [PRESSURE DATA]
TOTAL FM JAN 1 922 HIGHEST SLP 30.65 ON 7
DPTR FM NORMAL 355 LOWEST SLP 29.19 ON 24
[REMARKS]
#FINAL-10-22#