000
CXUS52 KTAE 010800
CF6AAF
PRELIMINARY LOCAL CLIMATOLOGICAL DATA (WS FORM: F-6)
STATION: APALACHICOLA
MONTH: MARCH
YEAR: 2023
LATITUDE: 29 43 N
LONGITUDE: 85 2 W
TEMPERATURE IN F: :PCPN: SNOW: WIND :SUNSHINE: SKY :PK WND
================================================================================
1 2 3 4 5 6A 6B 7 8 9 10 11 12 13 14 15 16 17 18
12Z AVG MX 2MIN
DY MAX MIN AVG DEP HDD CDD WTR SNW DPTH SPD SPD DIR MIN PSBL S-S WX SPD DR
================================================================================
1 74 70 72 13 0 7 0.00 M M 7.7 13 190 M M 5 12 18 180
2 74 70 72 13 0 7 0.00 0.0 0 10.1 16 190 M M 1 1 21 170
3 75 69 72 12 0 7 T 0.0 0 14.2 20 190 M M 0 1 27 180
4 79 61 70 10 0 5 T 0.0 0 7.5 20 270 M M 0 1 25 270
5 79 54 67 7 0 2 0.00 0.0 0 4.7 14 150 M M 0 1 19 110
6 80 59 70 10 0 5 0.00 0.0 0 4.6 14 210 M M 3 128 17 210
7 84 65 75 15 0 10 0.00 0.0 0 7.1 18 250 M M 1 12 24 270
8 77 61 69 9 0 4 0.00 0.0 M 7.8 17 100 M M 1 1 24 100
9 70 63 67 6 0 2 0.00 0.0 0 8.3 15 120 M M 0 20 120
10 73 66 70 9 0 5 T 0.0 0 8.1 17 250 M M 0 1 22 230
11 71 51 61 0 4 0 0.00 0.0 M 6.3 15 200 M M 0 19 210
12 75 68 72 11 0 7 0.41 0.0 0 12.1 23 240 M M 0 28 240
13 73 60 67 6 0 2 0.76 0.0 0 M 17 10 M M M 13 24 10
14 67 48 58 -3 7 0 0.00 0.0 0 9.4 16 20 M M 0 21 10
15 61 42 52 -10 13 0 0.00 0.0 0 6.7 15 30 M M 0 20 40
16 70 40 55 -7 10 0 0.00 0.0 0 8.5 17 180 M M 0 21 170
17 77 67 72 10 0 7 T 0.0 0 13.1 20 180 M M 0 26 180
18 71 46 59 -3 6 0 0.21 0.0 0 9.0 18 210 M M 6 13 25 330
19 59 40 50 -12 15 0 0.00 0.0 M 9.1 22 10 M M 1 30 10
20 60 37 49 -13 16 0 0.00 0.0 M 8.2 18 10 M M 0 22 10
21 65 38 52 -10 13 0 0.00 0.0 M 6.7 14 140 M M 0 19 150
22 69 52 61 -2 4 0 0.00 0.0 M 7.6 16 130 M M 2 1 20 140
23 76 58 67 4 0 2 0.00 M M 5.1 12 140 M M 2 12 14 150
24 77 60 69 6 0 4 0.00 0.0 0 7.5 15 150 M M 2 12 19 140
25 78 70 74 11 0 9 0.00 0.0 0 9.4 14 200 M M 5 12 21 200
26 80 71 76 13 0 11 0.00 0.0 0 9.7 14 200 M M 6 12 20 220
27 80 72 76 12 0 11 0.00 0.0 0 8.9 15 210 M M 6 1 20 220
28 80 65 73 9 0 8 0.17 0.0 0 7.2 15 50 M M 4 13 21 220
29 72 57 65 1 0 0 0.00 0.0 M 8.8 18 40 M M 0 1 24 40
30 74 52 63 -1 2 0 0.00 0.0 0 7.7 17 90 M M 0 22 90
31 77 56 67 3 0 2 0.00 0.0 M 10.6 17 150 M M 0 25 160
================================================================================
SM 2277 1788 90 117 1.55 0.0 251.7 M 45
================================================================================
AV 73.5 57.7 8.4 FASTST M M 2 MAX(MPH)
MISC ----> 23 240 30 10
================================================================================
NOTES:
# LAST OF SEVERAL OCCURRENCES
COLUMN 17 PEAK WIND IN M.P.H.
PRELIMINARY LOCAL CLIMATOLOGICAL DATA (WS FORM: F-6) , PAGE 2
STATION: APALACHICOLA
MONTH: MARCH
YEAR: 2023
LATITUDE: 29 43 N
LONGITUDE: 85 2 W
[TEMPERATURE DATA] [PRECIPITATION DATA] SYMBOLS USED IN COLUMN 16
AVERAGE MONTHLY: 65.6 TOTAL FOR MONTH: 1.55 1 = FOG OR MIST
DPTR FM NORMAL: 3.9 DPTR FM NORMAL: -2.79 2 = FOG REDUCING VISIBILITY
HIGHEST: 84 ON 7 GRTST 24HR 0.76 ON 13-13 TO 1/4 MILE OR LESS
LOWEST: 37 ON 20 3 = THUNDER
SNOW, ICE PELLETS, HAIL 4 = ICE PELLETS
TOTAL MONTH: 0.0 INCH 5 = HAIL
GRTST 24HR 0.0 6 = FREEZING RAIN OR DRIZZLE
GRTST DEPTH: 0 7 = DUSTSTORM OR SANDSTORM:
VSBY 1/2 MILE OR LESS
8 = SMOKE OR HAZE
[NO. OF DAYS WITH] [WEATHER - DAYS WITH] 9 = BLOWING SNOW
X = TORNADO
MAX 32 OR BELOW: 0 0.01 INCH OR MORE: 4
MAX 90 OR ABOVE: 0 0.10 INCH OR MORE: 4
MIN 32 OR BELOW: 0 0.50 INCH OR MORE: 1
MIN 0 OR BELOW: 0 1.00 INCH OR MORE: 0
[HDD (BASE 65) ]
TOTAL THIS MO. 90 CLEAR (SCALE 0-3) 23
DPTR FM NORMAL -54 PTCLDY (SCALE 4-7) 7
TOTAL FM JUL 1 836 CLOUDY (SCALE 8-10) 1
DPTR FM NORMAL -345
[CDD (BASE 65) ]
TOTAL THIS MO. 117
DPTR FM NORMAL 75 [PRESSURE DATA]
TOTAL FM JAN 1 216 HIGHEST SLP 30.37 ON 21
DPTR FM NORMAL 152 LOWEST SLP 29.84 ON 17
[REMARKS]
#FINAL-03-23#