000
CXUS56 KMFR 010930
CF6AAT
PRELIMINARY LOCAL CLIMATOLOGICAL DATA (WS FORM: F-6)
STATION: ALTURAS CA
MONTH: OCTOBER
YEAR: 2023
LATITUDE: 41 29 N
LONGITUDE: 120 34 W
TEMPERATURE IN F: :PCPN: SNOW: WIND :SUNSHINE: SKY :PK WND
================================================================================
1 2 3 4 5 6A 6B 7 8 9 10 11 12 13 14 15 16 17 18
12Z AVG MX 2MIN
DY MAX MIN AVG DEP HDD CDD WTR SNW DPTH SPD SPD DIR MIN PSBL S-S WX SPD DR
================================================================================
1 57 35 46 -7 19 0 0.00 M M 7.5 18 30 M M 3 27 60
2 62 37 50 -3 15 0 0.02 M M 4.4 10 10 M M 5 M M
3 67 43 55 3 10 0 0.01 M M 2.7 12 20 M M 6 1 18 10
4 75 35 55 3 10 0 0.00 M M 3.1 13 20 M M 0 18 20
5 79 34 57 5 8 0 0.00 M M 3.4 16 90 M M 0 23 80
6 81 34 58 7 7 0 0.00 M M 1.1 7 170 M M 0 11 170
7 82 36 59 8 6 0 0.00 M M 4.2 16 160 M M 0 29 180
8 82 34 58 8 7 0 0.00 M M 5.1 18 240 M M 0 28 250
9 68 43 56 6 9 0 0.00 M M 6.6 15 230 M M 1 M M
10 56 39 48 -2 17 0 0.18 M M 9.3 26 320 M M 9 1 32 320
11 54 32 43 -6 22 0 0.08 M M 4.7 24 330 M M 7 1 35 310
12 61 27 44 -5 21 0 0.00 M M 2.2 8 50 M M 2 12 12 60
13 67 27 47 -1 18 0 0.00 M M 7.3 21 170 M M 3 27 180
14 69 41 55 7 10 0 0.00 M M 6.6 24 190 M M 3 34 170
15 75 36 56 8 9 0 0.00 M M 4.2 20 180 M M 0 27 180
16 67 40 54 7 11 0 0.00 M M 3.5 16 260 M M 2 23 250
17 72 30 51 4 14 0 0.00 M M 1.0 7 60 M M 0 9 70
18 82 31 57 10 8 0 0.00 M M 2.3 15 190 M M 0 21 180
19 83 32 58 12 7 0 0.00 M M 2.1 12 280 M M 0 18 300
20 79 31 55 9 10 0 0.00 M M 1.8 13 280 M M 0 18 290
21 75 32 54 8 11 0 0.00 M M 3.4 16 180 M M 1 8 23 140
22 64 36 50 5 15 0 T M M 4.2 20 260 M M 4 13 27 280
23 61 34 48 3 17 0 0.00 M M 2.2 8 270 M M 3 1 13 140
24 62 23 43 -2 22 0 0.00 M M 3.1 14 250 M M 2 12 19 270
25 53 27 40 -4 25 0 0.31 M M 8.9 26 250 M M 8 1 36 260
26 47 25 36 -8 29 0 0.00 M M 1.9 8 130 M M 4 18 11 240
27 52 19 36 -8 29 0 0.00 M M 2.3 15 20 M M 0 1 22 30
28 46 21 34 -9 31 0 0.00 M M 6.2 13 10 M M 0 21 10
29 53 14 34 -9 31 0 0.00 M M 1.3 7 140 M M 0 8 9 170
30 63 15 39 -4 26 0 0.00 M M 2.6 8 50 M M 0 8 12 130
31 67 19 43 1 22 0 0.00 M M 3.0 9 60 M M 0 8 11 200
================================================================================
SM 2061 962 496 0 0.60 M 122.2 M 63
================================================================================
AV 66.5 31.0 3.9 FASTST M M 2 MAX(MPH)
MISC ----> # 26 320 36 260
================================================================================
NOTES:
# LAST OF SEVERAL OCCURRENCES
COLUMN 17 PEAK WIND IN M.P.H.
PRELIMINARY LOCAL CLIMATOLOGICAL DATA (WS FORM: F-6) , PAGE 2
STATION: ALTURAS CA
MONTH: OCTOBER
YEAR: 2023
LATITUDE: 41 29 N
LONGITUDE: 120 34 W
[TEMPERATURE DATA] [PRECIPITATION DATA] SYMBOLS USED IN COLUMN 16
AVERAGE MONTHLY: 48.8 TOTAL FOR MONTH: 0.60 1 = FOG OR MIST
DPTR FM NORMAL: 1.3 DPTR FM NORMAL: -0.29 2 = FOG REDUCING VISIBILITY
HIGHEST: 83 ON 19 GRTST 24HR 0.31 ON 25-25 TO 1/4 MILE OR LESS
LOWEST: 14 ON 29 3 = THUNDER
SNOW, ICE PELLETS, HAIL 4 = ICE PELLETS
TOTAL MONTH: M 5 = HAIL
GRTST 24HR M ON M 6 = FREEZING RAIN OR DRIZZLE
GRTST DEPTH: M ON M 7 = DUSTSTORM OR SANDSTORM:
VSBY 1/2 MILE OR LESS
8 = SMOKE OR HAZE
[NO. OF DAYS WITH] [WEATHER - DAYS WITH] 9 = BLOWING SNOW
X = TORNADO
MAX 32 OR BELOW: 0 0.01 INCH OR MORE: 5
MAX 90 OR ABOVE: 0 0.10 INCH OR MORE: 2
MIN 32 OR BELOW: 16 0.50 INCH OR MORE: 0
MIN 0 OR BELOW: 0 1.00 INCH OR MORE: 0
[HDD (BASE 65) ]
TOTAL THIS MO. 496 CLEAR (SCALE 0-3) 23
DPTR FM NORMAL -46 PTCLDY (SCALE 4-7) 7
TOTAL FM JUL 1 777 CLOUDY (SCALE 8-10) 1
DPTR FM NORMAL -51
[CDD (BASE 65) ]
TOTAL THIS MO. 0
DPTR FM NORMAL 0 [PRESSURE DATA]
TOTAL FM JAN 1 243 HIGHEST SLP M ON M
DPTR FM NORMAL 8 LOWEST SLP 29.66 ON 10
[REMARKS]
#FINAL-10-23#