000
CXUS55 KABQ 011717
CF6ABQ
PRELIMINARY LOCAL CLIMATOLOGICAL DATA (WS FORM: F-6)
STATION: ALBUQUERQUE NM
MONTH: SEPTEMBER
YEAR: 2021
LATITUDE: 35 2 N
LONGITUDE: 106 37 W
TEMPERATURE IN F: :PCPN: SNOW: WIND :SUNSHINE: SKY :PK WND
================================================================================
1 2 3 4 5 6A 6B 7 8 9 10 11 12 13 14 15 16 17 18
12Z AVG MX 2MIN
DY MAX MIN AVG DEP HDD CDD WTR SNW DPTH SPD SPD DIR MIN PSBL S-S WX SPD DR
================================================================================
1 83 63 73 -2 0 8 0.36 0.0 0 8.3 35 260 M M 8 13 46 230
2 83 60 72 -2 0 7 0.00 0.0 0 4.8 14 310 M M 4 20 330
3 86 64 75 1 0 10 0.00 0.0 0 5.8 14 300 M M 4 17 290
4 89 70 80 6 0 15 0.11 0.0 0 6.9 23 160 M M 6 3 28 180
5 89 65 77 3 0 12 0.00 0.0 0 5.4 21 200 M M 2 29 190
6 90 64 77 4 0 12 0.00 0.0 0 4.9 12 180 M M 1 16 190
7 94 64 79 6 0 14 0.00 0.0 0 6.5 20 80 M M 2 25 80
8 90 70 80 7 0 15 0.00 0.0 0 9.2 26 90 M M 1 36 90
9 94 68 81 8 0 16 0.00 0.0 0 7.1 16 180 M M 2 21 170
10 93 68 81 9 0 16 0.00 0.0 0 7.6 16 190 M M 2 22 190
11 93 64 79 7 0 14 0.00 0.0 0 5.9 15 190 M M 1 21 190
12 92 66 79 7 0 14 0.00 0.0 0 5.5 14 210 M M 1 20 220
13 93 64 79 8 0 14 0.00 0.0 0 5.1 14 190 M M 1 18 190
14 92 63 78 7 0 13 T 0.0 0 7.0 26 30 M M 3 36 30
15 90 66 78 7 0 13 T 0.0 0 10.0 28 80 M M 3 35 80
16 90 62 76 6 0 11 0.00 0.0 0 6.1 18 240 M M 3 29 260
17 90 57 74 4 0 9 0.00 0.0 0 8.0 24 80 M M 1 38 90
18 89 62 76 6 0 11 0.01 0.0 0 6.6 21 70 M M 4 29 210
19 85 66 76 7 0 11 0.03 0.0 0 6.8 23 220 M M 6 31 260
20 87 60 74 5 0 9 0.00 0.0 0 7.5 21 340 M M 2 28 340
21 78 58 68 -1 0 3 0.00 0.0 0 11.7 25 90 M M 0 36 90
22 82 54 68 0 0 3 0.00 0.0 0 6.6 14 190 M M 0 18 200
23 83 57 70 2 0 5 0.00 0.0 0 5.6 14 130 M M 8 16 140
24 83 61 72 5 0 7 0.00 0.0 0 6.4 18 190 M M 6 26 200
25 81 58 70 3 0 5 0.03 0.0 0 7.9 28 190 M M 5 3 42 80
26 78 57 68 1 0 3 0.00 0.0 0 6.0 15 250 M M 7 21 240
27 74 53 64 -2 1 0 0.00 0.0 0 7.5 21 210 M M 6 29 200
28 68 55 62 -4 3 0 0.05 0.0 0 6.9 18 300 M M 8 22 300
29 77 52 65 0 0 0 0.00 0.0 0 6.9 23 290 M M 4 31 280
30 60 50 55 -10 10 0 0.54 0.0 0 7.9 25 160 M M 9 1 32 170
================================================================================
SM 2556 1841 14 270 1.13 0.0 208.4 M 110
================================================================================
AV 85.2 61.4 6.9 FASTST M M 4 MAX(MPH)
MISC ----> 35 260 46 230
================================================================================
NOTES:
# LAST OF SEVERAL OCCURRENCES
COLUMN 17 PEAK WIND IN M.P.H.
PRELIMINARY LOCAL CLIMATOLOGICAL DATA (WS FORM: F-6) , PAGE 2
STATION: ALBUQUERQUE NM
MONTH: SEPTEMBER
YEAR: 2021
LATITUDE: 35 2 N
LONGITUDE: 106 37 W
[TEMPERATURE DATA] [PRECIPITATION DATA] SYMBOLS USED IN COLUMN 16
AVERAGE MONTHLY: 73.3 TOTAL FOR MONTH: 1.13 1 = FOG OR MIST
DPTR FM NORMAL: 3.0 DPTR FM NORMAL: -0.02 2 = FOG REDUCING VISIBILITY
HIGHEST: 94 ON 9, 7 GRTST 24HR 0.54 ON 30-30 TO 1/4 MILE OR LESS
LOWEST: 50 ON 30 3 = THUNDER
SNOW, ICE PELLETS, HAIL 4 = ICE PELLETS
TOTAL MONTH: 0.0 INCH 5 = HAIL
GRTST 24HR 0.0 6 = FREEZING RAIN OR DRIZZLE
GRTST DEPTH: 0 7 = DUSTSTORM OR SANDSTORM:
VSBY 1/2 MILE OR LESS
8 = SMOKE OR HAZE
[NO. OF DAYS WITH] [WEATHER - DAYS WITH] 9 = BLOWING SNOW
X = TORNADO
MAX 32 OR BELOW: 0 0.01 INCH OR MORE: 7
MAX 90 OR ABOVE: 12 0.10 INCH OR MORE: 3
MIN 32 OR BELOW: 0 0.50 INCH OR MORE: 1
MIN 0 OR BELOW: 0 1.00 INCH OR MORE: 0
[HDD (BASE 65) ]
TOTAL THIS MO. 14 CLEAR (SCALE 0-3) 16
DPTR FM NORMAL -6 PTCLDY (SCALE 4-7) 11
TOTAL FM JUL 1 14 CLOUDY (SCALE 8-10) 3
DPTR FM NORMAL -4
[CDD (BASE 65) ]
TOTAL THIS MO. 270
DPTR FM NORMAL 91 [PRESSURE DATA]
TOTAL FM JAN 1 1616 HIGHEST SLP 30.34 ON 22
DPTR FM NORMAL 193 LOWEST SLP 29.66 ON 1
[REMARKS]
#FINAL-09-21#