000
CXUS53 KABR 011100
CF6ABR
PRELIMINARY LOCAL CLIMATOLOGICAL DATA (WS FORM: F-6)
STATION: ABERDEEN SD
MONTH: SEPTEMBER
YEAR: 2023
LATITUDE: 45 27 N
LONGITUDE: 98 26 W
TEMPERATURE IN F: :PCPN: SNOW: WIND :SUNSHINE: SKY :PK WND
================================================================================
1 2 3 4 5 6A 6B 7 8 9 10 11 12 13 14 15 16 17 18
12Z AVG MX 2MIN
DY MAX MIN AVG DEP HDD CDD WTR SNW DPTH SPD SPD DIR MIN PSBL S-S WX SPD DR
================================================================================
1 87 62 75 9 0 10 0.00 0.0 0 7.1 14 210 M M 0 20 200
2 90 62 76 10 0 11 0.00 0.0 0 4.5 12 210 M M 0 1 14 210
3 96 61 79 13 0 14 0.00 0.0 0 5.9 12 80 M M 0 18 13 110
4 98 68 83 18 0 18 T 0.0 0 9.1 18 280 M M 0 3 27 240
5 74 57 66 1 0 1 0.15 0.0 0 15.3 31 340 M M 6 138 42 350
6 72 47 60 -5 5 0 0.00 0.0 0 6.8 15 340 M M 0 18 20 350
7 74 41 58 -6 7 0 0.00 0.0 0 5.6 14 180 M M 0 128 20 180
8 85 47 66 2 0 1 0.00 0.0 0 5.7 14 20 M M 0 18 18 10
9 74 53 64 0 1 0 0.57 0.0 0 8.7 15 330 M M 6 13 25 10
10 74 49 62 -1 3 0 0.00 0.0 0 6.3 15 50 M M 0 24 10
11 77 43 60 -3 5 0 0.05 0.0 0 5.1 24 330 M M 2 31 330
12 69 44 57 -5 8 0 T 0.0 0 6.7 15 60 M M 2 1 20 60
13 82 43 63 1 2 0 0.00 0.0 0 9.9 20 150 M M 1 27 140
14 78 57 68 6 0 3 T 0.0 0 7.0 14 170 M M 3 19 180
15 77 48 63 2 2 0 0.00 0.0 0 6.9 22 320 M M 1 18 30 310
16 73 44 59 -2 6 0 0.00 0.0 0 5.5 15 30 M M 4 18 19 30
17 75 39 57 -3 8 0 0.00 0.0 0 4.7 13 160 M M 2 128 19 210
18 80 46 63 3 2 0 0.00 0.0 0 6.9 17 150 M M 0 1 24 150
19 92 49 71 11 0 6 0.00 0.0 0 5.1 13 140 M M 0 18 16 170
20 83 53 68 9 0 3 0.00 0.0 0 7.9 14 50 M M 0 8 22 60
21 74 60 67 8 0 2 0.29 0.0 0 6.3 15 40 M M 5 13 19 50
22 73 60 67 9 0 2 0.39 0.0 0 8.0 17 150 M M 9 13 24 140
23 67 55 61 3 4 0 0.57 0.0 0 5.8 15 330 M M 7 12 19 330
24 66 57 62 4 3 0 0.84 0.0 0 5.4 16 290 M M 9 1 20 280
25 72 54 63 6 2 0 T 0.0 0 7.2 14 10 M M 5 1 20 350
26 70 57 64 7 1 0 0.00 0.0 0 6.1 12 80 M M 10 1 14 30
27 76 55 66 10 0 1 0.00 0.0 0 8.3 17 140 M M 4 25 140
28 83 58 71 15 0 6 0.00 0.0 0 12.5 30 160 M M 2 38 170
29 76 55 66 11 0 1 0.31 0.0 0 9.7 28 310 M M 2 13 41 300
30 82 54 68 13 0 3 0.00 0.0 0 9.8 20 90 M M 3 12 25 100
================================================================================
SM 2349 1578 59 82 3.17 0.0 219.8 M 83
================================================================================
AV 78.3 52.6 7.3 FASTST M M 3 MAX(MPH)
MISC ----> 31 340 42 350
================================================================================
NOTES:
# LAST OF SEVERAL OCCURRENCES
COLUMN 17 PEAK WIND IN M.P.H.
PRELIMINARY LOCAL CLIMATOLOGICAL DATA (WS FORM: F-6) , PAGE 2
STATION: ABERDEEN SD
MONTH: SEPTEMBER
YEAR: 2023
LATITUDE: 45 27 N
LONGITUDE: 98 26 W
[TEMPERATURE DATA] [PRECIPITATION DATA] SYMBOLS USED IN COLUMN 16
AVERAGE MONTHLY: 65.5 TOTAL FOR MONTH: 3.17 1 = FOG OR MIST
DPTR FM NORMAL: 4.5 DPTR FM NORMAL: 1.18 2 = FOG REDUCING VISIBILITY
HIGHEST: 98 ON 4 GRTST 24HR 0.91 ON 23-24 TO 1/4 MILE OR LESS
LOWEST: 39 ON 17 3 = THUNDER
SNOW, ICE PELLETS, HAIL 4 = ICE PELLETS
TOTAL MONTH: 0.0 INCH 5 = HAIL
GRTST 24HR 0.0 6 = FREEZING RAIN OR DRIZZLE
GRTST DEPTH: 0 7 = DUSTSTORM OR SANDSTORM:
VSBY 1/2 MILE OR LESS
8 = SMOKE OR HAZE
[NO. OF DAYS WITH] [WEATHER - DAYS WITH] 9 = BLOWING SNOW
X = TORNADO
MAX 32 OR BELOW: 0 0.01 INCH OR MORE: 8
MAX 90 OR ABOVE: 4 0.10 INCH OR MORE: 7
MIN 32 OR BELOW: 0 0.50 INCH OR MORE: 3
MIN 0 OR BELOW: 0 1.00 INCH OR MORE: 0
[HDD (BASE 65) ]
TOTAL THIS MO. 59 CLEAR (SCALE 0-3) 20
DPTR FM NORMAL -121 PTCLDY (SCALE 4-7) 7
TOTAL FM JUL 1 73 CLOUDY (SCALE 8-10) 3
DPTR FM NORMAL -142
[CDD (BASE 65) ]
TOTAL THIS MO. 82
DPTR FM NORMAL 26 [PRESSURE DATA]
TOTAL FM JAN 1 882 HIGHEST SLP 30.32 ON 10
DPTR FM NORMAL 256 LOWEST SLP 29.43 ON 4
[REMARKS]
#FINAL-09-23#