000
CXUS52 KTAE 010800
CF6ABY
PRELIMINARY LOCAL CLIMATOLOGICAL DATA (WS FORM: F-6)
STATION: ALBANY
MONTH: OCTOBER
YEAR: 2023
LATITUDE: 31 31 N
LONGITUDE: 84 11 W
TEMPERATURE IN F: :PCPN: SNOW: WIND :SUNSHINE: SKY :PK WND
================================================================================
1 2 3 4 5 6A 6B 7 8 9 10 11 12 13 14 15 16 17 18
12Z AVG MX 2MIN
DY MAX MIN AVG DEP HDD CDD WTR SNW DPTH SPD SPD DIR MIN PSBL S-S WX SPD DR
================================================================================
1 84 64 74 0 0 9 0.00 0.0 M 10.3 20 50 M M 2 1 29 60
2 85 61 73 -1 0 8 0.00 M M 8.7 20 60 M M 0 8 27 60
3 86 57 72 -2 0 7 0.00 0.0 M 5.1 16 70 M M 0 18 22 60
4 87 60 74 1 0 9 0.00 M M 7.0 17 70 M M 1 18 24 50
5 87 62 75 2 0 10 0.00 M M 4.6 13 80 M M 0 17 60
6 85 67 76 4 0 11 0.01 M M 2.8 15 330 M M 2 1 19 330
7 83 56 70 -2 0 5 T M M 8.8 22 330 M M 2 29 330
8 74 47 61 -11 4 0 0.00 M M 5.3 14 320 M M 0 19 10
9 78 41 60 -12 5 0 0.00 M M 1.4 13 220 M M 0 18 230
10 84 47 66 -5 0 1 0.00 0.0 M 2.3 12 210 M M 0 17 240
11 75 60 68 -3 0 3 0.16 0.0 M 6.4 20 70 M M 6 1 27 70
12 66 60 63 -7 2 0 1.05 0.0 M 12.5 24 60 M M 10 1 32 40
13 70 63 67 -3 0 2 0.04 0.0 M 6.0 13 60 M M 10 1 18 50
14 76 62 69 -1 0 4 0.00 0.0 M 5.8 13 290 M M 7 1 18 290
15 73 53 63 -6 2 0 0.00 0.0 0 8.1 17 340 M M 5 24 330
16 68 49 59 -10 6 0 0.00 0.0 0 9.1 18 300 M M 5 26 20
17 70 45 58 -11 7 0 0.00 0.0 0 3.1 10 340 M M 1 16 340
18 75 44 60 -8 5 0 0.00 0.0 0 1.5 9 100 M M 0 14 340
19 77 48 63 -5 2 0 0.00 0.0 0 2.1 10 220 M M 0 15 210
20 83 54 69 1 0 4 0.00 0.0 0 7.0 22 270 M M 2 33 290
21 79 46 63 -4 2 0 0.00 0.0 0 3.3 14 300 M M 0 20 340
22 80 52 66 -1 0 1 0.00 0.0 0 1.8 8 340 M M 0 12 10
23 81 50 66 0 0 1 0.00 0.0 0 6.3 15 70 M M 0 21 70
24 81 52 67 1 0 2 0.00 0.0 0 7.4 16 100 M M 0 22 100
25 81 56 69 3 0 4 0.00 0.0 0 8.1 15 110 M M 3 24 90
26 83 60 72 7 0 7 0.00 0.0 0 6.4 15 110 M M 3 1 22 110
27 83 58 71 6 0 6 0.00 0.0 0 2.6 9 50 M M 3 1 13 70
28 84 58 71 7 0 6 0.00 0.0 0 2.0 10 110 M M 2 1 15 100
29 87 57 72 8 0 7 0.00 0.0 0 1.4 10 180 M M 0 1 14 180
30 85 55 70 6 0 5 0.00 M M 2.3 8 250 M M 1 12 250
31 74 55 65 1 0 0 0.00 0.0 0 9.4 18 340 M M 3 26 330
================================================================================
SM 2464 1699 35 112 1.26 0.0 168.9 M 68
================================================================================
AV 79.5 54.8 5.4 FASTST M M 2 MAX(MPH)
MISC ----> 24 60 33 290
================================================================================
NOTES:
# LAST OF SEVERAL OCCURRENCES
COLUMN 17 PEAK WIND IN M.P.H.
PRELIMINARY LOCAL CLIMATOLOGICAL DATA (WS FORM: F-6) , PAGE 2
STATION: ALBANY
MONTH: OCTOBER
YEAR: 2023
LATITUDE: 31 31 N
LONGITUDE: 84 11 W
[TEMPERATURE DATA] [PRECIPITATION DATA] SYMBOLS USED IN COLUMN 16
AVERAGE MONTHLY: 67.1 TOTAL FOR MONTH: 1.26 1 = FOG OR MIST
DPTR FM NORMAL: -1.8 DPTR FM NORMAL: -1.04 2 = FOG REDUCING VISIBILITY
HIGHEST: 87 ON 29, 5 GRTST 24HR 1.19 ON 11-12 TO 1/4 MILE OR LESS
LOWEST: 41 ON 9 3 = THUNDER
SNOW, ICE PELLETS, HAIL 4 = ICE PELLETS
TOTAL MONTH: 0.0 INCH 5 = HAIL
GRTST 24HR 0.0 6 = FREEZING RAIN OR DRIZZLE
GRTST DEPTH: 0 7 = DUSTSTORM OR SANDSTORM:
VSBY 1/2 MILE OR LESS
8 = SMOKE OR HAZE
[NO. OF DAYS WITH] [WEATHER - DAYS WITH] 9 = BLOWING SNOW
X = TORNADO
MAX 32 OR BELOW: 0 0.01 INCH OR MORE: 4
MAX 90 OR ABOVE: 0 0.10 INCH OR MORE: 2
MIN 32 OR BELOW: 0 0.50 INCH OR MORE: 1
MIN 0 OR BELOW: 0 1.00 INCH OR MORE: 1
[HDD (BASE 65) ]
TOTAL THIS MO. 35 CLEAR (SCALE 0-3) 23
DPTR FM NORMAL -10 PTCLDY (SCALE 4-7) 6
TOTAL FM JUL 1 35 CLOUDY (SCALE 8-10) 2
DPTR FM NORMAL -9
[CDD (BASE 65) ]
TOTAL THIS MO. 112
DPTR FM NORMAL -54 [PRESSURE DATA]
TOTAL FM JAN 1 2616 HIGHEST SLP 30.32 ON 25
DPTR FM NORMAL -30 LOWEST SLP 29.64 ON 12
[REMARKS]
#FINAL-10-23#