000
CXUS51 KPHI 150141
CF6ACY
PRELIMINARY LOCAL CLIMATOLOGICAL DATA (WS FORM: F-6)
STATION: ATLANTIC CITY NJ
MONTH: JULY
YEAR: 2022
LATITUDE: 39 27 N
LONGITUDE: 74 34 W
TEMPERATURE IN F: :PCPN: SNOW: WIND :SUNSHINE: SKY :PK WND
================================================================================
1 2 3 4 5 6A 6B 7 8 9 10 11 12 13 14 15 16 17 18
12Z AVG MX 2MIN
DY MAX MIN AVG DEP HDD CDD WTR SNW DPTH SPD SPD DIR MIN PSBL S-S WX SPD DR
================================================================================
1 91 70 81 5 0 16 0.00 0.0 0 10.5 20 200 M M 1 29 230
2 91 74 83 7 0 18 0.15 0.0 0 9.6 17 210 M M 1 13 24 210
3 85 63 74 -2 0 9 0.02 0.0 0 5.9 13 120 M M 3 24 40
4 84 61 73 -3 0 8 0.00 0.0 0 5.6 15 140 M M 0 21 150
5 84 67 76 0 0 11 0.01 0.0 0 9.6 23 200 M M 2 32 210
6 92 70 81 4 0 16 0.24 0.0 0 6.8 18 320 M M 3 1 23 360
7 76 67 72 -5 0 7 0.91 0.0 0 8.0 16 80 M M 10 1 21 80
8 86 64 75 -2 0 10 0.00 0.0 0 5.1 14 170 M M 3 21 180
9 74 67 71 -6 0 6 0.01 0.0 0 4.5 13 60 M M 6 1 17 60
10 80 59 70 -7 0 5 0.00 0.0 0 5.5 14 90 M M 0 19 80
11 81 55 68 -9 0 3 0.00 0.0 0 5.2 15 200 M M 0 22 30
12 88 68 78 1 0 13 0.22 0.0 0 9.5 24 260 M M 1 3 39 260
13 87 71 79 2 0 14 0.00 0.0 0 5.9 13 120 M M 1 17 120
14 92 72 82 5 0 17 0.00 0.0 0 5.8 16 290 M M 2 22 280
15 85 68 77 0 0 12 0.00 0.0 0 6.5 15 110 M M 3 3 24 110
16 85 68 77 0 0 12 0.02 0.0 0 3.8 14 160 M M 5 12 19 170
17 86 71 79 2 0 14 0.01 0.0 0 5.1 14 200 M M 4 1 22 170
18 90 76 83 6 0 18 T 0.0 0 9.9 21 180 M M 2 32 200
19 94 74 84 7 0 19 0.00 0.0 0 10.0 20 290 M M 0 29 290
20 97 75 86 9 0 21 0.00 0.0 0 8.1 18 200 M M 1 8 25 170
21 96 77 87 10 0 22 T 0.0 0 9.6 18 220 M M 2 28 220
22 96 75 86 9 0 21 0.00 0.0 0 7.8 18 230 M M 1 27 210
23 96 77 87 10 0 22 0.00 0.0 0 7.9 15 200 M M 0 20 200
24 99 72 86 9 0 21 0.00 0.0 0 8.1 17 190 M M 0 26 160
25 93 73 83 6 0 18 3.15 0.0 0 9.8 31 190 M M 3 123 48 190
26 78 71 75 -2 0 10 0.01 0.0 0 4.2 9 30 M M 5 14 30
27 85 71 78 1 0 13 T 0.0 0 5.1 12 180 M M 5 1 26 210
28 93 73 83 6 0 18 0.00 0.0 0 6.6 20 330 M M 1 27 330
29 87 73 80 3 0 15 0.00 0.0 0 5.4 12 170 M M 3 18 180
30 90 72 81 4 0 16 0.01 0.0 0 8.6 17 310 M M 3 25 320
31 87 64 76 -1 0 11 T 0.0 0 5.6 15 160 M M 2 21 160
================================================================================
SM 2728 2158 0 436 4.76 0.0 219.6 M 73
================================================================================
AV 88.0 69.6 7.1 FASTST M M 2 MAX(MPH)
MISC ----> 31 190 48 190
================================================================================
NOTES:
# LAST OF SEVERAL OCCURRENCES
COLUMN 17 PEAK WIND IN M.P.H.
PRELIMINARY LOCAL CLIMATOLOGICAL DATA (WS FORM: F-6) , PAGE 2
STATION: ATLANTIC CITY NJ
MONTH: JULY
YEAR: 2022
LATITUDE: 39 27 N
LONGITUDE: 74 34 W
[TEMPERATURE DATA] [PRECIPITATION DATA] SYMBOLS USED IN COLUMN 16
AVERAGE MONTHLY: 78.8 TOTAL FOR MONTH: 4.76 1 = FOG OR MIST
DPTR FM NORMAL: 1.9 DPTR FM NORMAL: 0.29 2 = FOG REDUCING VISIBILITY
HIGHEST: 99 ON 24 GRTST 24HR 3.16 ON 25-26 TO 1/4 MILE OR LESS
LOWEST: 55 ON 11 3 = THUNDER
SNOW, ICE PELLETS, HAIL 4 = ICE PELLETS
TOTAL MONTH: 0.0 INCH 5 = HAIL
GRTST 24HR 0.0 6 = FREEZING RAIN OR DRIZZLE
GRTST DEPTH: 0 7 = DUSTSTORM OR SANDSTORM:
VSBY 1/2 MILE OR LESS
8 = SMOKE OR HAZE
[NO. OF DAYS WITH] [WEATHER - DAYS WITH] 9 = BLOWING SNOW
X = TORNADO
MAX 32 OR BELOW: 0 0.01 INCH OR MORE: 12
MAX 90 OR ABOVE: 14 0.10 INCH OR MORE: 5
MIN 32 OR BELOW: 0 0.50 INCH OR MORE: 2
MIN 0 OR BELOW: 0 1.00 INCH OR MORE: 1
[HDD (BASE 65) ]
TOTAL THIS MO. 0 CLEAR (SCALE 0-3) 21
DPTR FM NORMAL 0 PTCLDY (SCALE 4-7) 9
TOTAL FM JUL 1 0 CLOUDY (SCALE 8-10) 1
DPTR FM NORMAL 0
[CDD (BASE 65) ]
TOTAL THIS MO. 436
DPTR FM NORMAL 67 [PRESSURE DATA]
TOTAL FM JAN 1 723 HIGHEST SLP 30.19 ON 31
DPTR FM NORMAL 66 LOWEST SLP 29.67 ON 21
[REMARKS]
#FINAL-07-22#