000
CXUS51 KPHI 010915
CF6ACY
PRELIMINARY LOCAL CLIMATOLOGICAL DATA (WS FORM: F-6)
STATION: ATLANTIC CITY NJ
MONTH: NOVEMBER
YEAR: 2020
LATITUDE: 39 27 N
LONGITUDE: 74 34 W
TEMPERATURE IN F: :PCPN: SNOW: WIND :SUNSHINE: SKY :PK WND
================================================================================
1 2 3 4 5 6A 6B 7 8 9 10 11 12 13 14 15 16 17 18
12Z AVG MX 2MIN
DY MAX MIN AVG DEP HDD CDD WTR SNW DPTH SPD SPD DIR MIN PSBL S-S WX SPD DR
================================================================================
1 59 32 46 -5 19 0 0.77 0.0 0 6.9 28 330 M M 4 1 39 320
2 49 37 43 -8 22 0 0.00 0.0 0 18.9 38 310 M M 1 54 290
3 60 37 49 -2 16 0 0.00 0.0 0 10.3 24 310 M M 0 33 280
4 67 34 51 1 14 0 0.00 0.0 0 5.3 15 180 M M 0 27 190
5 71 47 59 9 6 0 0.00 0.0 0 6.2 15 200 M M 1 12 22 250
6 72 46 59 9 6 0 0.00 0.0 0 3.3 13 210 M M 2 12 17 240
7 77 46 62 12 3 0 0.00 0.0 0 3.1 12 290 M M 0 12 17 280
8 79 44 62 13 3 0 0.00 0.0 0 1.7 9 160 M M 0 1 12 170
9 76 44 60 11 5 0 0.00 0.0 0 3.1 12 210 M M 1 1 16 200
10 76 45 61 12 4 0 0.00 0.0 0 5.7 16 230 M M 2 12 22 200
11 74 63 69 21 0 4 1.31 0.0 0 10.8 23 200 M M 5 1 31 190
12 69 48 59 11 6 0 0.67 0.0 0 7.3 25 310 M M 10 1 33 300
13 54 41 48 0 17 0 0.04 0.0 0 6.9 16 310 M M 7 1 22 310
14 57 33 45 -2 20 0 0.00 0.0 0 6.4 15 290 M M 0 22 280
15 65 30 48 1 17 0 0.41 0.0 0 11.2 36 300 M M 4 1 51 210
16 57 36 47 0 18 0 0.00 0.0 0 8.1 21 280 M M 1 29 280
17 57 29 43 -3 22 0 0.00 0.0 0 10.9 28 300 M M 4 36 300
18 42 22 32 -14 33 0 0.00 0.0 0 10.4 26 320 M M 0 45 320
19 50 20 35 -11 30 0 0.00 0.0 0 6.2 17 200 M M 0 23 190
20 65 46 56 11 9 0 0.00 0.0 0 8.9 20 230 M M 0 29 220
21 69 42 56 11 9 0 0.00 0.0 0 4.3 12 310 M M 3 14 310
22 62 49 56 11 9 0 0.00 0.0 0 9.3 18 90 M M 10 1 25 60
23 60 40 50 6 15 0 0.56 0.0 0 12.5 30 310 M M 5 1 40 300
24 51 33 42 -2 23 0 0.00 0.0 0 5.9 17 340 M M 1 24 320
25 59 36 48 4 17 0 0.00 0.0 0 5.0 18 220 M M 6 27 220
26 68 45 57 14 8 0 0.41 0.0 0 8.1 21 190 M M 6 1 34 200
27 60 44 52 9 13 0 0.00 0.0 0 2.6 8 320 M M 9 11 10
28 59 34 47 4 18 0 0.00 0.0 0 5.0 17 310 M M 5 27 320
29 56 31 44 2 21 0 0.00 0.0 0 4.4 10 200 M M 0 15 300
30 65 40 53 11 12 0 1.43 0.0 0 14.7 31 130 M M 8 13 52 160
================================================================================
SM 1885 1174 415 4 5.60 0.0 223.4 M 95
================================================================================
AV 62.8 39.1 7.4 FASTST M M 3 MAX(MPH)
MISC ----> 38 310 54 290
================================================================================
NOTES:
# LAST OF SEVERAL OCCURRENCES
COLUMN 17 PEAK WIND IN M.P.H.
PRELIMINARY LOCAL CLIMATOLOGICAL DATA (WS FORM: F-6) , PAGE 2
STATION: ATLANTIC CITY NJ
MONTH: NOVEMBER
YEAR: 2020
LATITUDE: 39 27 N
LONGITUDE: 74 34 W
[TEMPERATURE DATA] [PRECIPITATION DATA] SYMBOLS USED IN COLUMN 16
AVERAGE MONTHLY: 51.0 TOTAL FOR MONTH: 5.60 1 = FOG OR MIST
DPTR FM NORMAL: 4.2 DPTR FM NORMAL: 2.33 2 = FOG REDUCING VISIBILITY
HIGHEST: 79 ON 8 GRTST 24HR 1.94 ON 11-12 TO 1/4 MILE OR LESS
LOWEST: 20 ON 19 3 = THUNDER
SNOW, ICE PELLETS, HAIL 4 = ICE PELLETS
TOTAL MONTH: 0.0 INCH 5 = HAIL
GRTST 24HR 0.0 6 = FREEZING RAIN OR DRIZZLE
GRTST DEPTH: 0 7 = DUSTSTORM OR SANDSTORM:
VSBY 1/2 MILE OR LESS
8 = SMOKE OR HAZE
[NO. OF DAYS WITH] [WEATHER - DAYS WITH] 9 = BLOWING SNOW
X = TORNADO
MAX 32 OR BELOW: 0 0.01 INCH OR MORE: 8
MAX 90 OR ABOVE: 0 0.10 INCH OR MORE: 7
MIN 32 OR BELOW: 6 0.50 INCH OR MORE: 5
MIN 0 OR BELOW: 0 1.00 INCH OR MORE: 2
[HDD (BASE 65) ]
TOTAL THIS MO. 415 CLEAR (SCALE 0-3) 17
DPTR FM NORMAL -134 PTCLDY (SCALE 4-7) 10
TOTAL FM JUL 1 655 CLOUDY (SCALE 8-10) 3
DPTR FM NORMAL -251
[CDD (BASE 65) ]
TOTAL THIS MO. 4
DPTR FM NORMAL 3 [PRESSURE DATA]
TOTAL FM JAN 1 1349 HIGHEST SLP 30.65 ON 19
DPTR FM NORMAL 294 LOWEST SLP 29.37 ON 30
[REMARKS]
#FINAL-11-20#