000
CXUS52 KCAE 011400
CF6AGS
PRELIMINARY LOCAL CLIMATOLOGICAL DATA (WS FORM: F-6)
STATION: AUGUSTA BUSH FIELD GA
MONTH: MAY
YEAR: 2021
LATITUDE: 33 22 N
LONGITUDE: 81 58 W
TEMPERATURE IN F: :PCPN: SNOW: WIND :SUNSHINE: SKY :PK WND
================================================================================
1 2 3 4 5 6A 6B 7 8 9 10 11 12 13 14 15 16 17 18
12Z AVG MX 2MIN
DY MAX MIN AVG DEP HDD CDD WTR SNW DPTH SPD SPD DIR MIN PSBL S-S WX SPD DR
================================================================================
1 83 49 66 -3 0 1 0.00 0.0 0 3.5 15 90 M M 0 20 90
2 88 52 70 1 0 5 0.00 0.0 0 5.5 20 150 M M 2 1 25 160
3 86 65 76 7 0 11 0.65 0.0 0 6.7 18 360 M M 7 13 24 360
4 89 66 78 9 0 13 1.03 0.0 0 6.0 38 330 M M 6 138 44 330
5 82 63 73 3 0 8 0.01 0.0 M 8.0 18 270 M M 4 13 24 280
6 81 56 69 -1 0 4 0.00 0.0 0 6.5 15 280 M M 1 19 240
7 76 47 62 -8 3 0 0.00 0.0 0 11.4 25 280 M M 0 35 310
8 82 43 63 -7 2 0 0.00 0.0 0 5.6 21 290 M M 0 27 280
9 88 49 69 -2 0 4 0.00 0.0 0 6.3 21 200 M M 0 1 27 230
10 84 64 74 3 0 9 T 0.0 0 5.2 16 320 M M 2 1 20 230
11 85 61 73 2 0 8 0.00 0.0 0 2.8 9 270 M M 6 1 13 340
12 72 51 62 -10 3 0 0.79 0.0 0 7.8 28 20 M M 9 138 33 10
13 75 46 61 -11 4 0 0.00 0.0 0 6.8 15 60 M M 1 25 40
14 79 46 63 -9 2 0 0.00 0.0 0 1.9 13 80 M M 0 1 20 60
15 80 44 62 -10 3 0 0.00 0.0 0 2.3 13 50 M M 1 1 18 30
16 84 48 66 -7 0 1 0.00 0.0 0 2.0 9 150 M M 0 128 16 260
17 84 51 68 -5 0 3 0.00 0.0 0 3.3 10 150 M M 0 18 14 150
18 86 55 71 -2 0 6 T 0.0 0 4.8 13 80 M M 3 20 140
19 85 57 71 -3 0 6 0.00 0.0 0 4.3 20 150 M M 3 27 150
20 86 55 71 -3 0 6 0.00 0.0 M 5.2 16 160 M M 1 1 21 160
21 90 53 72 -2 0 7 0.00 0.0 0 4.4 15 80 M M 0 22 50
22 88 54 71 -3 0 6 0.00 0.0 0 1.7 10 360 M M 0 1 14 360
23 93 56 75 0 0 10 0.00 0.0 0 1.7 9 270 M M 1 12 13 280
24 95 62 79 4 0 14 0.00 0.0 M 1.7 9 140 M M 1 18 13 140
25 97 64 81 6 0 16 0.00 0.0 0 3.1 13 200 M M 1 1 18 180
26 97 63 80 4 0 15 0.00 0.0 0 4.1 15 260 M M 1 20 230
27 95 64 80 4 0 15 0.00 0.0 0 4.3 16 270 M M 1 1 21 270
28 95 63 79 3 0 14 T 0.0 0 8.2 21 200 M M 2 29 180
29 89 68 79 3 0 14 0.01 0.0 0 10.0 20 250 M M 3 26 240
30 76 55 66 -10 0 1 0.00 0.0 0 4.4 13 40 M M 6 1 16 40
31 82 50 66 -11 0 1 0.00 0.0 0 3.0 10 70 M M 2 12 14 150
================================================================================
SM 2652 1720 17 198 2.49 0.0 152.5 M 64
================================================================================
AV 85.5 55.5 4.9 FASTST M M 2 MAX(MPH)
MISC ----> 38 330 44 330
================================================================================
NOTES:
# LAST OF SEVERAL OCCURRENCES
COLUMN 17 PEAK WIND IN M.P.H.
PRELIMINARY LOCAL CLIMATOLOGICAL DATA (WS FORM: F-6) , PAGE 2
STATION: AUGUSTA BUSH FIELD GA
MONTH: MAY
YEAR: 2021
LATITUDE: 33 22 N
LONGITUDE: 81 58 W
[TEMPERATURE DATA] [PRECIPITATION DATA] SYMBOLS USED IN COLUMN 16
AVERAGE MONTHLY: 70.5 TOTAL FOR MONTH: 2.49 1 = FOG OR MIST
DPTR FM NORMAL: -2.2 DPTR FM NORMAL: -0.56 2 = FOG REDUCING VISIBILITY
HIGHEST: 97 ON 26,25 GRTST 24HR 1.04 ON 4- 5 TO 1/4 MILE OR LESS
LOWEST: 43 ON 8 3 = THUNDER
SNOW, ICE PELLETS, HAIL 4 = ICE PELLETS
TOTAL MONTH: 0.0 INCH 5 = HAIL
GRTST 24HR 0.0 6 = FREEZING RAIN OR DRIZZLE
GRTST DEPTH: 0 7 = DUSTSTORM OR SANDSTORM:
VSBY 1/2 MILE OR LESS
8 = SMOKE OR HAZE
[NO. OF DAYS WITH] [WEATHER - DAYS WITH] 9 = BLOWING SNOW
X = TORNADO
MAX 32 OR BELOW: 0 0.01 INCH OR MORE: 5
MAX 90 OR ABOVE: 7 0.10 INCH OR MORE: 3
MIN 32 OR BELOW: 0 0.50 INCH OR MORE: 3
MIN 0 OR BELOW: 0 1.00 INCH OR MORE: 1
[HDD (BASE 65) ]
TOTAL THIS MO. 17 CLEAR (SCALE 0-3) 24
DPTR FM NORMAL 5 PTCLDY (SCALE 4-7) 6
TOTAL FM JUL 1 1958 CLOUDY (SCALE 8-10) 1
DPTR FM NORMAL -220
[CDD (BASE 65) ]
TOTAL THIS MO. 198
DPTR FM NORMAL -55 [PRESSURE DATA]
TOTAL FM JAN 1 331 HIGHEST SLP 30.43 ON 21
DPTR FM NORMAL -38 LOWEST SLP 29.75 ON 29
[REMARKS]
#FINAL-05-21#