000
CXUS55 KCAE 011400
CF6AGS
PRELIMINARY LOCAL CLIMATOLOGICAL DATA (WS FORM: F-6)
STATION: AUGUSTA BUSH FIELD GA
MONTH: OCTOBER
YEAR: 2020
LATITUDE: 33 22 N
LONGITUDE: 81 58 W
TEMPERATURE IN F: :PCPN: SNOW: WIND :SUNSHINE: SKY :PK WND
================================================================================
1 2 3 4 5 6A 6B 7 8 9 10 11 12 13 14 15 16 17 18
12Z AVG MX 2MIN
DY MAX MIN AVG DEP HDD CDD WTR SNW DPTH SPD SPD DIR MIN PSBL S-S WX SPD DR
================================================================================
1 85 51 68 -2 0 3 0.00 0.0 0 3.8 12 280 M M 1 1 16 300
2 77 51 64 -5 1 0 0.00 0.0 0 5.2 15 10 M M 1 19 30
3 77 49 63 -6 2 0 0.00 0.0 0 3.3 14 40 M M 0 18 30
4 75 53 64 -4 1 0 0.00 0.0 0 4.0 14 20 M M 0 17 10
5 81 49 65 -3 0 0 0.00 0.0 0 1.9 12 50 M M 0 12 14 50
6 85 52 69 1 0 4 0.00 0.0 0 3.4 10 80 M M 3 12 15 100
7 89 61 75 8 0 10 0.00 0.0 0 2.7 13 310 M M 6 128 15 310
8 89 54 72 5 0 7 0.00 0.0 0 1.0 7 90 M M 1 12 9 90
9 87 61 74 7 0 9 0.03 0.0 0 3.0 14 120 M M 1 128 17 120
10 83 69 76 10 0 11 0.29 0.0 0 5.0 13 130 M M 8 1 17 140
11 88 72 80 14 0 15 0.76 0.0 0 5.5 20 260 M M 9 18 26 190
12 81 68 75 9 0 10 0.00 0.0 0 3.1 9 280 M M 9 12 12 290
13 89 63 76 11 0 11 0.00 0.0 0 3.0 14 350 M M 2 12 17 350
14 84 58 71 6 0 6 0.00 0.0 0 2.8 9 90 M M 0 1 13 70
15 86 65 76 12 0 11 0.00 0.0 0 1.8 9 140 M M 6 128 11 120
16 82 58 70 6 0 5 0.00 0.0 0 6.2 18 310 M M 3 12 21 310
17 72 49 61 -3 4 0 0.00 0.0 0 6.9 18 60 M M 1 23 50
18 76 48 62 -2 3 0 0.00 0.0 0 3.5 10 30 M M 6 14 30
19 82 52 67 4 0 2 0.00 0.0 0 2.9 9 60 M M 1 20 90
20 82 55 69 6 0 4 0.00 0.0 0 3.6 13 30 M M 0 1 16 30
21 86 62 74 11 0 9 0.00 0.0 0 4.8 15 70 M M 3 18 18 70
22 86 61 74 12 0 9 T 0.0 0 3.2 15 60 M M 6 12 19 70
23 86 62 74 12 0 9 0.00 0.0 0 2.0 10 210 M M 4 12 13 200
24 85 60 73 11 0 8 0.01 0.0 0 2.8 9 140 M M 5 128 11 80
25 83 68 76 15 0 11 0.11 0.0 0 3.2 10 50 M M 9 1 12 50
26 73 63 68 7 0 3 0.00 0.0 0 3.9 10 50 M M 10 1 13 70
27 81 62 72 11 0 7 0.00 0.0 0 1.2 7 10 M M 6 128 11 20
28 87 69 78 17 0 13 0.02 0.0 0 4.8 14 150 M M 7 1 21 140
29 88 64 76 16 0 11 0.01 0.0 0 14.8 31 280 M M 7 50 270
30 75 52 64 4 1 0 0.00 0.0 0 8.4 23 290 M M 0 32 300
31 68 47 58 -2 7 0 T 0.0 0 7.3 14 80 M M 6 19 70
================================================================================
SM 2548 1808 19 188 1.23 0.0 129.0 M 121
================================================================================
AV 82.2 58.3 4.2 FASTST M M 4 MAX(MPH)
MISC ----> # 31 280 # 50 270
================================================================================
NOTES:
# LAST OF SEVERAL OCCURRENCES
COLUMN 17 PEAK WIND IN M.P.H.
PRELIMINARY LOCAL CLIMATOLOGICAL DATA (WS FORM: F-6) , PAGE 2
STATION: AUGUSTA BUSH FIELD GA
MONTH: OCTOBER
YEAR: 2020
LATITUDE: 33 22 N
LONGITUDE: 81 58 W
[TEMPERATURE DATA] [PRECIPITATION DATA] SYMBOLS USED IN COLUMN 16
AVERAGE MONTHLY: 70.3 TOTAL FOR MONTH: 1.23 1 = FOG OR MIST
DPTR FM NORMAL: 5.9 DPTR FM NORMAL: -2.04 2 = FOG REDUCING VISIBILITY
HIGHEST: 89 ON 13, 8 GRTST 24HR 0.76 ON 11-11 TO 1/4 MILE OR LESS
LOWEST: 47 ON 31 3 = THUNDER
SNOW, ICE PELLETS, HAIL 4 = ICE PELLETS
TOTAL MONTH: 0.0 INCH 5 = HAIL
GRTST 24HR 0.0 6 = FREEZING RAIN OR DRIZZLE
GRTST DEPTH: 0 7 = DUSTSTORM OR SANDSTORM:
VSBY 1/2 MILE OR LESS
8 = SMOKE OR HAZE
[NO. OF DAYS WITH] [WEATHER - DAYS WITH] 9 = BLOWING SNOW
X = TORNADO
MAX 32 OR BELOW: 0 0.01 INCH OR MORE: 7
MAX 90 OR ABOVE: 0 0.10 INCH OR MORE: 3
MIN 32 OR BELOW: 0 0.50 INCH OR MORE: 1
MIN 0 OR BELOW: 0 1.00 INCH OR MORE: 0
[HDD (BASE 65) ]
TOTAL THIS MO. 19 CLEAR (SCALE 0-3) 15
DPTR FM NORMAL -88 PTCLDY (SCALE 4-7) 11
TOTAL FM JUL 1 21 CLOUDY (SCALE 8-10) 5
DPTR FM NORMAL -93
[CDD (BASE 65) ]
TOTAL THIS MO. 188
DPTR FM NORMAL 102 [PRESSURE DATA]
TOTAL FM JAN 1 2528 HIGHEST SLP 30.38 ON 31
DPTR FM NORMAL 458 LOWEST SLP 29.59 ON 29
[REMARKS]
#FINAL-10-20#