000
CXUS55 KCAE 011400
CF6AGS
PRELIMINARY LOCAL CLIMATOLOGICAL DATA (WS FORM: F-6)
STATION: AUGUSTA BUSH FIELD GA
MONTH: MAY
YEAR: 2020
LATITUDE: 33 22 N
LONGITUDE: 81 58 W
TEMPERATURE IN F: :PCPN: SNOW: WIND :SUNSHINE: SKY :PK WND
================================================================================
1 2 3 4 5 6A 6B 7 8 9 10 11 12 13 14 15 16 17 18
12Z AVG MX 2MIN
DY MAX MIN AVG DEP HDD CDD WTR SNW DPTH SPD SPD DIR MIN PSBL S-S WX SPD DR
================================================================================
1 77 50 64 -3 1 0 0.00 0.0 0 10.0 23 310 M M 0 31 300
2 83 48 66 -1 0 1 0.00 0.0 0 2.5 10 200 M M 0 14 220
3 89 52 71 4 0 6 0.00 0.0 0 7.4 17 220 M M 1 12 25 220
4 90 65 78 10 0 13 0.00 0.0 0 6.0 16 290 M M 2 21 290
5 90 64 77 9 0 12 0.00 0.0 0 6.8 20 280 M M 0 24 280
6 82 55 69 1 0 4 0.00 0.0 0 15.7 31 310 M M 2 39 280
7 72 45 59 -9 6 0 0.00 0.0 0 5.1 17 10 M M 0 23 300
8 75 44 60 -9 5 0 0.01 0.0 0 5.6 21 350 M M 4 18 27 220
9 71 46 59 -10 6 0 0.00 0.0 0 5.4 14 330 M M 1 19 10
10 78 43 61 -8 4 0 0.00 0.0 0 3.0 15 210 M M 1 1 18 230
11 76 46 61 -9 4 0 0.00 0.0 0 8.4 23 320 M M 0 1 28 310
12 75 43 59 -11 6 0 0.00 0.0 0 2.6 13 70 M M 0 15 260
13 84 48 66 -4 0 1 0.00 0.0 0 4.9 12 140 M M 1 1 18 60
14 85 54 70 -1 0 5 0.00 0.0 0 5.7 15 140 M M 0 1 18 130
15 85 54 70 -1 0 5 0.00 0.0 0 4.7 13 160 M M 3 12 17 160
16 89 57 73 2 0 8 0.00 0.0 0 2.5 12 90 M M 2 12 19 50
17 90 59 75 3 0 10 0.00 0.0 0 3.5 14 80 M M 2 12 17 100
18 88 64 76 4 0 11 2.29 0.0 0 6.6 21 330 M M 6 13 25 330
19 84 65 75 3 0 10 0.07 0.0 0 6.1 20 240 M M 6 1 23 240
20 71 63 67 -5 0 2 1.03 0.0 0 7.9 14 10 M M 10 13 18 10
21 83 59 71 -2 0 6 0.00 0.0 0 4.8 12 330 M M 9 1 13 340
22 90 64 77 4 0 12 0.10 0.0 0 3.2 16 340 M M 4 138 20 350
23 93 65 79 6 0 14 0.00 0.0 0 4.6 16 330 M M 1 20 330
24 93 67 80 6 0 15 T 0.0 0 3.4 14 120 M M 1 13 19 120
25 88 68 78 4 0 13 0.56 0.0 0 2.9 15 150 M M 5 13 19 150
26 78 69 74 0 0 9 0.09 0.0 0 5.5 13 80 M M 7 1 17 70
27 81 71 76 2 0 11 0.02 0.0 0 5.8 13 60 M M 10 18 18 50
28 91 68 80 5 0 15 0.00 0.0 0 4.8 13 190 M M 5 12 16 220
29 89 70 80 5 0 15 2.13 0.0 0 6.2 23 310 M M 5 13 33 310
30 91 68 80 5 0 15 0.00 0.0 0 3.0 12 300 M M 3 12 15 310
31 89 65 77 1 0 12 0.00 0.0 0 5.3 14 20 M M 0 1 19 40
================================================================================
SM 2600 1799 32 225 6.30 0.0 169.9 M 91
================================================================================
AV 83.9 58.0 5.5 FASTST M M 3 MAX(MPH)
MISC ----> # 31 310 # 39 280
================================================================================
NOTES:
# LAST OF SEVERAL OCCURRENCES
COLUMN 17 PEAK WIND IN M.P.H.
PRELIMINARY LOCAL CLIMATOLOGICAL DATA (WS FORM: F-6) , PAGE 2
STATION: AUGUSTA BUSH FIELD GA
MONTH: MAY
YEAR: 2020
LATITUDE: 33 22 N
LONGITUDE: 81 58 W
[TEMPERATURE DATA] [PRECIPITATION DATA] SYMBOLS USED IN COLUMN 16
AVERAGE MONTHLY: 71.0 TOTAL FOR MONTH: 6.30 1 = FOG OR MIST
DPTR FM NORMAL: -0.1 DPTR FM NORMAL: 3.65 2 = FOG REDUCING VISIBILITY
HIGHEST: 93 ON 24,23 GRTST 24HR 2.29 ON 18-18 TO 1/4 MILE OR LESS
LOWEST: 43 ON 12,10 3 = THUNDER
SNOW, ICE PELLETS, HAIL 4 = ICE PELLETS
TOTAL MONTH: 0.0 INCH 5 = HAIL
GRTST 24HR 0.0 6 = FREEZING RAIN OR DRIZZLE
GRTST DEPTH: 0 7 = DUSTSTORM OR SANDSTORM:
VSBY 1/2 MILE OR LESS
8 = SMOKE OR HAZE
[NO. OF DAYS WITH] [WEATHER - DAYS WITH] 9 = BLOWING SNOW
X = TORNADO
MAX 32 OR BELOW: 0 0.01 INCH OR MORE: 9
MAX 90 OR ABOVE: 8 0.10 INCH OR MORE: 5
MIN 32 OR BELOW: 0 0.50 INCH OR MORE: 4
MIN 0 OR BELOW: 0 1.00 INCH OR MORE: 3
[HDD (BASE 65) ]
TOTAL THIS MO. 32 CLEAR (SCALE 0-3) 20
DPTR FM NORMAL 13 PTCLDY (SCALE 4-7) 8
TOTAL FM JUL 1 1767 CLOUDY (SCALE 8-10) 3
DPTR FM NORMAL -704
[CDD (BASE 65) ]
TOTAL THIS MO. 225
DPTR FM NORMAL 15 [PRESSURE DATA]
TOTAL FM JAN 1 413 HIGHEST SLP 30.33 ON 12
DPTR FM NORMAL 130 LOWEST SLP 29.72 ON 19
[REMARKS]
#FINAL-05-20#