000
CXUS52 KFFC 011010
CF6AHN
PRELIMINARY LOCAL CLIMATOLOGICAL DATA (WS FORM: F-6)
STATION: ATHENS
MONTH: APRIL
YEAR: 2023
LATITUDE: 33 57 N
LONGITUDE: 83 19 W
TEMPERATURE IN F: :PCPN: SNOW: WIND :SUNSHINE: SKY :PK WND
================================================================================
1 2 3 4 5 6A 6B 7 8 9 10 11 12 13 14 15 16 17 18
12Z AVG MX 2MIN
DY MAX MIN AVG DEP HDD CDD WTR SNW DPTH SPD SPD DIR MIN PSBL S-S WX SPD DR
================================================================================
1 81 59 70 11 0 5 0.26 0.0 M 9.8 24 280 M M 3 13 46 240
2 74 46 60 1 5 0 0.00 0.0 M 5.5 15 300 M M 0 22 260
3 62 47 55 -4 10 0 0.01 M M 2.9 12 90 M M 7 17 110
4 74 57 66 7 0 1 0.00 0.0 M 1.7 7 100 M M 8 1 11 110
5 87 61 74 14 0 9 0.00 0.0 M 3.2 12 180 M M 3 1 24 170
6 85 65 75 15 0 10 0.08 0.0 M 2.0 9 160 M M 5 1 20 200
7 81 48 65 5 0 0 T 0.0 M 8.5 24 70 M M 9 13 39 80
8 48 42 45 -15 20 0 2.14 M M 12.2 22 60 M M 10 13 35 70
9 64 41 53 -8 12 0 0.00 0.0 M 11.2 21 60 M M 3 1 30 80
10 66 39 53 -8 12 0 0.00 0.0 M 7.9 21 80 M M 0 8 27 80
11 72 35 54 -7 11 0 0.00 0.0 M 2.1 10 50 M M 0 1 15 70
12 77 40 59 -2 6 0 0.00 0.0 M 2.6 12 80 M M 0 15 90
13 73 47 60 -2 5 0 0.40 M M 7.2 20 80 M M 5 18 25 80
14 69 58 64 2 1 0 0.45 0.0 M 1.9 13 290 M M 9 13 20 300
15 80 57 69 7 0 4 0.00 0.0 M 3.4 14 300 M M 5 12 22 270
16 75 57 66 4 0 1 0.23 0.0 M 5.8 15 300 M M 7 1 27 250
17 72 44 58 -5 7 0 0.00 M M 7.6 22 300 M M 0 8 31 300
18 79 41 60 -3 5 0 0.00 0.0 M 4.0 15 300 M M 0 22 300
19 83 48 66 3 0 1 0.00 0.0 M 1.6 8 240 M M 0 8 15 250
20 83 53 68 5 0 3 0.00 0.0 M 2.2 10 170 M M 0 18 18 210
21 80 53 67 3 0 2 0.00 0.0 M 3.3 9 190 M M 1 19 190
22 71 48 60 -4 5 0 0.04 M M 6.3 20 300 M M 3 13 32 310
23 72 44 58 -6 7 0 0.00 0.0 M 6.0 17 300 M M 1 25 300
24 71 49 60 -4 5 0 0.00 0.0 M 4.2 9 290 M M 3 14 300
25 71 43 57 -8 8 0 0.00 0.0 M 7.8 14 50 M M 6 19 30
26 58 54 56 -9 9 0 0.11 0.0 M 8.8 16 50 M M 10 1 24 70
27 59 54 57 -8 8 0 1.24 0.0 M 6.6 14 60 M M 10 13 19 60
28 80 58 69 3 0 4 T 0.0 M 3.8 13 270 M M 7 12 23 250
29 77 53 65 -1 0 0 0.02 0.0 M 2.1 9 200 M M 2 1 16 220
30 73 53 63 -3 2 0 1.06 0.0 M 9.9 23 300 M M 6 13 42 270
================================================================================
SM 2197 1494 138 40 6.04 0.0 162.1 M 123
================================================================================
AV 73.2 49.8 5.4 FASTST M M 4 MAX(MPH)
MISC ----> # 24 280 46 240
================================================================================
NOTES:
# LAST OF SEVERAL OCCURRENCES
COLUMN 17 PEAK WIND IN M.P.H.
PRELIMINARY LOCAL CLIMATOLOGICAL DATA (WS FORM: F-6) , PAGE 2
STATION: ATHENS
MONTH: APRIL
YEAR: 2023
LATITUDE: 33 57 N
LONGITUDE: 83 19 W
[TEMPERATURE DATA] [PRECIPITATION DATA] SYMBOLS USED IN COLUMN 16
AVERAGE MONTHLY: 61.5 TOTAL FOR MONTH: 6.04 1 = FOG OR MIST
DPTR FM NORMAL: -0.8 DPTR FM NORMAL: 2.52 2 = FOG REDUCING VISIBILITY
HIGHEST: 87 ON 5 GRTST 24HR 2.14 ON 8- 8 TO 1/4 MILE OR LESS
LOWEST: 35 ON 11 3 = THUNDER
SNOW, ICE PELLETS, HAIL 4 = ICE PELLETS
TOTAL MONTH: 0.0 INCH 5 = HAIL
GRTST 24HR 0.0 6 = FREEZING RAIN OR DRIZZLE
GRTST DEPTH: M ON M 7 = DUSTSTORM OR SANDSTORM:
VSBY 1/2 MILE OR LESS
8 = SMOKE OR HAZE
[NO. OF DAYS WITH] [WEATHER - DAYS WITH] 9 = BLOWING SNOW
X = TORNADO
MAX 32 OR BELOW: 0 0.01 INCH OR MORE: 12
MAX 90 OR ABOVE: 0 0.10 INCH OR MORE: 8
MIN 32 OR BELOW: 0 0.50 INCH OR MORE: 3
MIN 0 OR BELOW: 0 1.00 INCH OR MORE: 3
[HDD (BASE 65) ]
TOTAL THIS MO. 138 CLEAR (SCALE 0-3) 12
DPTR FM NORMAL 4 PTCLDY (SCALE 4-7) 13
TOTAL FM JUL 1 2263 CLOUDY (SCALE 8-10) 5
DPTR FM NORMAL -379
[CDD (BASE 65) ]
TOTAL THIS MO. 40
DPTR FM NORMAL -13 [PRESSURE DATA]
TOTAL FM JAN 1 83 HIGHEST SLP 30.46 ON 10
DPTR FM NORMAL 15 LOWEST SLP 29.42 ON 30
[REMARKS]
#FINAL-04-23#