000
CXUS52 KFFC 031848
CLMAHN
CLIMATE REPORT
NATIONAL WEATHER SERVICE PEACHTREE CITY GA
148 PM EST WED JAN 03 2024
...................................
...THE ATHENS CLIMATE SUMMARY FOR THE MONTH OF DECEMBER 2023...
CLIMATE NORMAL PERIOD: 1991 TO 2020
CLIMATE RECORD PERIOD: 1898 TO 2024
WEATHER OBSERVED NORMAL DEPART LAST YEAR`S
VALUE DATE(S) VALUE FROM VALUE DATE(S)
NORMAL
................................................................
TEMPERATURE (F)
RECORD
HIGH 80 12/03/2021
LOW 2 12/13/1962
HIGHEST 69 12/03 64 5 77 12/08
12/04
LOWEST 22 12/20 28 -6 7 12/24
AVG. MAXIMUM 58.6 56.8 1.8 53.5
AVG. MINIMUM 37.4 36.3 1.1 36.4
MEAN 48.0 46.5 1.5 44.9
DAYS MAX >= 90 0 0.0 0.0 0
DAYS MAX <= 32 0 0.1 -0.1 1
DAYS MIN <= 32 9 11.9 -2.9 10
DAYS MIN <= 0 0 0.0 0.0 0
PRECIPITATION (INCHES)
RECORD
MAXIMUM 12.37 2015
MINIMUM 0.31 2001
TOTALS 4.34 4.43 -0.09 4.77
DAILY AVG. 0.14 0.14 -0.00 0.15
GREATEST
24 HR. TOTAL 2.99 12/25 TO 12/26 2.04 12/05 TO 12/06
SNOWFALL (INCHES)
RECORDS
TOTAL 3.3 2010
24 HR TOTAL 2.0 12/25/2010 TO 12/25/2010
TOTALS 0.0 MM MM 0.0
SINCE 7/1 0.0 MM MM MM
SNOWDEPTH AVG. MM MM
DAYS >= TRACE 0 MM MM 0
DAYS >= 1.0 0 MM MM 0
GREATEST
24 HR TOTAL MM MM
DEGREE DAYS
HEATING TOTAL 517 573 -56 616
SINCE 7/1 949 1056 -107 MM
................................................................
WIND (MPH)
AVERAGE WIND SPEED 5.0
HIGHEST WIND SPEED/DIRECTION 25/300 DATE 12/18
HIGHEST GUST SPEED/DIRECTION 37/300 DATE 12/18
SKY COVER
POSSIBLE SUNSHINE (PERCENT) MM
AVERAGE SKY COVER 0.34
NUMBER OF DAYS FAIR 17
NUMBER OF DAYS PC 6
NUMBER OF DAYS CLOUDY 8
AVERAGE RH (PERCENT) 65
WEATHER CONDITIONS. NUMBER OF DAYS WITH
THUNDERSTORM 2 MIXED PRECIP 0
HEAVY RAIN 3 RAIN 6
LIGHT RAIN 9 FREEZING RAIN 0
LT FREEZING RAIN 0 HAIL 0
HEAVY SNOW 0 SNOW 0
LIGHT SNOW 0 SLEET 0
FOG 11 FOG W/VIS <= 1/4 MILE 2
HAZE 5
- INDICATES NEGATIVE NUMBERS.
R INDICATES RECORD WAS SET OR TIED.
MM INDICATES DATA IS MISSING.
T INDICATES TRACE AMOUNT.
$$