000
CXUS55 KCYS 020339 CCA
CF6AIA
PRELIMINARY LOCAL CLIMATOLOGICAL DATA (WS FORM: F-6)...CORRECTED
STATION: ALLIANCE NEBRASKA AIRPORT
MONTH: JANUARY
YEAR: 2023
LATITUDE: 42 2 N
LONGITUDE: 102 48 W
TEMPERATURE IN F: :PCPN: SNOW: WIND :SUNSHINE: SKY :PK WND
================================================================================
1 2 3 4 5 6A 6B 7 8 9 10 11 12 13 14 15 16 17 18
12Z AVG MX 2MIN
DY MAX MIN AVG DEP HDD CDD WTR SNW DPTH SPD SPD DIR MIN PSBL S-S WX SPD DR
================================================================================
1 39 27 33 10 32 0 0.00 M M 5.1 12 50 M M 10 15 60
2 33 25 29 6 36 0 T M M 15.0 22 10 M M 10 16 29 10
3 28 4 16 -7 49 0 T M M 9.4 21 10 M M 10 12 27 360
4 31 1 16 -7 49 0 0.00 M M 12.5 23 280 M M 3 27 290
5 28 -3 13 -10 52 0 0.00 M M 7.3 16 260 M M 0 18 260
6 28 0 14 -9 51 0 0.00 M M 3.5 9 260 M M 3 12 10 50
7 36 -2 17 -7 48 0 0.00 M M 6.6 16 280 M M 1 1 20 270
8 39 2 21 -3 44 0 0.00 M M 5.5 16 230 M M 0 1 18 230
9 42 24 33 9 32 0 0.00 M M 10.0 24 270 M M 1 31 270
10 46 17 32 8 33 0 0.01 M M 6.7 16 260 M M 2 22 260
11 33 18 26 2 39 0 0.02 M M 6.1 15 10 M M 8 1 19 10
12 34 9 22 -2 43 0 0.00 M M 5.9 14 290 M M 2 12 17 280
13 44 9 27 3 38 0 0.00 M M 4.5 12 230 M M 0 12 230
14 48 26 37 13 28 0 0.00 M M 6.0 15 320 M M 1 19 290
15 40 24 32 8 33 0 0.10 M M 4.2 10 320 M M 7 1 12 320
16 41 22 32 8 33 0 0.04 M M 6.6 17 300 M M 5 1 25 290
17 32 19 26 2 39 0 T M M 5.9 14 90 M M 8 12 17 100
18 30 24 27 3 38 0 M M M 15.3 23 40 M M 10 12 29 350
19 28 2 15 -9 50 0 0.00 M M 10.8 18 260 M M 2 23 330
20 28 2 15 -9 50 0 0.00 M M 7.5 12 280 M M 1 14 290
21 31 6 19 -6 46 0 T M M 9.8 18 290 M M 5 1 24 310
22 30 -5 13 -12 52 0 0.00 M M 2.5 9 250 M M 5 128 11 220
23 32 7 20 -5 45 0 0.00 M M 4.6 15 150 M M 9 12 17 150
24 33 -2 16 -9 49 0 0.00 M M 10.4 17 290 M M 3 12 M M
25 30 12 21 -4 44 0 T M M 12.5 25 310 M M 7 128 34 310
26 32 12 22 -3 43 0 T M M 19.5 38 270 M M 6 18 49 270
27 37 23 30 5 35 0 0.02 M M 12.5 30 280 M M 9 1 38 280
28 33 -8 13 -12 52 0 M M M 15.9 29 10 M M 10 1 37 10
29 2 -3 0 -25 65 0 M M M 6.2 12 360 M M 10 18 14 350
30 4 -23 -9 -34 74 0 T M M 6.9 13 260 M M 3 18 15 250
31 17 -22 -2 -27 67 0 0.00 M M 9.4 17 260 M M 0 21 250
================================================================================
SM 989 247 1389 0 0.19 M 264.6 M 151
================================================================================
AV 31.9 8.0 8.5 FASTST M M 5 MAX(MPH)
MISC ----> 38 270 49 270
================================================================================
NOTES:
# LAST OF SEVERAL OCCURRENCES
COLUMN 17 PEAK WIND IN M.P.H.
PRELIMINARY LOCAL CLIMATOLOGICAL DATA (WS FORM: F-6) , PAGE 2
STATION: ALLIANCE NEBRASKA AIRPORT
MONTH: JANUARY
YEAR: 2023
LATITUDE: 42 2 N
LONGITUDE: 102 48 W
[TEMPERATURE DATA] [PRECIPITATION DATA] SYMBOLS USED IN COLUMN 16
AVERAGE MONTHLY: 19.9 TOTAL FOR MONTH: 0.19 1 = FOG OR MIST
DPTR FM NORMAL: -4.2 DPTR FM NORMAL: -0.01 2 = FOG REDUCING VISIBILITY
HIGHEST: 48 ON 14 GRTST 24HR 0.28 ON 27-28 TO 1/4 MILE OR LESS
LOWEST: -23 ON 30 3 = THUNDER
SNOW, ICE PELLETS, HAIL 4 = ICE PELLETS
TOTAL MONTH: M 5 = HAIL
GRTST 24HR M ON M 6 = FREEZING RAIN OR DRIZZLE
GRTST DEPTH: M ON M 7 = DUSTSTORM OR SANDSTORM:
VSBY 1/2 MILE OR LESS
8 = SMOKE OR HAZE
[NO. OF DAYS WITH] [WEATHER - DAYS WITH] 9 = BLOWING SNOW
X = TORNADO
MAX 32 OR BELOW: 16 0.01 INCH OR MORE: 5
MAX 90 OR ABOVE: 0 0.10 INCH OR MORE: 1
MIN 32 OR BELOW: 31 0.50 INCH OR MORE: 0
MIN 0 OR BELOW: 9 1.00 INCH OR MORE: 0
[HDD (BASE 65) ]
TOTAL THIS MO. 1389 CLEAR (SCALE 0-3) 13
DPTR FM NORMAL 121 PTCLDY (SCALE 4-7) 10
TOTAL FM JUL 1 4534 CLOUDY (SCALE 8-10) 8
DPTR FM NORMAL 206
[CDD (BASE 65) ]
TOTAL THIS MO. 0
DPTR FM NORMAL 0 [PRESSURE DATA]
TOTAL FM JAN 1 0 HIGHEST SLP 30.53 ON 29
DPTR FM NORMAL 0 LOWEST SLP 29.47 ON 15
[REMARKS]
JANUARY 18...PRECIPITATION MISSING.
JANUARY 24...PEAK WIND MISSING.
JANUARY 28-29...PRECIPITATION MISSING.
JANUARY 31...RECORD LOW -22 DEGREES (PREVIOUS -21 DEGREES IN 1917)
#FINAL-01-23#