000
CXUS55 KCYS 040947
CF6AIA
PRELIMINARY LOCAL CLIMATOLOGICAL DATA (WS FORM: F-6) ...CORRECTED...
STATION: ALLIANCE NEBRASKA AIRPORT
MONTH: MARCH
YEAR: 2020
LATITUDE: 42 2 N
LONGITUDE: 102 48 W
TEMPERATURE IN F: :PCPN: SNOW: WIND :SUNSHINE: SKY :PK WND
================================================================================
1 2 3 4 5 6A 6B 7 8 9 10 11 12 13 14 15 16 17 18
12Z AVG MX 2MIN
DY MAX MIN AVG DEP HDD CDD WTR SNW DPTH SPD SPD DIR MIN PSBL S-S WX SPD DR
================================================================================
1 42 21 32 1 33 0 T M M 9.9 23 340 M M 5 18 29 340
2 45 16 31 -1 34 0 0.00 M M 14.8 32 300 M M 4 1 40 290
3 58 16 37 5 28 0 0.00 M M 15.8 40 350 M M 1 46 350
4 64 20 42 10 23 0 T M M 17.6 33 290 M M 0 1 40 280
5 49 23 36 3 29 0 0.00 M M 14.5 30 340 M M 3 35 340
6 69 22 46 13 19 0 0.00 M M 9.2 17 250 M M 0 22 260
7 73 22 48 14 17 0 0.00 M M 9.3 28 270 M M 0 8 38 280
8 66 23 45 11 20 0 0.05 M M 12.7 30 330 M M 3 1 38 330
9 53 29 41 7 24 0 0.00 M M 7.3 14 160 M M 6 17 10
10 59 22 41 6 24 0 0.01 M M 6.8 29 350 M M 3 35 360
11 68 20 44 9 21 0 0.00 M M 18.6 39 270 M M 0 50 280
12 49 20 35 0 30 0 0.05 M M 10.4 26 360 M M 7 1 32 10
13 35 20 28 -8 37 0 T M M 18.4 35 140 M M 10 12 42 160
14 30 26 28 -8 37 0 T M M 22.4 32 140 M M 10 16 37 140
15 35 27 31 -5 34 0 0.00 M M 19.9 31 170 M M 10 1 36 160
16 34 30 32 -5 33 0 0.00 M M 7.5 16 30 M M 10 1 20 30
17 44 30 37 0 28 0 0.00 M M 17.3 30 180 M M 9 1 36 190
18 49 31 40 2 25 0 0.00 M M 9.2 20 350 M M 9 12 22 350
19 39 17 28 -10 37 0 T M M 20.1 37 20 M M 10 128 45 30
20 20 -1 10 -28 55 0 T M M 9.4 18 180 M M 5 18 22 10
21 53 14 34 -4 31 0 0.00 M M 10.2 21 220 M M 3 26 220
22 58 24 41 2 24 0 T M M 7.3 28 280 M M 3 34 280
23 63 18 41 2 24 0 0.00 M M 9.3 25 230 M M 2 1 37 240
24 67 24 46 7 19 0 T M M 13.8 29 290 M M 3 37 290
25 60 30 45 5 20 0 0.00 M M 9.0 21 330 M M 5 25 30
26 52 30 41 1 24 0 0.00 M M 5.9 15 150 M M 5 1 19 190
27 53 28 41 1 24 0 0.26 M M 11.6 25 10 M M 10 1 31 360
28 44 26 35 -5 30 0 0.16 M M 16.1 29 340 M M 6 1 35 340
29 55 21 38 -3 27 0 0.00 M M 8.8 14 230 M M 1 20 230
30 53 28 41 0 24 0 0.00 M M 8.2 17 130 M M 3 12 22 140
31 70 23 47 6 18 0 0.00 M M 14.2 36 280 M M 4 12 47 280
================================================================================
SM 1609 700 853 0 0.53 M 385.5 M 150
================================================================================
AV 51.9 22.6 12.4 FASTST M M 5 MAX(MPH)
MISC ----> # 40 350 # 50 280
================================================================================
NOTES:
# LAST OF SEVERAL OCCURRENCES
COLUMN 17 PEAK WIND IN M.P.H.
PRELIMINARY LOCAL CLIMATOLOGICAL DATA (WS FORM: F-6) , PAGE 2
STATION: ALLIANCE NEBRASKA AIRPORT
MONTH: MARCH
YEAR: 2020
LATITUDE: 42 2 N
LONGITUDE: 102 48 W
[TEMPERATURE DATA] [PRECIPITATION DATA] SYMBOLS USED IN COLUMN 16
AVERAGE MONTHLY: 37.2 TOTAL FOR MONTH: 0.53 1 = FOG OR MIST
DPTR FM NORMAL: 0.6 DPTR FM NORMAL: -0.32 2 = FOG REDUCING VISIBILITY
HIGHEST: 73 ON 7 GRTST 24HR 0.26 ON 27-27 TO 1/4 MILE OR LESS
LOWEST: -1 ON 20 3 = THUNDER
SNOW, ICE PELLETS, HAIL 4 = ICE PELLETS
TOTAL MONTH: M 5 = HAIL
GRTST 24HR M ON M 6 = FREEZING RAIN OR DRIZZLE
GRTST DEPTH: M ON M 7 = DUSTSTORM OR SANDSTORM:
VSBY 1/2 MILE OR LESS
8 = SMOKE OR HAZE
[NO. OF DAYS WITH] [WEATHER - DAYS WITH] 9 = BLOWING SNOW
X = TORNADO
MAX 32 OR BELOW: 2 0.01 INCH OR MORE: 5
MAX 90 OR ABOVE: 0 0.10 INCH OR MORE: 2
MIN 32 OR BELOW: 31 0.50 INCH OR MORE: 0
MIN 0 OR BELOW: 1 1.00 INCH OR MORE: 0
[HDD (BASE 65) ]
TOTAL THIS MO. 853 CLEAR (SCALE 0-3) 12
DPTR FM NORMAL -29 PTCLDY (SCALE 4-7) 11
TOTAL FM JUL 1 6182 CLOUDY (SCALE 8-10) 8
DPTR FM NORMAL -104
[CDD (BASE 65) ]
TOTAL THIS MO. 0
DPTR FM NORMAL 0 [PRESSURE DATA]
TOTAL FM JAN 1 0 HIGHEST SLP 30.66 ON 20
DPTR FM NORMAL 0 LOWEST SLP 29.59 ON 12
[REMARKS]
MARCH 7TH...RECORD HIGH 73 DEGREES (PREVIOUS 68 DEGREES IN 1901).
#FINAL-03-20#