000
CXUS53 KGRB 111403
CF6AIG
PRELIMINARY LOCAL CLIMATOLOGICAL DATA (WS FORM: F-6)
STATION: ANTIGO AWOS
MONTH: AUGUST
YEAR: 2022
LATITUDE: 45 9 N
LONGITUDE: 89 8 W
TEMPERATURE IN F: :PCPN: SNOW: WIND :SUNSHINE: SKY :PK WND
================================================================================
1 2 3 4 5 6A 6B 7 8 9 10 11 12 13 14 15 16 17 18
12Z AVG MX 2MIN
DY MAX MIN AVG DEP HDD CDD WTR SNW DPTH SPD SPD DIR MIN PSBL S-S WX SPD DR
================================================================================
1 75 59 67 1 0 2 M M M 9.5 18 310 M M 6 25 300
2 78 49 64 -2 1 0 0.09 M M 8.7 16 150 M M 3 25 150
3 84 62 73 7 0 8 0.39 M M 10.5 17 240 M M 3 51 260
4 78 52 65 -1 0 0 M M M 2.7 7 30 M M 1 M M
5 82 54 68 2 0 3 M M M 6.6 14 170 M M 0 18 160
6 83 63 73 7 0 8 0.34 M M 7.1 15 230 M M 5 1 20 240
7 71 62 67 1 0 2 0.03 M M 6.1 12 360 M M 10 1 M M
8 70 53 62 -4 3 0 0.48 M M 9.2 14 350 M M 6 1 21 360
9 76 45 61 -5 4 0 M M M 3.1 9 260 M M 0 M M
10 81 51 66 0 0 1 M M M 5.6 13 340 M M 1 1 20 300
11 74 46 60 -6 5 0 M M M 2.7 8 350 M M 1 M M
12 69 49 59 -7 6 0 0.01 M M 5.1 9 170 M M 4 M M
13 61 55 58 -8 7 0 1.00 M M 8.0 15 140 M M 10 1 18 120
14 66 55 61 -5 4 0 M M M 4.7 8 40 M M 10 1 M M
15 74 51 63 -3 2 0 M M M 2.3 9 80 M M 4 12 M M
16 77 50 64 -1 1 0 M M M 3.3 7 70 M M 1 M M
17 78 51 65 0 0 0 M M M 2.1 7 240 M M 2 M M
18 74 53 64 -1 1 0 M M M 5.6 16 240 M M 5 22 230
19 73 59 66 1 0 1 0.41 M M 5.9 14 200 M M 8 20 200
20 73 59 66 1 0 1 0.16 M M 3.5 9 150 M M 8 9 110
21 76 54 65 0 0 0 M M M 5.0 10 300 M M 5 M M
22 78 47 63 -1 2 0 M M M 2.5 9 310 M M 2 17 350
23 82 53 68 4 0 3 M M M 1.5 7 310 M M 2 M M
24 80 55 68 4 0 3 0.02 M M 2.5 10 230 M M 5 1 17 210
25 72 53 63 -1 2 0 0.04 M M 4.7 14 360 M M 8 1 17 20
26 74 46 60 -4 5 0 M M M 1.9 8 260 M M 4 12 M M
27 63 53 58 -6 7 0 0.17 M M 7.0 15 170 M M 6 20 150
28 71 60 66 3 0 1 1.12 M M 7.8 13 150 M M 10 1 18 150
29 78 61 70 7 0 5 0.25 M M 10.5 18 260 M M 6 30 260
30 73 56 65 2 0 0 M M M 11.7 20 300 M M 2 28 310
31 78 54 66 4 0 1 M M M 8.6 21 310 M M 1 28 310
================================================================================
SM 2322 1670 50 39 4.51 M 176.2 M 139
================================================================================
AV 74.9 53.9 5.7 FASTST M M 4 MAX(MPH)
MISC ----> 21 310 51 260
================================================================================
NOTES:
# LAST OF SEVERAL OCCURRENCES
COLUMN 17 PEAK WIND IN M.P.H.
PRELIMINARY LOCAL CLIMATOLOGICAL DATA (WS FORM: F-6) , PAGE 2
STATION: ANTIGO AWOS
MONTH: AUGUST
YEAR: 2022
LATITUDE: 45 9 N
LONGITUDE: 89 8 W
[TEMPERATURE DATA] [PRECIPITATION DATA] SYMBOLS USED IN COLUMN 16
AVERAGE MONTHLY: 64.4 TOTAL FOR MONTH: 4.51 1 = FOG OR MIST
DPTR FM NORMAL: -0.7 DPTR FM NORMAL: 0.66 2 = FOG REDUCING VISIBILITY
HIGHEST: 84 ON 3 GRTST 24HR 1.12 ON 28-28 TO 1/4 MILE OR LESS
LOWEST: 45 ON 9 3 = THUNDER
SNOW, ICE PELLETS, HAIL 4 = ICE PELLETS
TOTAL MONTH: M 5 = HAIL
GRTST 24HR M ON M 6 = FREEZING RAIN OR DRIZZLE
GRTST DEPTH: M ON M 7 = DUSTSTORM OR SANDSTORM:
VSBY 1/2 MILE OR LESS
8 = SMOKE OR HAZE
[NO. OF DAYS WITH] [WEATHER - DAYS WITH] 9 = BLOWING SNOW
X = TORNADO
MAX 32 OR BELOW: 0 0.01 INCH OR MORE: 14
MAX 90 OR ABOVE: 0 0.10 INCH OR MORE: 9
MIN 32 OR BELOW: 0 0.50 INCH OR MORE: 2
MIN 0 OR BELOW: 0 1.00 INCH OR MORE: 2
[HDD (BASE 65) ]
TOTAL THIS MO. 50 CLEAR (SCALE 0-3) 13
DPTR FM NORMAL -26 PTCLDY (SCALE 4-7) 13
TOTAL FM JUL 1 78 CLOUDY (SCALE 8-10) 5
DPTR FM NORMAL -50
[CDD (BASE 65) ]
TOTAL THIS MO. 39
DPTR FM NORMAL -38 [PRESSURE DATA]
TOTAL FM JAN 1 221 HIGHEST SLP M ON M
DPTR FM NORMAL -17 LOWEST SLP M ON M
[REMARKS]
#FINAL-08-22#