000
CXAK56 PAJK 011413
CF6AJN
PRELIMINARY LOCAL CLIMATOLOGICAL DATA (WS FORM: F-6)
STATION: JUNEAU
MONTH: JULY
YEAR: 2020
LATITUDE: 58 22 N
LONGITUDE: 134 35 W
TEMPERATURE IN F: :PCPN: SNOW: WIND :SUNSHINE: SKY :PK WND
================================================================================
1 2 3 4 5 6A 6B 7 8 9 10 11 12 13 14 15 16 17 18
12Z AVG MX 2MIN
DY MAX MIN AVG DEP HDD CDD WTR SNW DPTH SPD SPD DIR MIN PSBL S-S WX SPD DR
================================================================================
1 78 51 65 9 0 0 0.00 0.0 0 5.6 14 250 M M 4 17 260
2 83 48 66 10 0 1 0.00 0.0 0 5.3 16 260 M M 5 22 250
3 72 48 60 4 5 0 0.00 0.0 0 12.4 20 100 M M 6 24 100
4 66 57 62 6 3 0 0.00 0.0 0 11.4 18 120 M M 9 23 120
5 65 52 59 3 6 0 0.00 0.0 0 5.9 13 90 M M 7 15 80
6 61 54 58 2 7 0 T 0.0 0 4.5 10 240 M M 10 12 100
7 62 52 57 1 8 0 T 0.0 0 3.8 13 90 M M 10 1 15 100
8 56 52 54 -2 11 0 0.70 0.0 0 6.2 14 100 M M 10 1 17 90
9 57 52 55 -1 10 0 0.23 0.0 0 10.6 20 130 M M 10 1 24 120
10 62 52 57 0 8 0 0.08 0.0 0 7.2 18 110 M M 10 1 23 110
11 60 51 56 -1 9 0 0.20 0.0 0 5.8 17 110 M M 9 1 22 120
12 56 53 55 -2 10 0 0.07 0.0 0 8.1 13 100 M M 10 1 M M
13 60 52 56 -1 9 0 0.10 0.0 0 11.8 21 130 M M 10 1 24 120
14 57 52 55 -2 10 0 0.81 0.0 0 12.9 23 120 M M 10 1 31 130
15 63 50 57 0 8 0 T 0.0 0 4.2 20 130 M M 9 1 24 130
16 66 47 57 0 8 0 T 0.0 0 4.2 14 270 M M 8 1 16 270
17 63 54 59 2 6 0 0.29 0.0 0 11.3 23 120 M M 10 1 31 120
18 58 54 56 -1 9 0 0.63 0.0 0 11.2 17 110 M M 10 1 24 120
19 58 55 57 0 8 0 0.46 0.0 0 12.7 22 90 M M 10 1 25 100
20 60 53 57 0 8 0 0.45 0.0 0 9.0 20 90 M M 10 1 25 80
21 67 52 60 3 5 0 0.00 0.0 0 4.7 12 90 M M 8 1 14 260
22 63 54 59 2 6 0 T 0.0 0 5.4 10 80 M M 10 13 70
23 64 52 58 1 7 0 0.18 0.0 0 6.5 14 110 M M 9 1 M M
24 59 54 57 -1 8 0 0.08 0.0 0 9.0 15 90 M M 10 1 18 90
25 57 53 55 -3 10 0 0.57 0.0 0 13.3 22 100 M M 10 1 26 100
26 63 53 58 0 7 0 0.85 0.0 0 12.4 31 110 M M 9 1 39 110
27 60 52 56 -2 9 0 0.01 0.0 0 5.1 10 120 M M 9 13 80
28 64 47 56 -2 9 0 0.00 0.0 0 3.7 12 230 M M 7 13 230
29 74 44 59 1 6 0 0.00 0.0 0 5.0 14 240 M M 2 1 16 230
30 78 47 63 5 2 0 0.00 0.0 0 4.3 12 240 M M 3 1 14 240
31 76 49 63 5 2 0 T 0.0 0 5.2 36 120 0 0 6 47 120
================================================================================
SM 1988 1596 214 1 5.71 0.0 238.7 0 260
================================================================================
AV 64.1 51.5 7.7 FASTST 0 0 8 MAX(MPH)
MISC ----> # 36 120 # 47 120
================================================================================
NOTES:
# LAST OF SEVERAL OCCURRENCES
COLUMN 17 PEAK WIND IN M.P.H.
PRELIMINARY LOCAL CLIMATOLOGICAL DATA (WS FORM: F-6) , PAGE 2
STATION: JUNEAU
MONTH: JULY
YEAR: 2020
LATITUDE: 58 22 N
LONGITUDE: 134 35 W
[TEMPERATURE DATA] [PRECIPITATION DATA] SYMBOLS USED IN COLUMN 16
AVERAGE MONTHLY: 57.8 TOTAL FOR MONTH: 5.71 1 = FOG OR MIST
DPTR FM NORMAL: 0.9 DPTR FM NORMAL: 1.11 2 = FOG REDUCING VISIBILITY
HIGHEST: 83 ON 2 GRTST 24HR 0.85 ON 26-26 TO 1/4 MILE OR LESS
LOWEST: 44 ON 29 3 = THUNDER
SNOW, ICE PELLETS, HAIL 4 = ICE PELLETS
TOTAL MONTH: 0.0 INCH 5 = HAIL
GRTST 24HR 0.0 6 = FREEZING RAIN OR DRIZZLE
GRTST DEPTH: 0 7 = DUSTSTORM OR SANDSTORM:
VSBY 1/2 MILE OR LESS
8 = SMOKE OR HAZE
[NO. OF DAYS WITH] [WEATHER - DAYS WITH] 9 = BLOWING SNOW
X = TORNADO
MAX 32 OR BELOW: 0 0.01 INCH OR MORE: 16
MAX 90 OR ABOVE: 0 0.10 INCH OR MORE: 12
MIN 32 OR BELOW: 0 0.50 INCH OR MORE: 5
MIN 0 OR BELOW: 0 1.00 INCH OR MORE: 0
[HDD (BASE 65) ]
TOTAL THIS MO. 214 CLEAR (SCALE 0-3) 2
DPTR FM NORMAL -37 PTCLDY (SCALE 4-7) 7
TOTAL FM JUL 1 214 CLOUDY (SCALE 8-10) 22
DPTR FM NORMAL -37
[CDD (BASE 65) ]
TOTAL THIS MO. 1
DPTR FM NORMAL 0 [PRESSURE DATA]
TOTAL FM JAN 1 1 HIGHEST SLP 30.23 ON 19
DPTR FM NORMAL -1 LOWEST SLP 29.69 ON 31
[REMARKS]
#FINAL-07-20#